{"id":15783,"date":"2024-04-02T10:00:43","date_gmt":"2024-04-02T08:00:43","guid":{"rendered":"https:\/\/www.alliancefrancaise.cz\/jiznicechy\/?page_id=15783"},"modified":"2026-02-23T13:02:37","modified_gmt":"2026-02-23T12:02:37","slug":"vseobecne-registracni-podminky-2","status":"publish","type":"page","link":"https:\/\/www.alliancefrancaise.cz\/jiznicechy\/vseobecne-registracni-podminky-2\/","title":{"rendered":"V\u0161eobecn\u00e9 registra\u010dn\u00ed podm\u00ednky pro kurzy"},"content":{"rendered":"\n<p>Zde jsou uvedeny v\u0161eobecn\u00e9 registra\u010dn\u00ed podm\u00ednky, kter\u00e9 p\u0159ij\u00edm\u00e1te, kdy\u017e se p\u0159ihl\u00e1s\u00edte do skupinov\u00fdch nebo individu\u00e1ln\u00edch kurz\u016f francouz\u0161tiny.<\/p>\n\n\n\n<h5 class=\"wp-block-heading\">1. Z\u00e1kladn\u00ed ustanoven\u00ed<\/h5>\n\n\n\n<p>Alliance Fran\u00e7aise Ji\u017en\u00ed \u010cechy z.s. (AF Ji\u017en\u00ed \u010cechy), I\u010cO: 26 51 74 34 se s\u00eddlem N\u00e1m\u011bst\u00ed P\u0159emysla Otakara II. 79\/21, 370 01, \u010cesk\u00e9 Bud\u011bjovice, zapsan\u00e1 ve st\u00e1tn\u00edm rejst\u0159\u00edku veden\u00e9m Krajsk\u00fdm soudem \u010cesk\u00e9 Bud\u011bjovice, odd\u00edl L, vlo\u017eka 3155 (d\u00e1le jen \u201e\u0161kola\u201c), poskytuje slu\u017eby souvisej\u00edc\u00ed s v\u00fdukou ciz\u00edch jazyk\u016f. Tyto obecn\u00e9 podm\u00ednky upravuj\u00ed vztah mezi \u0161kolou a \u00fa\u010dastn\u00edkem skupinov\u00e9ho nebo individu\u00e1ln\u00edho kurzu (d\u00e1le jen \u201e\u00fa\u010dastn\u00edk kurzu\u201c).<\/p>\n\n\n\n<h5 class=\"wp-block-heading\">2. Smluvn\u00ed vztah<\/h5>\n\n\n\n<p>Smluvn\u00ed vztah mezi \u0161kolou a \u00fa\u010dastn\u00edkem kurzu vznik\u00e1 na z\u00e1klad\u011b p\u0159ihl\u00e1\u0161ky na kurz vypln\u011bn\u00e9 prost\u0159ednictv\u00edm webov\u00fdch str\u00e1nek \u0161koly&nbsp;<a href=\"http:\/\/www.alliancefrancaise.cz\/jiznicechy\" rel=\"noreferrer noopener\" target=\"_blank\">www.alliancefrancaise.cz\/jiznicechy<\/a>&nbsp;nebo osobn\u011b v kancel\u00e1\u0159i \u0161koly a po potvrzen\u00ed \u0161kolou. Odesl\u00e1n\u00edm registra\u010dn\u00edho formul\u00e1\u0159e \u00fa\u010dastn\u00edk kurzu potvrzuje, \u017ee j\u00edm poskytnut\u00e9 informace jsou pravdiv\u00e9 a \u017ee tyto informace poskytl dobrovoln\u011b.<\/p>\n\n\n\n<h5 class=\"wp-block-heading\">3. \u00da\u010del slu\u017eby<\/h5>\n\n\n\n<p>P\u0159edm\u011btem slu\u017eby je v\u00fduka uveden\u00e1 v registra\u010dn\u00edm formul\u00e1\u0159i z hlediska po\u010dtu vyu\u010dovac\u00edch jednotek a podle stanoven\u00e9ho programu dan\u00e9ho kurzu.<br>V\u00fduka prob\u00edh\u00e1 ve skupin\u00e1ch maxim\u00e1ln\u011b 10 \u00fa\u010dastn\u00edk\u016f.<br>U\u010debn\u00ed lekce\/hodina trv\u00e1 60 minut nebo 90 minut (v\u017edy specifikov\u00e1no pro dan\u00fd kurz).<br>V\u00fduka neprob\u00edh\u00e1 o st\u00e1tn\u00edch sv\u00e1tc\u00edch. Pokud je term\u00edn kurzu st\u00e1tn\u00ed sv\u00e1tek, bude posunut na pozd\u011bj\u0161\u00ed term\u00edn ur\u010den\u00fd po vz\u00e1jemn\u00e9 dohod\u011b se studenty.<br>\u0160kola m\u016f\u017ee rozhodnout o \u00faprav\u00e1ch rozvrhu kurzu s p\u0159ihl\u00e9dnut\u00edm k z\u00e1jm\u016fm v\u011bt\u0161iny \u00fa\u010dastn\u00edk\u016f kurzu a po dohod\u011b s u\u010ditelem dan\u00e9ho kurzu. \u0160kola informuje \u00fa\u010dastn\u00edka p\u0159i jak\u00e9koli \u00faprav\u011b \u00fadaj\u016f, kter\u00e9 zadal. \u0160kola neodpov\u00edd\u00e1 za nespr\u00e1vn\u011b poskytnut\u00e9 kontaktn\u00ed \u00fadaje \u00fa\u010dastn\u00edka kurzu.<br>V p\u0159\u00edpad\u011b, \u017ee nebude dosa\u017een minim\u00e1ln\u00ed po\u010det z\u00e1jemc\u016f pro otev\u0159en\u00ed kurzu (4 osoby), si \u0161kola vyhrazuje pr\u00e1vo kurz neotev\u0159\u00edt nebo nab\u00eddnout registrovan\u00fdm \u010dlen\u016fm jin\u00fd typ kurzu na z\u00e1klad\u011b individu\u00e1ln\u00edch lekc\u00ed. Pokud kurz nen\u00ed otev\u0159en, \u010dlen, kter\u00fd ji\u017e zaplatil registra\u010dn\u00ed poplatek, m\u00e1 n\u00e1rok na jeho vr\u00e1cen\u00ed v pln\u00e9 v\u00fd\u0161i.<\/p>\n\n\n\n<h5 class=\"wp-block-heading\">4. U\u010debnice do kurzu<\/h5>\n\n\n\n<p>U\u010debnice nejsou zahrnuty v cen\u011b kurzu a student si je hrad\u00ed samostatn\u011b.<br>U\u010debnice lze zakoupit v na\u0161em partnersk\u00e9m knihkupectv\u00ed Oxford Bookshop, Plach\u00e9ho 302\/20, 370 01 \u010cesk\u00e9 Bud\u011bjovice. \u010clenov\u00e9 Alliance fran\u00e7aise Ji\u017en\u00ed \u010cechy z.s. maj\u00ed slevu 15% na n\u00e1kup ve\u0161ker\u00fdch u\u010debnic.<\/p>\n\n\n\n<h5 class=\"wp-block-heading\">5. Test \u00farovn\u011b znalost\u00ed<\/h5>\n\n\n\n<p>Pro z\u00e1jemce o kurzy \u0161kola organizuje bezplatn\u00fd jazykov\u00fd audit, kter\u00fd se skl\u00e1d\u00e1 z testu z gramatiky. Osobn\u00ed rozhovor lze tak\u00e9 prov\u00e9st a to na vy\u017e\u00e1d\u00e1n\u00ed \u010dlenem nebo z\u00e1jemcem o kurz.<br>Jazykov\u00e9 audity nejsou ur\u010deny osob\u00e1m, kter\u00e9 se cht\u011bj\u00ed zaregistrovat na kurz pro \u00fapln\u00e9 za\u010d\u00e1te\u010dn\u00edky, ani t\u011bm, kte\u0159\u00ed ji\u017e kurz v AF absolvovali a to v posledn\u00edch 6 m\u011bs\u00edc\u00edch a jejich\u017e \u00fa\u010dast na kurzu byla minim\u00e1ln\u011b 70%.<br>Ve v\u00fdjime\u010dn\u00fdch a od\u016fvodn\u011bn\u00fdch p\u0159\u00edpadech se \u0161kola m\u016f\u017ee rozhodnout nevykonat jazykov\u00fd audit.<br>Na po\u017e\u00e1d\u00e1n\u00ed je tak\u00e9 mo\u017en\u00e9 si jednu lekci v kurzu vyzkou\u0161et.<\/p>\n\n\n\n<h5 class=\"wp-block-heading\">6. Platebn\u00ed podm\u00ednky<\/h5>\n\n\n\n<p>V AF jsou p\u0159ij\u00edm\u00e1ny n\u00e1sleduj\u00edc\u00ed zp\u016fsoby placen\u00ed za kurz:<br>v hotovosti na recepci Alliance Fran\u00e7aise Ji\u017en\u00ed \u010cechy;<br>bankovn\u00edm p\u0159evodem na \u0161koln\u00ed \u00fa\u010det 212215433\/0300, po obdr\u017een\u00ed faktury s variabiln\u00edm symbolem a \u010d\u00e1stkou k p\u0159evodu.<br>Platba ceny kurzu kreditn\u00ed kartou nen\u00ed mo\u017en\u00e1.<br>Registra\u010dn\u00ed poplatky je nutn\u00e9 uhradit do 14 dn\u016f od obdr\u017een\u00ed faktury, nejpozd\u011bji v\u0161ak 3 pracovn\u00ed dny p\u0159ed zah\u00e1jen\u00edm kurzu.<br>Registrace nab\u00fdv\u00e1 platnosti dnem zaplacen\u00ed kurzovn\u00e9ho.<br>\u0160kola nepodl\u00e9h\u00e1 platb\u011b DPH, uveden\u00e9 ceny kurz\u016f jsou bez DPH.<\/p>\n\n\n\n<h5 class=\"wp-block-heading\">7. P\u0159\u00edsp\u011bvek pro spolek<\/h5>\n\n\n\n<p>P\u0159i registraci do skupinov\u00fdch a individu\u00e1ln\u00edch kurz\u016f je s v\u00fdjimkou online kurz\u016f vy\u017eadov\u00e1n p\u0159\u00edsp\u011bvek 250, &#8211; K\u010d. Tento \u010dlensk\u00fd poplatek hrad\u00ed \u010dlenstv\u00ed v Alliance Fran\u00e7aise Ji\u017en\u00ed \u010cechy z.s. a student kurzu se st\u00e1v\u00e1 \u010dlenem spolku. Toto \u010dlenstv\u00ed plat\u00ed po cel\u00fd aktu\u00e1ln\u00ed \u0161koln\u00ed rok, od 1. z\u00e1\u0159\u00ed do 31. srpna. Obsahuje n\u00e1sleduj\u00edc\u00ed v\u00fdhody:<\/p>\n\n\n\n<ul class=\"wp-block-list\">\n<li>&nbsp;voln\u00fd p\u0159\u00edstup do medi\u00e1ln\u00ed knihovny Alliance a mo\u017enost p\u016fj\u010dov\u00e1n\u00ed knih, DVD a CD;<\/li>\n\n\n\n<li>&nbsp;Sn\u00ed\u017een\u00ed sazby za kulturn\u00ed aktivity organizovan\u00e9 Alliance a za na\u0161e dal\u0161\u00ed slu\u017eby;<\/li>\n\n\n\n<li>&nbsp;Slevu 15% v na\u0161em partnersk\u00e9m knihkupectv\u00ed Oxford Bookshop \u010cesk\u00e9 Bud\u011bjovice<\/li>\n\n\n\n<li>&nbsp;Registraci na online platformu Cultureth\u00e8que umo\u017e\u0148uj\u00edc\u00ed p\u0159\u00edstup k tis\u00edc\u016fm knih, novin, film\u016fm a hudby ve francouz\u0161tin\u011b;<\/li>\n\n\n\n<li>\u00a0Hlasovac\u00ed pr\u00e1vo na v\u00fdro\u010dn\u00ed valn\u00e9 hromad\u011b spolku.\u00a0\u010clenstv\u00ed ve sdru\u017een\u00ed bez registrace kurzu je mo\u017en\u00e9 po zaplacen\u00ed \u010dlensk\u00e9ho p\u0159\u00edsp\u011bvku 250, &#8211; K\u010d. Z toho vypl\u00fdvaj\u00ed stejn\u00e1 pr\u00e1va, jak je uvedeno v\u00fd\u0161e.\u00a0\u010clensk\u00e9 poplatky se nevracej\u00ed.<\/li>\n<\/ul>\n\n\n\n<h5 class=\"wp-block-heading\">8. Slevy<\/h5>\n\n\n\n<p>Na cenu kurz\u016f za skupinov\u00e9 lekce lze uplatnit n\u00e1sleduj\u00edc\u00ed slevy:<\/p>\n\n\n\n<p>K uplatn\u011bn\u00ed v\u00fd\u0161e uveden\u00fdch slev mus\u00ed student p\u0159edlo\u017eit p\u0159\u00edslu\u0161n\u00fd doklad. V\u00fd\u0161e uveden\u00e9 slevy nelze kombinovat, nelze je p\u0159en\u00e1\u0161et na t\u0159et\u00ed strany a nelze je vypl\u00e1cet v hotovosti ani jin\u00fdm zp\u016fsobem.<\/p>\n\n\n\n<ul class=\"wp-block-list\">\n<li>&nbsp;20% sleva za z\u00e1pis do min. dvou skupinov\u00fdch kurz\u016f ve stejn\u00e9m trimestru;<\/li>\n\n\n\n<li>&nbsp;10% sleva pro ka\u017ed\u00e9ho \u010dlena rodiny (d\u00edt\u011b, rodi\u010d, man\u017eelka, man\u017eel)<\/li>\n\n\n\n<li>&nbsp;100% sleva na kurz pro \u010dleny rodiny (d\u00edt\u011b, rodi\u010d, man\u017eelka, man\u017eel) zam\u011bstnance spolku nebo u\u010ditele skupinov\u00e9ho kurzu;&nbsp;Slevy pro ro\u010dn\u00ed registraci (registrace na t\u0159i trimestry):<\/li>\n\n\n\n<li>\u00a0Skupinov\u00fd kurz: 2830,- K\u010d \/ trimestr nam\u00edsto 3 000,- K\u010d \/ trimestr za skupinov\u00fd kurz, tedy ro\u010dn\u00ed cena 8 500,- K\u010d.<\/li>\n\n\n\n<li>\u00a0Kurz konverzace: 2 330,- K\u010d \/ trimestr nam\u00edsto 2 500,- K\u010d \/ trimestr, tedy ro\u010dn\u00ed cena 7 000,- K\u010d.<\/li>\n\n\n\n<li>\u00a0Kurz pro d\u011bti a adolescenty: 1 830,- K\u010d \/ trimestr nam\u00edsto 1 950,- K\u010d \/ trimestr, tedy ro\u010dn\u00ed cena 5 500,- K\u010d.<\/li>\n\n\n\n<li>\u00a0Kurz pro seniory: 1 830,- K\u010d \/ trimestr nam\u00edsto 1 950,- K\u010d \/ trimestr, tedy ro\u010dn\u00ed cena 5 500,- K\u010d.\u00a0K uplatn\u011bn\u00ed v\u00fd\u0161e uveden\u00fdch slev mus\u00ed student p\u0159edlo\u017eit p\u0159\u00edslu\u0161n\u00fd doklad.\u00a0V\u00fd\u0161e uveden\u00e9 slevy nelze kombinovat, nelze je p\u0159en\u00e1\u0161et na t\u0159et\u00ed strany a nelze je vypl\u00e1cet v hotovosti ani jin\u00fdm zp\u016fsobem.<\/li>\n<\/ul>\n\n\n\n<h5 class=\"wp-block-heading\">9. Storno podm\u00ednky<\/h5>\n\n\n\n<p>\u00da\u010dastn\u00edk kurzu m\u00e1 pr\u00e1vo zru\u0161it svou \u00fa\u010dast na kurzu za n\u00e1sleduj\u00edc\u00edch storno podm\u00ednek:<br>7 a v\u00edce pracovn\u00edch dn\u016f p\u0159ed za\u010d\u00e1tkem trimestru: 100% vr\u00e1cen\u00ed pen\u011bz<br>M\u00e9n\u011b ne\u017e 7 pracovn\u00edch dn\u016f p\u0159ed za\u010d\u00e1tkem trimestru: vr\u00e1cen\u00ed 50%<br>Po za\u010d\u00e1tku trimestru: \u017e\u00e1dn\u00e1 n\u00e1hrada<br>V p\u0159\u00edpad\u011b opu\u0161t\u011bn\u00ed kurzu po jeho zah\u00e1jen\u00ed lze jeho cenu vr\u00e1tit pouze ze zdravotn\u00edch d\u016fvod\u016f nebo odst\u011bhov\u00e1n\u00ed se do jin\u00e9ho m\u011bsta a po p\u0159edlo\u017een\u00ed p\u0159\u00edslu\u0161n\u00e9ho dokladu. Proplaceny budou pouze hodiny, kter\u00e9 student nenav\u0161t\u00edvil.<br>Pokud \u00fa\u010dastn\u00edk kurzu vyu\u017eil slevu na kurz z d\u016fvodu ro\u010dn\u00ed registrace a p\u0159eje si zru\u0161it svoji \u00fa\u010dast v jednom nebo v\u00edce trimestrech nebo pokud kurz, na kter\u00fd se zapsal, nen\u00ed otev\u0159en z d\u016fvodu nedostate\u010dn\u00e9ho po\u010dtu student\u016f, st\u00e1v\u00e1 se sleva neplatnou. \u0160kola v tomto p\u0159\u00edpad\u011b vypo\u010d\u00edt\u00e1 vr\u00e1cen\u00ed pen\u011bz t\u00edm zp\u016fsobem, \u017ee \u00fa\u010dastn\u00edk kurzu zaplat\u00ed celkovou \u010d\u00e1stku bez slevy za trimestr\/trimestry, kter\u00fdch se z\u00fa\u010dastnil, a to \u010d\u00e1ste\u010dn\u011b nebo v cel\u00e9 jeho d\u00e9lce.<br>Kurz je mo\u017en\u00e9 zru\u0161it pouze p\u00edsemn\u011b e-mailem na adresu: jiznicechy@alliancefrancaise.cz.<\/p>\n\n\n\n<h5 class=\"wp-block-heading\">10. Z\u00e1pisy b\u011bhem trimestru<\/h5>\n\n\n\n<p>Na kurz je mo\u017en\u00e9 se p\u0159ihl\u00e1sit po ofici\u00e1ln\u00edm za\u010d\u00e1tku trimestru za n\u00e1sleduj\u00edc\u00edch podm\u00ednek:<br>Pokud zb\u00fdv\u00e1 v\u00edce ne\u017e 80% lekc\u00ed cel\u00e9ho kurzu: cena kurzu je platn\u00e1 ve v\u00fd\u0161i 100%<br>Pokud zb\u00fdv\u00e1 50% a\u017e 80% lekc\u00ed: cena kurzu je platn\u00e1 ve v\u00fd\u0161i 50% s p\u0159\u00edplatkem 500, &#8211; K\u010d<br>Pokud zb\u00fdv\u00e1 m\u00e9n\u011b ne\u017e 50% lekc\u00ed: cena kurzu je platn\u00e1 ve v\u00fd\u0161i 50%<\/p>\n\n\n\n<h5 class=\"wp-block-heading\">11. Zm\u011bna kurzu<\/h5>\n\n\n\n<p>P\u0159echod na jin\u00fd kurz je mo\u017en\u00fd pouze po dohod\u011b s p\u0159\u00edslu\u0161n\u00fdm u\u010ditelem (u\u010diteli) a pokud to neohroz\u00ed \u0159\u00e1dn\u00e9 veden\u00ed p\u016fvodn\u00edho kurzu.<br>P\u0159i p\u0159echodu na kurz s vy\u0161\u0161\u00edmi poplatky za kurz je \u00fa\u010dastn\u00edk kurzu povinen uhradit cenov\u00fd rozd\u00edl.<br>P\u0159i p\u0159echodu na kurz s ni\u017e\u0161\u00edmi poplatky za kurz se cenov\u00fd rozd\u00edl nevrac\u00ed.<\/p>\n\n\n\n<h5 class=\"wp-block-heading\">12. Individu\u00e1ln\u00ed lekce<\/h5>\n\n\n\n<p>Student je povinen ozn\u00e1mit Alianci jakoukoli nep\u0159\u00edtomnost nejm\u00e9n\u011b 24 hodin p\u0159edem. Jinak, s v\u00fdjimkou zdravotn\u00edch d\u016fvod\u016f, bude lekce pova\u017eov\u00e1na za prob\u011bhnutou a nebude odlo\u017eena ani vr\u00e1cena.<br>Cen\u00edk jednotliv\u00fdch lekc\u00ed je ur\u010den bal\u00ed\u010dkem po 5, 10 a 15 lekc\u00edch. Pokud si student zvol\u00ed po\u010det kurz\u016f, kter\u00fd neodpov\u00edd\u00e1 jednomu z t\u011bchto bal\u00ed\u010dk\u016f, bude hodinov\u00e1 sazba za kurz odpov\u00eddat bal\u00ed\u010dku s nejbli\u017e\u0161\u00edm po\u010dtem kurz\u016f.<br>P\u0159\u00edklad: Pokud si student zvol\u00ed 12 lekc\u00ed, pou\u017eije se hodinov\u00e1 sazba z bal\u00ed\u010dku 10 lekc\u00ed. Pokud si student zvol\u00ed 13 lekc\u00ed, pou\u017eije se hodinov\u00e1 sazba z bal\u00ed\u010dku 15 lekc\u00ed.<\/p>\n\n\n\n<h5 class=\"wp-block-heading\">13. Kurzy pro d\u011bti<\/h5>\n\n\n\n<p>Rodi\u010d je povinen zajistit zp\u00e1te\u010dn\u00ed cestu d\u00edt\u011bte po kurzu v Alianci. V opa\u010dn\u00e9m p\u0159\u00edpad\u011b bude muset p\u0159i registraci potvrdit, \u017ee je d\u00edt\u011b schopno chodit do \u0161koly na v\u00fduku a vr\u00e1tit se samo.<br>V p\u0159\u00edpad\u011b \u0161koln\u00edch pr\u00e1zdnin pros\u00edme rodi\u010de, aby o tomto na\u0161i \u0161kolu informovali nejpozd\u011bji dva t\u00fddny p\u0159ed datem pr\u00e1zdnin.<\/p>\n\n\n\n<h5 class=\"wp-block-heading\">14. Nep\u0159\u00edtomnost ve t\u0159\u00edd\u011b<\/h5>\n\n\n\n<p>V p\u0159\u00edpad\u011b, \u017ee se \u00fa\u010dastn\u00edk kurzu z jak\u00e9hokoli d\u016fvodu nem\u016f\u017ee kurzu z\u00fa\u010dastnit, nem\u00e1 n\u00e1rok na vr\u00e1cen\u00ed kurzovn\u00e9ho ani alternativn\u00ed lekci.<\/p>\n\n\n\n<h5 class=\"wp-block-heading\">15. Vy\u0161\u0161\u00ed moc<\/h5>\n\n\n\n<p>V p\u0159\u00edpad\u011b z\u00e1sahu vy\u0161\u0161\u00ed moci (dlouhodob\u00fd v\u00fdpadek proudu, zem\u011bt\u0159esen\u00ed, \u010d\u00e1ste\u010dn\u00e1 nebo gener\u00e1ln\u00ed st\u00e1vka, ob\u010dansk\u00e9 nepokoje, v\u00e1lka, mimo\u0159\u00e1dn\u00e1 ud\u00e1lost, epidemie nebo pandemie a souvisej\u00edc\u00ed opat\u0159en\u00ed org\u00e1n\u016f ve\u0159ejn\u00e9 moci a dal\u0161\u00ed nep\u0159edv\u00eddan\u00e9 ud\u00e1losti atd.) si sdru\u017een\u00ed vyhrazuje pr\u00e1vo p\u0159eru\u0161it nebo, pokud se jedn\u00e1 o prezen\u010dn\u00ed kurz (doch\u00e1zku) a situace to umo\u017e\u0148uje, nahradit takov\u00fd kurz n\u011bjakou formou distan\u010dn\u00edho vzd\u011bl\u00e1v\u00e1n\u00ed (online). Pokud \u00fa\u010dastn\u00edk kurzu tuto kompenzaci nevyu\u017eije, nem\u00e1 n\u00e1rok na vr\u00e1cen\u00ed kurzovn\u00e9ho za zb\u00fdvaj\u00edc\u00ed v\u00fdukov\u00e9 jednotky.<\/p>\n\n\n\n<h5 class=\"wp-block-heading\">16. Poji\u0161t\u011bn\u00ed<\/h5>\n\n\n\n<p>Zdravotn\u00ed a \u00farazov\u00e9 poji\u0161t\u011bn\u00ed je povinn\u00e9 a odpov\u00edd\u00e1 za n\u011bj student.<\/p>\n\n\n\n<h5 class=\"wp-block-heading\">17. Potvrzen\u00ed \u00fa\u010dasti<\/h5>\n\n\n\n<p>Potvrzen\u00ed \u00fa\u010dasti lze vydat na vy\u017e\u00e1d\u00e1n\u00ed.<\/p>\n\n\n<div id=\"dokumenty-block_9c27b40aadbd104def91e2900e118631\" class=\"dokumenty row mt-5\">\n    \n    <div class=\"col-md-3 col-6 boxDokumentu text-center animTop mb-5\">\n        <a class=\"text-decoration-none\" href=\"https:\/\/www.alliancefrancaise.cz\/jiznicechy\/wp-content\/uploads\/2026\/01\/CGV-2025-2026-FR.pdf\" target=\"_blank\"\n            rel=\"noopener noreferrer\">\n            <div class=\"coverDokuemntu\"><img decoding=\"async\" src=\"https:\/\/www.alliancefrancaise.cz\/jiznicechy\/wp-content\/themes\/propagon\/img\/svg\/icon-file.svg\" alt=\"soubor\"><\/div>\n            <div class=\"nazevDokumentu fw-bold mt-3\">Conditions g\u00e9n\u00e9rales FR<\/div>\n            <div class=\"text-body\">\n                181,28 KB            <\/div>\n        <\/a>\n    <\/div>\n    \n    <div class=\"col-md-3 col-6 boxDokumentu text-center animTop mb-5\">\n        <a class=\"text-decoration-none\" href=\"https:\/\/www.alliancefrancaise.cz\/jiznicechy\/wp-content\/uploads\/2026\/01\/CGV-2025-2026-CZ.pdf\" target=\"_blank\"\n            rel=\"noopener noreferrer\">\n            <div class=\"coverDokuemntu\"><img decoding=\"async\" src=\"https:\/\/www.alliancefrancaise.cz\/jiznicechy\/wp-content\/themes\/propagon\/img\/svg\/icon-file.svg\" alt=\"soubor\"><\/div>\n            <div class=\"nazevDokumentu fw-bold mt-3\">V\u0161eobecn\u00e9 registra\u010dn\u00ed podm\u00ednky pro kurzy CZ<\/div>\n            <div class=\"text-body\">\n                176,62 KB            <\/div>\n        <\/a>\n    <\/div>\n    <\/div>\n\n\n\n<p><\/p>\n","protected":false},"excerpt":{"rendered":"<p>Zde jsou uvedeny v\u0161eobecn\u00e9 registra\u010dn\u00ed podm\u00ednky, kter\u00e9 p\u0159ij\u00edm\u00e1te, kdy\u017e se p\u0159ihl\u00e1s\u00edte do skupinov\u00fdch nebo individu\u00e1ln\u00edch kurz\u016f francouz\u0161tiny. 1. Z\u00e1kladn\u00ed ustanoven\u00ed Alliance Fran\u00e7aise Ji\u017en\u00ed \u010cechy z.s. (AF Ji\u017en\u00ed \u010cechy),&#8230;<\/p>\n","protected":false},"author":1,"featured_media":0,"parent":0,"menu_order":0,"comment_status":"closed","ping_status":"closed","template":"","meta":{"_acf_changed":false,"footnotes":""},"class_list":["post-15783","page","type-page","status-publish","hentry"],"acf":[],"_links":{"self":[{"href":"https:\/\/www.alliancefrancaise.cz\/jiznicechy\/wp-json\/wp\/v2\/pages\/15783","targetHints":{"allow":["GET"]}}],"collection":[{"href":"https:\/\/www.alliancefrancaise.cz\/jiznicechy\/wp-json\/wp\/v2\/pages"}],"about":[{"href":"https:\/\/www.alliancefrancaise.cz\/jiznicechy\/wp-json\/wp\/v2\/types\/page"}],"author":[{"embeddable":true,"href":"https:\/\/www.alliancefrancaise.cz\/jiznicechy\/wp-json\/wp\/v2\/users\/1"}],"replies":[{"embeddable":true,"href":"https:\/\/www.alliancefrancaise.cz\/jiznicechy\/wp-json\/wp\/v2\/comments?post=15783"}],"version-history":[{"count":7,"href":"https:\/\/www.alliancefrancaise.cz\/jiznicechy\/wp-json\/wp\/v2\/pages\/15783\/revisions"}],"predecessor-version":[{"id":18053,"href":"https:\/\/www.alliancefrancaise.cz\/jiznicechy\/wp-json\/wp\/v2\/pages\/15783\/revisions\/18053"}],"wp:attachment":[{"href":"https:\/\/www.alliancefrancaise.cz\/jiznicechy\/wp-json\/wp\/v2\/media?parent=15783"}],"curies":[{"name":"wp","href":"https:\/\/api.w.org\/{rel}","templated":true}]}}