{"id":6281,"date":"2023-06-26T10:30:53","date_gmt":"2023-06-26T08:30:53","guid":{"rendered":"https:\/\/www.alliancefrancaise.cz\/jiznicechy\/?page_id=6281"},"modified":"2026-01-21T13:47:47","modified_gmt":"2026-01-21T12:47:47","slug":"kdo-jsme","status":"publish","type":"page","link":"https:\/\/www.alliancefrancaise.cz\/jiznicechy\/kdo-jsme\/","title":{"rendered":"Kdo jsme"},"content":{"rendered":"\n<p>Kdo jsme? Alliance Fran\u00e7aise Ji\u017en\u00ed \u010cechy, zalo\u017een\u00e1 v roce 2004, je jedin\u00e1 ofici\u00e1ln\u00ed instituce v \u010cesk\u00fdch Bud\u011bjovic\u00edch, kter\u00e1 se v\u011bnuje francouzsk\u00e9mu jazyku (v \u010cesk\u00fdch Bud\u011bjovic\u00edch). Ka\u017ed\u00fd rok sem p\u0159ijde p\u0159ibli\u017en\u011b 200 student\u016f, aby se nau\u010dili francouzsky v dru\u017en\u00e9m a interkultur\u00e1ln\u00edm prost\u0159ed\u00ed.<\/p>\n\n\n\n<p>Alliance Fran\u00e7aise Ji\u017en\u00ed \u010cechy je m\u00edstn\u00ed vzd\u011bl\u00e1vac\u00ed a kulturn\u00ed neziskov\u00e1 organizace, kter\u00e1 je sou\u010d\u00e1st\u00ed mezin\u00e1rodn\u00ed s\u00edt\u011b francouzsk\u00fdch alianc\u00ed.&nbsp;<strong>S v\u00edce ne\u017e 800 st\u0159edisky ve 132 zem\u00ed a v\u00edce ne\u017e 500 000 studenty,<\/strong>&nbsp;je Alliance Fran\u00e7aise nejrozs\u00e1hlej\u0161\u00ed s\u00ed\u0165 \u0161\u00ed\u0159\u00edc\u00ed francouz\u0161tinu a frankofonn\u00ed kulturu na mezin\u00e1rodn\u00ed \u00farovni. V \u010cesk\u00e9 republice se milovn\u00edci Francie mohou pod\u011blit o sv\u00e9 nad\u0161en\u00ed v Brn\u011b, Liberci, Pardubic\u00edch, Plzni a Ostrav\u011b&nbsp;!<\/p>\n\n\n\n<figure class=\"wp-block-image size-large is-resized\"><img loading=\"lazy\" decoding=\"async\" width=\"1360\" height=\"765\" src=\"https:\/\/www.alliancefrancaise.cz\/jiznicechy\/wp-content\/uploads\/2024\/02\/Kdo-jsme--1360x765.png\" alt=\"Kdo jsme\" class=\"wp-image-6810\" style=\"width:478px;height:auto\" srcset=\"https:\/\/www.alliancefrancaise.cz\/jiznicechy\/wp-content\/uploads\/2024\/02\/Kdo-jsme--1360x765.png 1360w, https:\/\/www.alliancefrancaise.cz\/jiznicechy\/wp-content\/uploads\/2024\/02\/Kdo-jsme--460x259.png 460w, https:\/\/www.alliancefrancaise.cz\/jiznicechy\/wp-content\/uploads\/2024\/02\/Kdo-jsme--768x432.png 768w, https:\/\/www.alliancefrancaise.cz\/jiznicechy\/wp-content\/uploads\/2024\/02\/Kdo-jsme-.png 1366w\" sizes=\"auto, (max-width: 1360px) 100vw, 1360px\" \/><\/figure>\n\n\n\n<h5 class=\"wp-block-heading\">Na\u0161e c\u00edle<\/h5>\n\n\n\n<p>Alliance Fran\u00e7aise Ji\u017en\u00ed \u010cechy, jako\u017eto m\u00edsto interkulturn\u00ed komunikace, neust\u00e1le napl\u0148uje tyto c\u00edle&nbsp;:<\/p>\n\n\n\n<ul class=\"wp-block-list\">\n<li>Nab\u00eddnout&nbsp;<strong>kvalitn\u00ed kurzy francouz\u0161tiny<\/strong>, p\u0159izp\u016fsoben\u00e9 v\u0161em \u00farovn\u00edm a cel\u00e9 \u0161irok\u00e9 ve\u0159ejnosti&nbsp;;<\/li>\n\n\n\n<li><strong>Podpo\u0159it kulturn\u00ed rozmanitost<\/strong>&nbsp;a zejm\u00e9na francouzskou a frankofonn\u00ed kulturu, t\u00edm, \u017ee organizuje kulturn\u00ed aktivity ur\u010den\u00e9 pro v\u0161echny&nbsp;;<\/li>\n\n\n\n<li><strong>Pod\u00edlet se na rozvoji francouzko-\u010desk\u00e9 spolupr\u00e1ce ve v\u0161ech odv\u011btv\u00edch<\/strong>&nbsp;: jazykov\u00fdch, vzd\u011bl\u00e1vac\u00edch, kulturn\u00edch, atd.&nbsp;;<\/li>\n\n\n\n<li><strong>B\u00fdt st\u0159ediskem zkou\u0161ek francouzsk\u00fdch certifik\u00e1t\u016f<\/strong>&nbsp;: Aliance je jedin\u00e9 schv\u00e1len\u00e9 st\u0159edisko v ji\u017en\u00edch \u010cech\u00e1ch, kde se daj\u00ed skl\u00e1dat a vyd\u00e1vat zkou\u0161ky DELF \/ DALF.<\/li>\n\n\n\n<li><strong>Podporovat ve\u0161kerou iniciativu maj\u00edc\u00ed za c\u00edl p\u0159ibl\u00ed\u017een\u00ed \u010cesk\u00e9 Republiky a Francie.<\/strong><\/li>\n<\/ul>\n\n\n\n<p>V \u010dervnu 2007 z\u00edskala Alliance Fran\u00e7aise Ji\u017en\u00ed \u010cechy Evropskou jazykovou cenu Label 2007, kterou ji ud\u011blila Evropsk\u00e1 Unie. Alliance z\u00edskala toto ocen\u011bn\u00ed za uveden\u00ed francouzko-\u0161pan\u011blsk\u00e9 divadeln\u00ed hry.<\/p>\n\n\n\n<p>Poznejte dynamick\u00fd t\u00fdm, kter\u00fd je k Va\u0161im slu\u017eb\u00e1m&nbsp;!<\/p>\n\n\n\n<h1 class=\"wp-block-heading\">N\u00e1\u0161 t\u00fdm<\/h1>\n\n\n\n<h5 class=\"wp-block-heading\">Spr\u00e1vn\u00ed rada<\/h5>\n\n\n\n<p>Alliance Fran\u00e7aise Ji\u017en\u00ed \u010cechy je neziskov\u00e1 organizace s vlastn\u00ed spr\u00e1vn\u00ed radou&nbsp;:<\/p>\n\n\n\n<ul class=\"wp-block-list\">\n<li><strong>P\u0159edseda&nbsp;:<\/strong>&nbsp;JUDr. Mgr. Ivo Petr\u016f<\/li>\n\n\n\n<li><strong>M\u00edstop\u0159edseda&nbsp;<\/strong>: Fran\u00e7ois Lebrun<\/li>\n\n\n\n<li><strong>Spr\u00e1vce pokladny&nbsp;:<\/strong>&nbsp;Mo\u00efse Lemonnier<\/li>\n\n\n\n<li><strong>Sekret\u00e1\u0159ka&nbsp;:<\/strong>&nbsp;Caroline Zoubek<\/li>\n\n\n\n<li>Fran\u00e7ois-Xavier Mas<\/li>\n\n\n\n<li>Quentin Rivi\u00e8re<\/li>\n\n\n\n<li>Lucie K\u00e1plov\u00e1<\/li>\n<\/ul>\n\n\n\n<h5 class=\"wp-block-heading\">Administrativn\u00ed a pedagogick\u00fd t\u00fdm<\/h5>\n\n\n<div id=\"kontaktniOsoby-block_6a26be7a751218b914fbd65bcb7385fa\" class=\"kontaktyOsoby justify-content-center\">\n        <div class=\"osoba row mb-4 animTop \">\n        <div class=\"col-md-3 text-center order-md-2\">\n\n\n            <div class=\"jmeno h5 mb-0 text-black\">C\u00e9cile Sanz<\/div><div class=\"pozice mb-3\">\u0158editelka<\/div>\n        <\/div>\n        <div class=\"col-md-9 order-md-3\">\n            <div class=\"obalTextuOsoby text-black\"><p>Narodila se ve Francii a vystudovala mezin\u00e1rodn\u00ed vztahy. Svou kari\u00e9ru obohatila pobytem v Ghan\u011b a T\u00e1d\u017eikist\u00e1nu, ne\u017e se usadila v \u010cesk\u00e9 republice.<br \/>\n\tDnes je u\u010ditelkou a \u0159editelkou a star\u00e1 se o to, aby byla Alliance Fran\u00e7aise m\u00edstem pln\u00fdm \u017eivota. S pomoc\u00ed sv\u00fdch koleg\u016f zde s laskavost\u00ed v\u00edt\u00e1 v\u0161echny, od \u00fapln\u00fdch za\u010d\u00e1te\u010dn\u00edk\u016f po bilingvn\u00ed studenty, a sd\u00edl\u00ed s nimi francouzsk\u00fd jazyk ve v\u0161ech jeho podob\u00e1ch: \u017eiv\u00e9 kurzy, slavnostn\u00ed akce a zdroje mediot\u00e9ky! <\/p>\n<\/div>        <\/div>\n    <\/div>\n        <div class=\"osoba row mb-4 animTop \">\n        <div class=\"col-md-3 text-center order-md-3\">\n\n\n            <div class=\"jmeno h5 mb-0 text-black\">Zuzana \u010cern\u00e1<\/div><div class=\"pozice mb-3\">Asistentka \u0159editele<\/div>\n        <\/div>\n        <div class=\"col-md-9 order-md-1 opacnaSipka\">\n            <div class=\"obalTextuOsoby text-black\"><p>Poch\u00e1z\u00ed z \u010cesk\u00fdch Bud\u011bjovic a francouz\u0161tinu studovala na Gymn\u00e1ziu \u010cesk\u00e1 a d\u00e1le na Pedagogick\u00e9 fakult\u011b Masarykovy univerzity v Brn\u011b a na institutu INALCO v Pa\u0159\u00ed\u017ei. Krom\u011b pr\u00e1ce pro AF, kde p\u016fsob\u00ed od ledna 2022, nab\u00edz\u00ed firm\u00e1m i jednotlivc\u016fm tlumo\u010dnick\u00e9 slu\u017eby a p\u0159eklady z francouz\u0161tiny a krom\u011b toho p\u016fsob\u00ed tak\u00e9 v soci\u00e1ln\u00ed oblasti. M\u00e1 r\u00e1da cestov\u00e1n\u00ed, hudbu a p\u0159\u00edrodu.<\/p>\n<\/div>        <\/div>\n    <\/div>\n        <div class=\"osoba row mb-4 animTop \">\n        <div class=\"col-md-3 text-center order-md-2\">\n\n\n            <div class=\"jmeno h5 mb-0 text-black\">Aly Djiba<\/div><div class=\"pozice mb-3\">Lektor<\/div>\n        <\/div>\n        <div class=\"col-md-9 order-md-3\">\n            <div class=\"obalTextuOsoby text-black\"><p>Aly, kter\u00fd poch\u00e1z\u00ed ze Senegalu, vyu\u010duje v Alliance Fran\u00e7aise u\u017e v\u00edce ne\u017e 10 let a je opravdov\u00fdm pam\u011btn\u00edkem ve spole\u010dnosti. Aly m\u00e1 neust\u00e1le \u00fasm\u011bv na rtech. Tak\u00e9 se specializuje na t\u00e9matiku \u00fazemn\u00edho pl\u00e1nu a m\u00e1 velk\u00fd p\u0159ehled o Francii.<\/p>\n<\/div>        <\/div>\n    <\/div>\n        <div class=\"osoba row mb-4 animTop \">\n        <div class=\"col-md-3 text-center order-md-3\">\n\n\n            <div class=\"jmeno h5 mb-0 text-black\">Eli\u0161ka Binterov\u00e1<\/div><div class=\"pozice mb-3\">Lektorka<\/div>\n        <\/div>\n        <div class=\"col-md-9 order-md-1 opacnaSipka\">\n            <div class=\"obalTextuOsoby text-black\"><p>Narodila se v T\u00e1bo\u0159e, cel\u00fd \u017eivot \u017eije v \u010cesk\u00fdch Bud\u011bjovic\u00edch, krom\u011b n\u011bkolika pobyt\u016f ve Francii. Vystudovala \u010desk\u00fd a francouzsk\u00fd jazyk a u\u010dila nejd\u00e9le v Gymn\u00e1ziu \u010cesk\u00e1. Vedla krou\u017eek francouz\u0161tiny prost\u0159ednictv\u00edm FA na z\u00e1kladn\u00edch \u0161kol\u00e1ch. Organizuje region\u00e1ln\u00ed Konverza\u010dn\u00ed sout\u011b\u017ee ve francouz\u0161tin\u011b ve spolupr\u00e1ci s NIVD, SUF, IFP a AF.<\/p>\n<\/div>        <\/div>\n    <\/div>\n        <div class=\"osoba row mb-4 animTop \">\n        <div class=\"col-md-3 text-center order-md-2\">\n\n\n            <div class=\"jmeno h5 mb-0 text-black\">Alexandre Geny<\/div><div class=\"pozice mb-3\">Lektor<\/div>\n        <\/div>\n        <div class=\"col-md-9 order-md-3\">\n            <div class=\"obalTextuOsoby text-black\"><p>3 d\u011bti, \u017eije v \u010cesk\u00fdch Bud\u011bjovic\u00edch a od roku 2018 u\u010d\u00ed na Gymn\u00e1ziu v P\u00edsku. Po studiu historie Alexandre pracoval v \u0159ad\u011b sdru\u017een\u00ed a na Ministerstvu ml\u00e1de\u017ee a t\u011blov\u00fdchovy, ne\u017e se za\u010dal v\u011bnovat v\u00fduce francouz\u0161tiny jako ciz\u00edho jazyka, aby se pod\u011blil o francouzsk\u00fd jazyk a francouzsky mluv\u00edc\u00ed kultury.<\/p>\n<\/div>        <\/div>\n    <\/div>\n        <div class=\"osoba row mb-4 animTop \">\n        <div class=\"col-md-3 text-center order-md-3\">\n\n\n            <div class=\"jmeno h5 mb-0 text-black\">Valentin Nambot<\/div><div class=\"pozice mb-3\">Lektor<\/div>\n        <\/div>\n        <div class=\"col-md-9 order-md-1 opacnaSipka\">\n            <div class=\"obalTextuOsoby text-black\"><p>Poch\u00e1z\u00ed z Angers a od ledna 2023 vyu\u010duje na Francouzsk\u00e9 alianci v ji\u017en\u00edch \u010cech\u00e1ch. Ne\u017e se stal u\u010ditelem francouz\u0161tiny, pracoval nejprve v cestovn\u00edm ruchu jako cestovn\u00ed agent a recep\u010dn\u00ed v kulturn\u00edm za\u0159\u00edzen\u00ed. Po prvn\u00ed pedagogick\u00e9 zku\u0161enosti v Alliance Fran\u00e7aise de Plze\u0148 je velmi r\u00e1d, \u017ee se m\u016f\u017ee vr\u00e1tit do \u010cesk\u00e9 republiky a p\u0159ed\u00e1vat a sd\u00edlet svou v\u00e1\u0161e\u0148 pro francouzsk\u00fd jazyk a frankofonn\u00ed kultury.<\/p>\n<\/div>        <\/div>\n    <\/div>\n        <div class=\"osoba row mb-4 animTop \">\n        <div class=\"col-md-3 text-center order-md-2\">\n\n\n            <div class=\"jmeno h5 mb-0 text-black\">Krist\u00fdna Juri\u0161ov\u00e1<\/div><div class=\"pozice mb-3\">Lektorka<\/div>\n        <\/div>\n        <div class=\"col-md-9 order-md-3\">\n            <div class=\"obalTextuOsoby text-black\"><p>Jmenuji se Krist\u00fdna Juri\u0161ov\u00e1 a francouz\u0161tina je m\u00fdm studijn\u00edm i profesn\u00edm sv\u011btem. V\u011bnuji se j\u00ed v r\u00e1mci studia a v\u00fdzkumu na Jiho\u010desk\u00e9 univerzit\u011b a u\u017e t\u0159et\u00edm rokem tak\u00e9 jako lektorka ve Francouzsk\u00e9 alianci. Francii jsem m\u011bla mo\u017enost n\u011bkolikr\u00e1t nav\u0161t\u00edvit \u2013 a dva roky str\u00e1ven\u00e9 v Pa\u0159\u00ed\u017ei pat\u0159\u00ed k m\u00fdm nejkr\u00e1sn\u011bj\u0161\u00edm \u017eivotn\u00edm zku\u0161enostem. T\u011b\u0161\u00edm se, \u017ee spolu budeme sd\u00edlet (a mo\u017en\u00e1 je\u0161t\u011b prohlubovat) l\u00e1sku k francouzsk\u00e9mu jazyku \ud83c\uddeb\ud83c\uddf7\u2728<\/p>\n<\/div>        <\/div>\n    <\/div>\n        <div class=\"osoba row mb-4 animTop \">\n        <div class=\"col-md-3 text-center order-md-3\">\n\n\n            <div class=\"jmeno h5 mb-0 text-black\">Tereza Heiderova<\/div><div class=\"pozice mb-3\">Lektorka<\/div>\n        <\/div>\n        <div class=\"col-md-9 order-md-1 opacnaSipka\">\n            <div class=\"obalTextuOsoby text-black\"><p>Poch\u00e1z\u00edm z\u00a0Prahy, francouz\u0161tinu jsem studovala na Gymn\u00e1ziu Jana Nerudy a na Filosofick\u00e9 fakult\u011b Univerzity Palack\u00e9ho v Olomouci. Kdy\u017e jsme je\u0161t\u011b bydleli v Praze, u\u010dila jsem francouz\u0161tinu na Gymn\u00e1ziu Na Pra\u017ea\u010dce. Miluji divadlo, se studenty jsme p\u0159ipravovali divadeln\u00ed vystoupen\u00ed ve francouz\u0161tin\u011b. L\u00e1ska k\u00a0francouz\u0161tin\u011b m\u011b neopustila ani na mate\u0159sk\u00e9 dovolen\u00e9. Z francouz\u0161tiny p\u0159ekl\u00e1d\u00e1m kn\u00ed\u017eky pro d\u011bti a jsem garantem jazykov\u00fdch zkou\u0161ek z\u00a0francouz\u0161tiny na TFJU. Na Francouzsk\u00e9 alianci u\u010d\u00edm od z\u00e1\u0159\u00ed 2023. S man\u017eelem m\u00e1me p\u011bt d\u011bt\u00ed, tak\u017ee m\u016fj \u017eivot je pln\u00fd dobrodru\u017estv\u00ed a nep\u0159edv\u00eddan\u00fdch ud\u00e1lost\u00ed. Miluju \u010detbu, toulky p\u0159\u00edrodou a p\u0159\u00e1telsk\u00e9 rozhovory u sklenky francouzsk\u00e9ho v\u00edna.<\/p>\n<\/div>        <\/div>\n    <\/div>\n    <\/div>\n","protected":false},"excerpt":{"rendered":"<p>Kdo jsme? Alliance Fran\u00e7aise Ji\u017en\u00ed \u010cechy, zalo\u017een\u00e1 v roce 2004, je jedin\u00e1 ofici\u00e1ln\u00ed instituce v \u010cesk\u00fdch Bud\u011bjovic\u00edch, kter\u00e1 se v\u011bnuje francouzsk\u00e9mu jazyku (v \u010cesk\u00fdch Bud\u011bjovic\u00edch). Ka\u017ed\u00fd rok sem&#8230;<\/p>\n","protected":false},"author":1,"featured_media":6810,"parent":0,"menu_order":0,"comment_status":"closed","ping_status":"closed","template":"","meta":{"_acf_changed":false,"footnotes":""},"class_list":["post-6281","page","type-page","status-publish","has-post-thumbnail","hentry"],"acf":[],"_links":{"self":[{"href":"https:\/\/www.alliancefrancaise.cz\/jiznicechy\/wp-json\/wp\/v2\/pages\/6281","targetHints":{"allow":["GET"]}}],"collection":[{"href":"https:\/\/www.alliancefrancaise.cz\/jiznicechy\/wp-json\/wp\/v2\/pages"}],"about":[{"href":"https:\/\/www.alliancefrancaise.cz\/jiznicechy\/wp-json\/wp\/v2\/types\/page"}],"author":[{"embeddable":true,"href":"https:\/\/www.alliancefrancaise.cz\/jiznicechy\/wp-json\/wp\/v2\/users\/1"}],"replies":[{"embeddable":true,"href":"https:\/\/www.alliancefrancaise.cz\/jiznicechy\/wp-json\/wp\/v2\/comments?post=6281"}],"version-history":[{"count":12,"href":"https:\/\/www.alliancefrancaise.cz\/jiznicechy\/wp-json\/wp\/v2\/pages\/6281\/revisions"}],"predecessor-version":[{"id":17959,"href":"https:\/\/www.alliancefrancaise.cz\/jiznicechy\/wp-json\/wp\/v2\/pages\/6281\/revisions\/17959"}],"wp:featuredmedia":[{"embeddable":true,"href":"https:\/\/www.alliancefrancaise.cz\/jiznicechy\/wp-json\/wp\/v2\/media\/6810"}],"wp:attachment":[{"href":"https:\/\/www.alliancefrancaise.cz\/jiznicechy\/wp-json\/wp\/v2\/media?parent=6281"}],"curies":[{"name":"wp","href":"https:\/\/api.w.org\/{rel}","templated":true}]}}