{"id":6427,"date":"2023-10-09T13:14:02","date_gmt":"2023-10-09T11:14:02","guid":{"rendered":"https:\/\/www.alliancefrancaise.cz\/jiznicechy\/?page_id=6427"},"modified":"2026-02-26T09:00:08","modified_gmt":"2026-02-26T08:00:08","slug":"pripravne-kurzy-na-delf-a-dalf","status":"publish","type":"page","link":"https:\/\/www.alliancefrancaise.cz\/jiznicechy\/pripravne-kurzy-na-delf-a-dalf\/","title":{"rendered":"P\u0159\u00edpravn\u00e9 kurzy na DELF a DALF"},"content":{"rendered":"\n<p>P\u0159ipravte se co nejl\u00e9pe na mezin\u00e1rodn\u00ed zkou\u0161ky DELF-DALF d\u00edky zku\u0161enosti z Alliance Fran\u00e7aise Ji\u017en\u00ed \u010cechy !<\/p>\n\n\n\n<p>Alliance Fran\u00e7aise Ji\u017en\u00ed \u010cechy je jedin\u00e9 ofici\u00e1ln\u00ed m\u00edsto v ji\u017en\u00edch \u010cech\u00e1ch, kde lze skl\u00e1dat zkou\u0161ky DELF a DALF, co\u017e je mezin\u00e1rodn\u011b uzn\u00e1van\u00e1 zkou\u0161ka z francouz\u0161tiny rozd\u011blena podle Spole\u010dn\u00e9ho\u00a0evropsk\u00e9ho referen\u010dn\u00edho r\u00e1mce od \u00farovn\u011b A1 (za\u010d\u00e1te\u010dn\u00edk) po C2 (velmi pokro\u010dil\u00fd).<\/p>\n\n\n\n<p>Na\u0161e p\u0159\u00edpravn\u00e9 kurzy jsou vedeny rodil\u00fdmi mluv\u010d\u00edmi,\u00a0kter\u00e9 maj\u00ed opr\u00e1vn\u011bn\u00ed prov\u00e1d\u011bt zkou\u0161ky DELF\/DALF. Umo\u017en\u00ed V\u00e1m se sezn\u00e1mit s celou zkou\u0161kou a pom\u016f\u017ee k jej\u00edmu usp\u011bn\u00ed. Od r\u016fzn\u00fdch cvi\u010den\u00ed z odborn\u00fdch p\u0159\u00edru\u010dek a autentick\u00fdch dokument\u016f (texty a audionahr\u00e1vky) se nau\u010d\u00edte jak argumentovat, vyj\u00e1d\u0159it a obh\u00e1jit sv\u016fj n\u00e1zor na dan\u00e9 t\u00e9ma, jak p\u00edsemn\u011b tak \u00fastn\u011b. V\u00fdslovnost bude tak\u00e9 zopakovan\u00e1, i s gramatick\u00fdmi pravidly a v\u0161emi jazykov\u00fdmi dovednostmi podle Spole\u010dn\u00e9ho\u00a0evropsk\u00e9ho referen\u010dn\u00edho r\u00e1mce (SERR).<\/p>\n\n\n\n<figure class=\"wp-block-table is-style-stripes\"><table><thead><tr><th>Kurz<\/th><th>P\u0159edpoklady<\/th><th>Po\u010det student\u016f<\/th><th>D\u00e9lka<\/th><th>Cena<\/th><\/tr><\/thead><tbody><tr><td>P\u0159\u00edprava na DELF B1<\/td><td>B1.3<\/td><td>4-8<\/td><td>7 x 90 min<\/td><td>2 100 K\u010d<\/td><\/tr><tr><td>P\u0159\u00edprava na DELF B2<\/td><td>B2.4<\/td><td>4-8<\/td><td>7 x 90 min<\/td><td>2 100 K\u010d<\/td><\/tr><tr><td>P\u0159\u00edprava na DALF C1<\/td><td>C1<\/td><td>4-8<\/td><td>10 x 120 min<\/td><td>4 000 K\u010d<\/td><\/tr><\/tbody><\/table><\/figure>\n","protected":false},"excerpt":{"rendered":"<p>P\u0159ipravte se co nejl\u00e9pe na mezin\u00e1rodn\u00ed zkou\u0161ky DELF-DALF d\u00edky zku\u0161enosti z Alliance Fran\u00e7aise Ji\u017en\u00ed \u010cechy ! Alliance Fran\u00e7aise Ji\u017en\u00ed \u010cechy je jedin\u00e9 ofici\u00e1ln\u00ed m\u00edsto v ji\u017en\u00edch \u010cech\u00e1ch, kde&#8230;<\/p>\n","protected":false},"author":4,"featured_media":0,"parent":0,"menu_order":0,"comment_status":"closed","ping_status":"closed","template":"","meta":{"_acf_changed":false,"footnotes":""},"class_list":["post-6427","page","type-page","status-publish","hentry"],"acf":[],"_links":{"self":[{"href":"https:\/\/www.alliancefrancaise.cz\/jiznicechy\/wp-json\/wp\/v2\/pages\/6427","targetHints":{"allow":["GET"]}}],"collection":[{"href":"https:\/\/www.alliancefrancaise.cz\/jiznicechy\/wp-json\/wp\/v2\/pages"}],"about":[{"href":"https:\/\/www.alliancefrancaise.cz\/jiznicechy\/wp-json\/wp\/v2\/types\/page"}],"author":[{"embeddable":true,"href":"https:\/\/www.alliancefrancaise.cz\/jiznicechy\/wp-json\/wp\/v2\/users\/4"}],"replies":[{"embeddable":true,"href":"https:\/\/www.alliancefrancaise.cz\/jiznicechy\/wp-json\/wp\/v2\/comments?post=6427"}],"version-history":[{"count":2,"href":"https:\/\/www.alliancefrancaise.cz\/jiznicechy\/wp-json\/wp\/v2\/pages\/6427\/revisions"}],"predecessor-version":[{"id":7354,"href":"https:\/\/www.alliancefrancaise.cz\/jiznicechy\/wp-json\/wp\/v2\/pages\/6427\/revisions\/7354"}],"wp:attachment":[{"href":"https:\/\/www.alliancefrancaise.cz\/jiznicechy\/wp-json\/wp\/v2\/media?parent=6427"}],"curies":[{"name":"wp","href":"https:\/\/api.w.org\/{rel}","templated":true}]}}