{"id":6930,"date":"2024-02-06T17:57:32","date_gmt":"2024-02-06T16:57:32","guid":{"rendered":"https:\/\/www.alliancefrancaise.cz\/jiznicechy\/?page_id=6930"},"modified":"2025-08-11T15:48:03","modified_gmt":"2025-08-11T13:48:03","slug":"podporte-nas","status":"publish","type":"page","link":"https:\/\/www.alliancefrancaise.cz\/jiznicechy\/podporte-nas\/","title":{"rendered":"Podpo\u0159te n\u00e1s!"},"content":{"rendered":"\n<figure class=\"wp-block-image size-full is-resized\"><img loading=\"lazy\" decoding=\"async\" width=\"1024\" height=\"768\" src=\"https:\/\/www.alliancefrancaise.cz\/jiznicechy\/wp-content\/uploads\/2024\/02\/Nase-podpora.png\" alt=\"\" class=\"wp-image-7405\" style=\"width:477px;height:auto\" srcset=\"https:\/\/www.alliancefrancaise.cz\/jiznicechy\/wp-content\/uploads\/2024\/02\/Nase-podpora.png 1024w, https:\/\/www.alliancefrancaise.cz\/jiznicechy\/wp-content\/uploads\/2024\/02\/Nase-podpora-460x345.png 460w, https:\/\/www.alliancefrancaise.cz\/jiznicechy\/wp-content\/uploads\/2024\/02\/Nase-podpora-768x576.png 768w\" sizes=\"auto, (max-width: 1024px) 100vw, 1024px\" \/><\/figure>\n\n\n\n<p>Podpo\u0159te n\u00e1s! Alliance Fran\u00e7aise Ji\u017en\u00ed \u010cechy je neziskov\u00e1 organizace, bez politick\u00e9ho \u010di n\u00e1bo\u017eensk\u00e9ho za\u0159azen\u00ed. Podporuje francouz\u0161tinu a frankofonn\u00ed kulturu jak p\u0159es nab\u00eddku kurz\u016f a\u017e po mnoho kulturn\u00ed ud\u00e1losti, kter\u00e9 organizuje pro \u0161irokou ve\u0159ejnost b\u011bhem cel\u00e9ho roku.<\/p>\n\n\n\n<p>Aby Aliance dob\u0159e plnila sv\u00e9 \u00falohy, dr\u017e\u00ed \u00fazk\u00fd vztah s m\u00edstn\u00edmi kulturn\u00edmi a vzd\u011bl\u00e1vac\u00edmi institucemi a \u010diniteli. P\u0159isp\u00edv\u00e1 z\u00e1rove\u0148 ke kulturn\u00ed dynami\u010dnosti jiho\u010desk\u00e9ho regionu. Je sou\u010d\u00e1st\u00ed s\u00edt\u00ed Francouzsk\u00fdch Alianc\u00ed, co\u017e je v\u011bt\u0161\u00ed sv\u011btov\u00e1 kulturn\u00ed s\u00ed\u0165 s 834 lokacemi ve 34 zem\u00ed, a je v \u00fazk\u00e9 spolupr\u00e1ci s Francouzskou Ambas\u00e1dou v \u010cesk\u00e9 Republice.<\/p>\n\n\n\n<p>Existuje n\u011bkolik zp\u016fsob\u016f, jak podpo\u0159it Francouzskou Alianci Ji\u017en\u00ed \u010cechy a pomoc k rozvoji jejich \u010dinnost\u00ed :<\/p>\n\n\n\n<p><strong>1 \/ St\u00e1t se \u010dlenem sdru\u017een\u00ed :<\/strong><\/p>\n\n\n\n<p>S ro\u010dn\u00edm p\u0159\u00edsp\u011bvkem 250,- m\u00e1te p\u0159\u00edstup do na\u0161\u00ed mediat\u00e9ky, slevy na kulturn\u00ed ud\u00e1losti, podporu u na\u0161ich partner\u016f, stejn\u011b tak ve\u0161ker\u00e9 informace t\u00fdkaj\u00edc\u00ed se na\u0161ich aktualit.<\/p>\n\n\n\n<p><strong>2 \/ Anga\u017eovat se jako dobrovoln\u00edk :<\/strong><\/p>\n\n\n\n<p>Po cel\u00fd rok nab\u00edz\u00edme mnoho kulturn\u00edch aktivit. P\u0159idejte se k n\u00e1m a odhalte z\u00e1kulis\u00ed na\u0161ich ud\u00e1lost\u00ed a p\u0159isp\u011bjte k na\u0161emu sou\u010dasn\u00e9mu siln\u00e9mu \u00fasp\u011bchu.<br>St\u00e1t se dobrovoln\u00edkem je z\u00e1rove\u0148 skv\u011bl\u00e1 p\u0159\u00edle\u017eitost jak vyt\u011b\u017eit to nejlep\u0161\u00ed z francouzsk\u00e9 kultury a poznat dal\u0161\u00ed frankofonn\u00ed \u010dleny !<\/p>\n\n\n\n<p><strong>3 \/ Poskytnout materi\u00e1ln\u00ed dar :<\/strong><\/p>\n\n\n\n<p>Je mo\u017en\u00e9 podpo\u0159it na\u0161\u00ed mediat\u00e9ku t\u00edm, \u017ee darujete knihy, DVD, CD, apod. Hled\u00e1me jak literaturu pro dosp\u011bl\u00e9, tak i pro d\u011bti, komiksy nebo i knihy pro ty nejmen\u0161\u00ed. P\u0159ij\u00edm\u00e1me francouzsk\u00e1 d\u00edla v dobr\u00e9m stavu a nejl\u00e9pe sou\u010dasn\u00e1.<\/p>\n\n\n\n<p><strong>4 \/ P\u0159isp\u011bt darem :<\/strong><\/p>\n\n\n\n<p>T\u00edm, \u017ee se stanete d\u00e1rcem podpo\u0159\u00edte realizaci projekt\u016f, kter\u00e9 si p\u0159edstavujeme a od n\u00e1s bude p\u0159isl\u00edbeno nab\u00eddnout v\u00e1m slu\u017eby t\u00e9 nejv\u011bt\u0161\u00ed kvality dle va\u0161ich o\u010dek\u00e1v\u00e1n\u00ed. Je mo\u017en\u00e9 p\u0159isp\u011bt darem na podporu kulturn\u00ed ud\u00e1losti dle va\u0161eho v\u00fdb\u011bru \u010di poskytnout libovoln\u00fd dar.<\/p>\n\n\n\n<p><strong>P\u0159ejete si podpo\u0159it Francouzskou Alianci Ji\u017en\u00ed \u010cechy ? Kontaktujte n\u00e1s na jiznicechy@alliancefrancaise.cz<\/strong><\/p>\n\n\n\n<h1 class=\"wp-block-heading\">Sta\u0148te se \u010dlenem AF<\/h1>\n\n\n\n<p>\u010clenstv\u00edm z\u00edsk\u00e1v\u00e1te n\u011bkolik v\u00fdhod jako:<\/p>\n\n\n\n<ul class=\"wp-block-list\">\n<li>&nbsp;mo\u017enost si vyp\u016fj\u010dit knihy nebo CD z knihovny FA<\/li>\n\n\n\n<li>&nbsp;online p\u0159\u00edstup do &#8222;Cultureth\u00e8que&#8220; online digit\u00e1ln\u00ed port\u00e1l, kde najdete francouzsk\u00fd tisk, hudbu, koncerty online, konference, dokumenty, komiksy, d\u011btskou literaturu, metody v\u00fduky francouzsk\u00e9ho jazyka, seri\u00f3zn\u00ed hry a mnoho dal\u0161\u00edho.<\/li>\n\n\n\n<li>&nbsp;mo\u017enost hlasovat na ro\u010dn\u00edm valn\u00e9m shrom\u00e1\u017ed\u011bn\u00ed spolku<\/li>\n\n\n\n<li>&nbsp;sleva na kulturn\u00ed akce organizovan\u00e9 FA<\/li>\n\n\n\n<li>&nbsp;15&nbsp;% sleva v knihkupectv\u00ed Oxford Bookshop v Plach\u00e9ho ulici v \u010cB<\/li>\n\n\n\n<li>&nbsp;10% sleva na knihu Marie Verdier a Evy Aubry&nbsp;<a href=\"https:\/\/www.francouzskakucharka.cz\/\" rel=\"noreferrer noopener\" target=\"_blank\">&#8222;Ilustrovan\u00fd pr\u016fvodce francouzskou kuchyn\u00ed&#8220;<\/a><\/li>\n<\/ul>\n\n\n\n<p><\/p>\n","protected":false},"excerpt":{"rendered":"<p>Podpo\u0159te n\u00e1s! Alliance Fran\u00e7aise Ji\u017en\u00ed \u010cechy je neziskov\u00e1 organizace, bez politick\u00e9ho \u010di n\u00e1bo\u017eensk\u00e9ho za\u0159azen\u00ed. Podporuje francouz\u0161tinu a frankofonn\u00ed kulturu jak p\u0159es nab\u00eddku kurz\u016f a\u017e po mnoho kulturn\u00ed ud\u00e1losti,&#8230;<\/p>\n","protected":false},"author":4,"featured_media":7405,"parent":0,"menu_order":0,"comment_status":"closed","ping_status":"closed","template":"","meta":{"_acf_changed":false,"footnotes":""},"class_list":["post-6930","page","type-page","status-publish","has-post-thumbnail","hentry"],"acf":[],"_links":{"self":[{"href":"https:\/\/www.alliancefrancaise.cz\/jiznicechy\/wp-json\/wp\/v2\/pages\/6930","targetHints":{"allow":["GET"]}}],"collection":[{"href":"https:\/\/www.alliancefrancaise.cz\/jiznicechy\/wp-json\/wp\/v2\/pages"}],"about":[{"href":"https:\/\/www.alliancefrancaise.cz\/jiznicechy\/wp-json\/wp\/v2\/types\/page"}],"author":[{"embeddable":true,"href":"https:\/\/www.alliancefrancaise.cz\/jiznicechy\/wp-json\/wp\/v2\/users\/4"}],"replies":[{"embeddable":true,"href":"https:\/\/www.alliancefrancaise.cz\/jiznicechy\/wp-json\/wp\/v2\/comments?post=6930"}],"version-history":[{"count":5,"href":"https:\/\/www.alliancefrancaise.cz\/jiznicechy\/wp-json\/wp\/v2\/pages\/6930\/revisions"}],"predecessor-version":[{"id":17023,"href":"https:\/\/www.alliancefrancaise.cz\/jiznicechy\/wp-json\/wp\/v2\/pages\/6930\/revisions\/17023"}],"wp:featuredmedia":[{"embeddable":true,"href":"https:\/\/www.alliancefrancaise.cz\/jiznicechy\/wp-json\/wp\/v2\/media\/7405"}],"wp:attachment":[{"href":"https:\/\/www.alliancefrancaise.cz\/jiznicechy\/wp-json\/wp\/v2\/media?parent=6930"}],"curies":[{"name":"wp","href":"https:\/\/api.w.org\/{rel}","templated":true}]}}