{"id":7021,"date":"2024-02-07T18:59:01","date_gmt":"2024-02-07T17:59:01","guid":{"rendered":"https:\/\/www.alliancefrancaise.cz\/jiznicechy\/?page_id=7021"},"modified":"2024-06-10T22:08:08","modified_gmt":"2024-06-10T20:08:08","slug":"kulturni-aktivity","status":"publish","type":"page","link":"https:\/\/www.alliancefrancaise.cz\/jiznicechy\/kulturni-aktivity\/","title":{"rendered":"Kulturn\u00ed aktivity"},"content":{"rendered":"\n<figure class=\"wp-block-image size-large is-resized\"><img loading=\"lazy\" decoding=\"async\" width=\"1360\" height=\"765\" src=\"https:\/\/www.alliancefrancaise.cz\/jiznicechy\/wp-content\/uploads\/2024\/02\/Activites-culturelles-1360x765.png\" alt=\"\" class=\"wp-image-7401\" style=\"width:479px;height:auto\" srcset=\"https:\/\/www.alliancefrancaise.cz\/jiznicechy\/wp-content\/uploads\/2024\/02\/Activites-culturelles-1360x765.png 1360w, https:\/\/www.alliancefrancaise.cz\/jiznicechy\/wp-content\/uploads\/2024\/02\/Activites-culturelles-460x259.png 460w, https:\/\/www.alliancefrancaise.cz\/jiznicechy\/wp-content\/uploads\/2024\/02\/Activites-culturelles-768x432.png 768w, https:\/\/www.alliancefrancaise.cz\/jiznicechy\/wp-content\/uploads\/2024\/02\/Activites-culturelles.png 1920w\" sizes=\"auto, (max-width: 1360px) 100vw, 1360px\" \/><\/figure>\n\n\n\n<p>Pravideln\u011b organizujeme kulturn\u00ed aktivity, jako nap\u0159\u00edklad orienta\u010dn\u00ed b\u011bh, filmov\u00fd klub, k\u00e1va po francouzsku, frankofonn\u00ed dikt\u00e1t a dal\u0161\u00ed. Tyto akce m\u016f\u017eeme pro Va\u0161e t\u0159\u00eddy p\u0159izp\u016fsobit dle Va\u0161ich pot\u0159eb.<\/p>\n\n\n\n<p>Nab\u00edz\u00edme V\u00e1m uspo\u0159\u00e1d\u00e1n\u00ed orienta\u010dn\u00edho b\u011bhu na t\u00e9ma frankofonie, b\u011bhem kter\u00e9ho budou m\u00edt \u017e\u00e1ci mo\u017enost uk\u00e1zat sv\u00e9 znalosti francouzsk\u00e9ho jazyka a frankofonn\u00edch kultur. Tato akce je z\u00e1rove\u0148 vzd\u011bl\u00e1vac\u00ed a z\u00e1bavn\u00e1, co\u017e \u017e\u00e1ci velmi oce\u0148uj\u00ed.<\/p>\n\n\n\n<p>M\u016f\u017eeme tak\u00e9 uspo\u0159\u00e1dat prom\u00edt\u00e1n\u00ed frankofonn\u00edho filmu v prostor\u00e1ch Francouzsk\u00e9 aliance. V z\u00e1vislosti na v\u011bku Va\u0161ich student\u016f V\u00e1m doporu\u010d\u00edme vhodn\u00e9 filmy podle Va\u0161ich p\u0159\u00e1n\u00ed a Vy si film vyberete. Ten pak bude prom\u00edt\u00e1n ve francouz\u0161tin\u011b s \u010desk\u00fdmi titulky.<\/p>\n\n\n\n<p>Pro v\u00edce informac\u00ed n\u00e1m m\u016f\u017eete poslat e-mail na adresu&nbsp;<a href=\"mailto: jiznicechy@alliancefrancaise.cz\">jiznicechy@alliancefrancaise.cz<\/a><\/p>\n","protected":false},"excerpt":{"rendered":"<p>Pravideln\u011b organizujeme kulturn\u00ed aktivity, jako nap\u0159\u00edklad orienta\u010dn\u00ed b\u011bh, filmov\u00fd klub, k\u00e1va po francouzsku, frankofonn\u00ed dikt\u00e1t a dal\u0161\u00ed. Tyto akce m\u016f\u017eeme pro Va\u0161e t\u0159\u00eddy p\u0159izp\u016fsobit dle Va\u0161ich pot\u0159eb. Nab\u00edz\u00edme&#8230;<\/p>\n","protected":false},"author":4,"featured_media":7401,"parent":0,"menu_order":0,"comment_status":"closed","ping_status":"closed","template":"","meta":{"_acf_changed":false,"footnotes":""},"class_list":["post-7021","page","type-page","status-publish","has-post-thumbnail","hentry"],"acf":[],"_links":{"self":[{"href":"https:\/\/www.alliancefrancaise.cz\/jiznicechy\/wp-json\/wp\/v2\/pages\/7021","targetHints":{"allow":["GET"]}}],"collection":[{"href":"https:\/\/www.alliancefrancaise.cz\/jiznicechy\/wp-json\/wp\/v2\/pages"}],"about":[{"href":"https:\/\/www.alliancefrancaise.cz\/jiznicechy\/wp-json\/wp\/v2\/types\/page"}],"author":[{"embeddable":true,"href":"https:\/\/www.alliancefrancaise.cz\/jiznicechy\/wp-json\/wp\/v2\/users\/4"}],"replies":[{"embeddable":true,"href":"https:\/\/www.alliancefrancaise.cz\/jiznicechy\/wp-json\/wp\/v2\/comments?post=7021"}],"version-history":[{"count":4,"href":"https:\/\/www.alliancefrancaise.cz\/jiznicechy\/wp-json\/wp\/v2\/pages\/7021\/revisions"}],"predecessor-version":[{"id":17378,"href":"https:\/\/www.alliancefrancaise.cz\/jiznicechy\/wp-json\/wp\/v2\/pages\/7021\/revisions\/17378"}],"wp:featuredmedia":[{"embeddable":true,"href":"https:\/\/www.alliancefrancaise.cz\/jiznicechy\/wp-json\/wp\/v2\/media\/7401"}],"wp:attachment":[{"href":"https:\/\/www.alliancefrancaise.cz\/jiznicechy\/wp-json\/wp\/v2\/media?parent=7021"}],"curies":[{"name":"wp","href":"https:\/\/api.w.org\/{rel}","templated":true}]}}