{"id":7231,"date":"2024-02-21T19:00:48","date_gmt":"2024-02-21T18:00:48","guid":{"rendered":"https:\/\/www.alliancefrancaise.cz\/jiznicechy\/?page_id=7231"},"modified":"2026-02-23T13:35:14","modified_gmt":"2026-02-23T12:35:14","slug":"individualni-kurz-francouzstiny","status":"publish","type":"page","link":"https:\/\/www.alliancefrancaise.cz\/jiznicechy\/individualni-kurz-francouzstiny\/","title":{"rendered":"Individu\u00e1ln\u00ed kurz francouz\u0161tiny"},"content":{"rendered":"\n<p>Nab\u00edz\u00edme kurzy individu\u00e1ln\u00ed nebo v mal\u00fdch skupink\u00e1ch, a bu\u010f v na\u0161ich t\u0159\u00edd\u00e1ch nebo on line. D\u00edky t\u011bmto kurz\u016fm se zlep\u0161\u00edte ve francouz\u0161tin\u011b podle sv\u00e9ho tempa i pot\u0159eb\u00e1m.<\/p>\n\n\n\n<p>M\u00e1te zvl\u00e1\u0161tn\u00ed po\u017eadavky nebo byste rad\u011bji studovali sami ? Zkuste na\u0161e individu\u00e1ln\u00ed kurzy !&nbsp;Na\u0161e individu\u00e1ln\u00ed kurzy jsou pro ka\u017ed\u00e9ho a pro jakoukoli \u00farove\u0148 : dosp\u011bl\u00e9, d\u011bti i dosp\u00edvaj\u00edc\u00ed.<\/p>\n\n\n\n<p>Nab\u00edz\u00edme t\u00e9\u017e individu\u00e1ln\u00ed kurzy ve \u201evlastn\u00edch\u201c skupink\u00e1ch \u2013 pokud jste p\u0159\u00e1tel\u00e9, spolu\u017e\u00e1ci ze \u0161koly nebo kolegov\u00e9 z pr\u00e1ce, m\u016f\u017eete si ud\u011blat svoji vlastn\u00ed individu\u00e1ln\u00ed skupinku.<\/p>\n\n\n\n<p>Na\u0161e individu\u00e1ln\u00ed kurzy je mo\u017en\u00e9 v\u00e9st i na d\u00e1lku, p\u0159es Google meet.&nbsp;<\/p>\n\n\n\n<h5 class=\"wp-block-heading\">V\u00fdhody individu\u00e1ln\u00edch kurz\u016f v Alliance Fran\u00e7aise Ji\u017en\u00ed \u010cechy<\/h5>\n\n\n\n<ul class=\"wp-block-list\">\n<li>&nbsp;V\u0161ichni na\u0161i lekto\u0159i jsou diplomovan\u00ed z v\u00fduky francouz\u0161tiny coby ciz\u00edho jazyka (FLE) ;<\/li>\n\n\n\n<li>&nbsp;Individu\u00e1ln\u00ed kurzy jsou p\u0159izp\u016fsobeny Va\u0161im \u010dasov\u00fdm mo\u017enostem : se sv\u00fdm lektorem si m\u016f\u017eete domluvit hodinu i tempo kurz\u016f.<\/li>\n\n\n\n<li>&nbsp;M\u016f\u017eete si vybrat kurzy podle sv\u00fdch c\u00edl\u016f : konverzaci, p\u0159\u00edpravu na zkou\u0161ky, gramatiku, v\u00fdslovnost, a dal\u0161\u00ed ;<\/li>\n\n\n\n<li>&nbsp;M\u016f\u017eete si vybrat mezi frankofonn\u00edm i \u010desk\u00fdm lektorem<\/li>\n<\/ul>\n\n\n\n<p>Pro v\u00edce informac\u00ed n\u00e1s nev\u00e1hejte kontaktovat na :&nbsp;<a href=\"mailto:jiznicechy@alliancefrancaise.cz\">jiznicechy@alliancefrancaise.cz<\/a><\/p>\n\n\n\n<h5 class=\"wp-block-heading\">Na\u0161e nab\u00eddka individu\u00e1ln\u00edch kurz\u016f<\/h5>\n\n\n\n<p>Ceny na\u0161ich individu\u00e1ln\u00edch kurz\u016f se sni\u017euj\u00ed podle po\u010dtu hodin objednan\u00fdch lekc\u00ed.<\/p>\n\n\n\n<h6 class=\"wp-block-heading\"><strong>Kurzy 60 min<\/strong><\/h6>\n\n\n\n<figure class=\"wp-block-table is-style-stripes\"><table><tbody><tr><td><strong>Po\u010det lekc\u00ed&nbsp;<\/strong><\/td><td><strong>5<\/strong><\/td><td><strong>10<\/strong><\/td><td><strong>15<\/strong><\/td><\/tr><tr><td>Jeden student<\/td><td>3 000 K\u010d (600K\u010d\/h)<\/td><td>5 000 K\u010d (500K\u010d\/h)<\/td><td>6 750 K\u010d (450K\u010d\/h)<\/td><\/tr><tr><td>Dva studenti<\/td><td>2 500 K\u010d (500K\u010d\/h)<\/td><td>4 000 K\u010d (400K\u010d\/h)<\/td><td>5 250 K\u010d (350K\u010d\/h)<\/td><\/tr><tr><td>T\u0159i studenti<\/td><td>2 000 K\u010d (400K\u010d\/h)<\/td><td>3 000 K\u010d (300K\u010d\/h)<\/td><td>3 750 K\u010d (250K\u010d\/h)<\/td><\/tr><\/tbody><\/table><\/figure>\n\n\n\n<h6 class=\"wp-block-heading\"><strong>Kurzy 90 min<\/strong><\/h6>\n\n\n\n<figure class=\"wp-block-table is-style-stripes\"><table><tbody><tr><td><strong>Po\u010det lekc\u00ed&nbsp;<\/strong><\/td><td><strong>5<\/strong><\/td><td><strong>10<\/strong><\/td><td><strong>15<\/strong><\/td><\/tr><tr><td>Jeden student<\/td><td>4 500 K\u010d (600K\u010d\/h)<\/td><td>7 500 K\u010d (500K\u010d\/h)<\/td><td>10 125 K\u010d (450K\u010d\/h)<\/td><\/tr><tr><td>Dva studenti<\/td><td>3 750 K\u010d (500K\u010d\/h)<\/td><td>6 000 K\u010d (400K\u010d\/h)<\/td><td>7 875 K\u010d (350K\u010d\/h)<\/td><\/tr><tr><td>T\u0159i studenti<\/td><td>3 000 K\u010d (400K\u010d\/h)<\/td><td>4 500 K\u010d (300K\u010d\/h)<\/td><td>5 625 K\u010d (250K\u010d\/h)<\/td><\/tr><\/tbody><\/table><\/figure>\n\n\n\n<h4 class=\"wp-block-heading\">Chcete-li n\u00e1m pomoci splnit va\u0161i \u017e\u00e1dost, vypl\u0148te pros\u00edm n\u00e1sleduj\u00edc\u00ed formul\u00e1\u0159:<\/h4>\n\n\n\n<iframe loading=\"lazy\" src=\"https:\/\/docs.google.com\/forms\/d\/e\/1FAIpQLScKFgP_Pto4KJlEx5aNHD6Xc0lettVsc_hcsuXv3H26mp83Yg\/viewform?embedded=true\" width=\"640\" height=\"4997\" frameborder=\"0\" marginheight=\"0\" marginwidth=\"0\">Chargement\u2026<\/iframe>\n","protected":false},"excerpt":{"rendered":"<p>Nab\u00edz\u00edme kurzy individu\u00e1ln\u00ed nebo v mal\u00fdch skupink\u00e1ch, a bu\u010f v na\u0161ich t\u0159\u00edd\u00e1ch nebo on line. D\u00edky t\u011bmto kurz\u016fm se zlep\u0161\u00edte ve francouz\u0161tin\u011b podle sv\u00e9ho tempa i pot\u0159eb\u00e1m. M\u00e1te&#8230;<\/p>\n","protected":false},"author":4,"featured_media":7336,"parent":0,"menu_order":0,"comment_status":"closed","ping_status":"closed","template":"","meta":{"_acf_changed":false,"footnotes":""},"class_list":["post-7231","page","type-page","status-publish","has-post-thumbnail","hentry"],"acf":[],"_links":{"self":[{"href":"https:\/\/www.alliancefrancaise.cz\/jiznicechy\/wp-json\/wp\/v2\/pages\/7231","targetHints":{"allow":["GET"]}}],"collection":[{"href":"https:\/\/www.alliancefrancaise.cz\/jiznicechy\/wp-json\/wp\/v2\/pages"}],"about":[{"href":"https:\/\/www.alliancefrancaise.cz\/jiznicechy\/wp-json\/wp\/v2\/types\/page"}],"author":[{"embeddable":true,"href":"https:\/\/www.alliancefrancaise.cz\/jiznicechy\/wp-json\/wp\/v2\/users\/4"}],"replies":[{"embeddable":true,"href":"https:\/\/www.alliancefrancaise.cz\/jiznicechy\/wp-json\/wp\/v2\/comments?post=7231"}],"version-history":[{"count":4,"href":"https:\/\/www.alliancefrancaise.cz\/jiznicechy\/wp-json\/wp\/v2\/pages\/7231\/revisions"}],"predecessor-version":[{"id":17305,"href":"https:\/\/www.alliancefrancaise.cz\/jiznicechy\/wp-json\/wp\/v2\/pages\/7231\/revisions\/17305"}],"wp:featuredmedia":[{"embeddable":true,"href":"https:\/\/www.alliancefrancaise.cz\/jiznicechy\/wp-json\/wp\/v2\/media\/7336"}],"wp:attachment":[{"href":"https:\/\/www.alliancefrancaise.cz\/jiznicechy\/wp-json\/wp\/v2\/media?parent=7231"}],"curies":[{"name":"wp","href":"https:\/\/api.w.org\/{rel}","templated":true}]}}