{"id":7273,"date":"2024-02-22T12:38:30","date_gmt":"2024-02-22T11:38:30","guid":{"rendered":"https:\/\/www.alliancefrancaise.cz\/jiznicechy\/?page_id=7273"},"modified":"2026-02-23T12:59:01","modified_gmt":"2026-02-23T11:59:01","slug":"knihovna","status":"publish","type":"page","link":"https:\/\/www.alliancefrancaise.cz\/jiznicechy\/knihovna\/","title":{"rendered":"Knihovna"},"content":{"rendered":"\n<p>Alliance Fran\u00e7aise Ji\u017en\u00ed \u010cechy nab\u00edz\u00ed sv\u00fdm \u010dlen\u016fm \u0161irok\u00fd v\u00fdb\u011br knih ve francouz\u0161tin\u011b bu\u010f v knihovn\u011b a nebo v Cultureth\u00e8que, elektronick\u00e9 platform\u011b na internetu.<\/p>\n\n\n\n<figure class=\"wp-block-image size-large is-resized\"><img loading=\"lazy\" decoding=\"async\" width=\"1360\" height=\"765\" src=\"https:\/\/www.alliancefrancaise.cz\/jiznicechy\/wp-content\/uploads\/2024\/02\/Bibliotheque-1360x765.png\" alt=\"\" class=\"wp-image-7380\" style=\"width:477px;height:auto\" srcset=\"https:\/\/www.alliancefrancaise.cz\/jiznicechy\/wp-content\/uploads\/2024\/02\/Bibliotheque-1360x765.png 1360w, https:\/\/www.alliancefrancaise.cz\/jiznicechy\/wp-content\/uploads\/2024\/02\/Bibliotheque-460x259.png 460w, https:\/\/www.alliancefrancaise.cz\/jiznicechy\/wp-content\/uploads\/2024\/02\/Bibliotheque-768x432.png 768w, https:\/\/www.alliancefrancaise.cz\/jiznicechy\/wp-content\/uploads\/2024\/02\/Bibliotheque.png 1920w\" sizes=\"auto, (max-width: 1360px) 100vw, 1360px\" \/><\/figure>\n\n\n\n<h5 class=\"wp-block-heading\">Mediat\u00e9ka<\/h5>\n\n\n\n<p><strong>Vyu\u017eijte \u0161irok\u00fd v\u00fdb\u011br knih ve francouz\u0161tin\u011b ur\u010den\u00fdch v\u0161em v\u011bkov\u00fdm kategori\u00edm i \u00farovn\u00edm !<\/strong><\/p>\n\n\n\n<p>Mediat\u00e9ka Alliance Fran\u00e7aise Ji\u017en\u00ed \u010cechy nab\u00edz\u00ed v\u00edce ne\u017e 3000 d\u011bl : literaturu klasickou i sou\u010dasnou, poezii, divadeln\u00ed, literaturu pro mlad\u00e9, knihy v jednoduch\u00e9 francouz\u0161tin\u011b, \u010desk\u00e9 p\u0159eklady francouzsk\u00fdch autor\u016f, atd. \u2026 k dispozici jsou i DVD a CD<\/p>\n\n\n\n<p>Je mo\u017en\u00e9 si knihy a dal\u0161\u00ed m\u00e9dia zdarma prohl\u00e9dnout b\u011bhem otev\u00edrac\u00ed doby p\u0159\u00edmo v Allianci.<\/p>\n\n\n\n<p>V\u00fdp\u016fj\u010dka je umo\u017en\u011bna v\u00fdhradn\u011b \u010dlen\u016fm Alliance Fran\u00e7aise (s ro\u010dn\u00edm p\u0159\u00edsp\u011bvkem 200,- K\u010d) a \u0161kol\u00e1k\u016fm. Lze si vyp\u016fj\u010dit a\u017e 10 kus\u016f na dobu maxim\u00e1ln\u011b do 3 t\u00fddn\u016f. N\u011bkter\u00e9 kusy lze prohl\u00ed\u017eet pouze na m\u00edst\u011b.<\/p>\n\n\n\n<p>B\u00fdt \u010dlenem Alliance Fran\u00e7aise V\u00e1m z\u00e1rove\u0148 umo\u017en\u00ed p\u0159\u00edstup do na\u0161\u00ed elektronick\u00e9 mediat\u00e9ky, Cultureth\u00e8que, \u010d\u00edtaj\u00edc\u00ed v\u00edce ne\u017e 50 000 francouzsk\u00fdch knih, \u010dasopis\u016f, hudby, kultury, film\u016f, tutori\u00e1l\u016f a mnohem v\u00edce !<\/p>\n\n\n\n<h5 class=\"wp-block-heading\">Cultureth\u00e8que<\/h5>\n\n\n\n<p><strong>Cultureth\u00e8que je bezplatn\u00e1 internetov\u00e1 mediat\u00e9ka ve francouz\u0161tin\u011b Francouzsk\u00e9ho institutu.<\/strong><\/p>\n\n\n\n<p>Cultureth\u00e8que je elektronick\u00e1 knihovna francouzsk\u00fdch kulturn\u00edch za\u0159\u00edzen\u00ed v cizin\u011b.<\/p>\n\n\n\n<p><strong>Nab\u00edz\u00ed nespo\u010det zdroj\u016f ke sta\u017een\u00ed \u010di prohl\u00e9dnut\u00ed on line :<\/strong><br>francouzskou literaturu, denn\u00ed francouzsk\u00fd tisk, hudbu, on-line koncerty, p\u0159edn\u00e1\u0161ky, dokument\u00e1rn\u00ed po\u0159ady, komiksy, literaturu pro ml\u00e1de\u017e, vyu\u010dovac\u00ed metody francouz\u0161tiny, hry, a mnoh\u00e9 dal\u0161\u00ed zdroje. Nech\u00e1me na V\u00e1s, abyste to sami v\u0161echno prozkoumali !<\/p>\n\n\n\n<p>P\u0159ipojit se k Va\u0161emu \u00fa\u010dtu m\u016f\u017eete kdykoli z Va\u0161eho po\u010d\u00edta\u010de, tabletu \u010di chytr\u00e9ho telefonu.<\/p>\n\n\n\n<p><strong>B\u00fdt \u010dlenem Alliance Fran\u00e7aise Ji\u017en\u00ed \u010cechy (s ro\u010dn\u00edm p\u0159\u00edsp\u011bvkem 200,-) V\u00e1m umo\u017en\u00ed p\u0159\u00edstup do Cultureth\u00e8que. Sta\u010d\u00ed, kdy\u017e vypln\u00edte formul\u00e1\u0159 a za\u0161lete n\u00e1m ho na jiznicechy@alliancefrancaise.cz<\/strong><\/p>\n","protected":false},"excerpt":{"rendered":"<p>Alliance Fran\u00e7aise Ji\u017en\u00ed \u010cechy nab\u00edz\u00ed sv\u00fdm \u010dlen\u016fm \u0161irok\u00fd v\u00fdb\u011br knih ve francouz\u0161tin\u011b bu\u010f v knihovn\u011b a nebo v Cultureth\u00e8que, elektronick\u00e9 platform\u011b na internetu. Mediat\u00e9ka Vyu\u017eijte \u0161irok\u00fd v\u00fdb\u011br knih&#8230;<\/p>\n","protected":false},"author":4,"featured_media":7380,"parent":0,"menu_order":0,"comment_status":"closed","ping_status":"closed","template":"","meta":{"_acf_changed":false,"footnotes":""},"class_list":["post-7273","page","type-page","status-publish","has-post-thumbnail","hentry"],"acf":[],"_links":{"self":[{"href":"https:\/\/www.alliancefrancaise.cz\/jiznicechy\/wp-json\/wp\/v2\/pages\/7273","targetHints":{"allow":["GET"]}}],"collection":[{"href":"https:\/\/www.alliancefrancaise.cz\/jiznicechy\/wp-json\/wp\/v2\/pages"}],"about":[{"href":"https:\/\/www.alliancefrancaise.cz\/jiznicechy\/wp-json\/wp\/v2\/types\/page"}],"author":[{"embeddable":true,"href":"https:\/\/www.alliancefrancaise.cz\/jiznicechy\/wp-json\/wp\/v2\/users\/4"}],"replies":[{"embeddable":true,"href":"https:\/\/www.alliancefrancaise.cz\/jiznicechy\/wp-json\/wp\/v2\/comments?post=7273"}],"version-history":[{"count":2,"href":"https:\/\/www.alliancefrancaise.cz\/jiznicechy\/wp-json\/wp\/v2\/pages\/7273\/revisions"}],"predecessor-version":[{"id":7382,"href":"https:\/\/www.alliancefrancaise.cz\/jiznicechy\/wp-json\/wp\/v2\/pages\/7273\/revisions\/7382"}],"wp:featuredmedia":[{"embeddable":true,"href":"https:\/\/www.alliancefrancaise.cz\/jiznicechy\/wp-json\/wp\/v2\/media\/7380"}],"wp:attachment":[{"href":"https:\/\/www.alliancefrancaise.cz\/jiznicechy\/wp-json\/wp\/v2\/media?parent=7273"}],"curies":[{"name":"wp","href":"https:\/\/api.w.org\/{rel}","templated":true}]}}

<p>Alliance Française Jižní Čechy nabízí svým členům široký výběr knih ve francouzštině buď v knihovně a nebo v Culturethèque, elektronické platformě na internetu.</p>



<figure class="wp-block-image size-large is-resized"><img loading="lazy" decoding="async" width="1360" height="765" src="https://www.alliancefrancaise.cz/jiznicechy/wp-content/uploads/2024/02/Bibliotheque-1360x765.png" alt="" class="wp-image-7380" style="width:477px;height:auto" srcset="https://www.alliancefrancaise.cz/jiznicechy/wp-content/uploads/2024/02/Bibliotheque-1360x765.png 1360w, https://www.alliancefrancaise.cz/jiznicechy/wp-content/uploads/2024/02/Bibliotheque-460x259.png 460w, https://www.alliancefrancaise.cz/jiznicechy/wp-content/uploads/2024/02/Bibliotheque-768x432.png 768w, https://www.alliancefrancaise.cz/jiznicechy/wp-content/uploads/2024/02/Bibliotheque.png 1920w" sizes="auto, (max-width: 1360px) 100vw, 1360px" /></figure>



<h5 class="wp-block-heading">Mediatéka</h5>



<p><strong>Využijte široký výběr knih ve francouzštině určených všem věkovým kategoriím i úrovním !</strong></p>



<p>Mediatéka Alliance Française Jižní Čechy nabízí více než 3000 děl : literaturu klasickou i současnou, poezii, divadelní, literaturu pro mladé, knihy v jednoduché francouzštině, české překlady francouzských autorů, atd. … k dispozici jsou i DVD a CD</p>



<p>Je možné si knihy a další média zdarma prohlédnout během otevírací doby přímo v Allianci.</p>



<p>Výpůjčka je umožněna výhradně členům Alliance Française (s ročním příspěvkem 200,- Kč) a školákům. Lze si vypůjčit až 10 kusů na dobu maximálně do 3 týdnů. Některé kusy lze prohlížet pouze na místě.</p>



<p>Být členem Alliance Française Vám zároveň umožní přístup do naší elektronické mediatéky, Culturethèque, čítající více než 50 000 francouzských knih, časopisů, hudby, kultury, filmů, tutoriálů a mnohem více !</p>



<h5 class="wp-block-heading">Culturethèque</h5>



<p><strong>Culturethèque je bezplatná internetová mediatéka ve francouzštině Francouzského institutu.</strong></p>



<p>Culturethèque je elektronická knihovna francouzských kulturních zařízení v cizině.</p>



<p><strong>Nabízí nespočet zdrojů ke stažení či prohlédnutí on line :</strong><br>francouzskou literaturu, denní francouzský tisk, hudbu, on-line koncerty, přednášky, dokumentární pořady, komiksy, literaturu pro mládež, vyučovací metody francouzštiny, hry, a mnohé další zdroje. Necháme na Vás, abyste to sami všechno prozkoumali !</p>



<p>Připojit se k Vašemu účtu můžete kdykoli z Vašeho počítače, tabletu či chytrého telefonu.</p>



<p><strong>Být členem Alliance Française Jižní Čechy (s ročním příspěvkem 200,-) Vám umožní přístup do Culturethèque. Stačí, když vyplníte formulář a zašlete nám ho na jiznicechy@alliancefrancaise.cz</strong></p>

<p>Alliance Française Jižní Čechy nabízí svým členům široký výběr knih ve francouzštině buď v knihovně a nebo v Culturethèque, elektronické platformě na internetu. Mediatéka Využijte široký výběr knih&#8230;</p>
