{"id":7436,"date":"2025-09-01T21:35:20","date_gmt":"2025-09-01T19:35:20","guid":{"rendered":"https:\/\/www.alliancefrancaise.cz\/liberec\/?page_id=7436"},"modified":"2026-02-13T16:58:42","modified_gmt":"2026-02-13T15:58:42","slug":"kurzy-pro-deti-a-mladez-2025","status":"publish","type":"page","link":"https:\/\/www.alliancefrancaise.cz\/liberec\/kurzy-pro-deti-a-mladez-2025\/","title":{"rendered":"Kurzy pro d\u011bti a ml\u00e1de\u017e 2025\/2026"},"content":{"rendered":"\n<p>Kurzy pro d\u011bti a ml\u00e1de\u017e jsou ve \u0161koln\u00edm roce 2025\/2026 rozd\u011bleny na dv\u011b pololet\u00ed.<\/p>\n\n\n\n<p><mark style=\"background-color:rgba(0, 0, 0, 0)\" class=\"has-inline-color has-red-color\"><strong>D\u011aTI <\/strong><\/mark>(fale\u0161n\u00ed za\u010d\u00e1te\u010dn\u00edci) <strong>20.2. &#8211; 5.6.<\/strong> (11 lekci)<\/p>\n\n\n\n<p><strong><mark style=\"background-color:rgba(0, 0, 0, 0)\" class=\"has-inline-color has-red-color\">ML\u00c1DE\u017d<\/mark><\/strong> (m\u00edrn\u011b pokro\u010dil\u00ed) <strong>11.2. .- 27.5.<\/strong> (15 lekc\u00ed)<\/p>\n\n\n\n<p>V\u00fduka neprob\u00edh\u00e1 v dob\u011b jarn\u00edch pr\u00e1zdnin a ve st\u00e1tn\u00ed sv\u00e1tky.<\/p>\n\n\n\n<p>Celkov\u00e1 \u010dasov\u00e1 dotace je 15 x 60 minut nebo 10 x 45 minut.&nbsp;<strong>Kurzy francouz\u0161tiny prob\u00edhaj\u00ed v budov\u011b H Technick\u00e9 univerzity Liberec, ve Voron\u011b\u017esk\u00e9 ulici.<\/strong><\/p>\n\n\n\n<p>P\u0159ihl\u00e1sit se m\u016f\u017eete prost\u0159ednictv\u00edm google formul\u00e1\u0159e zde:<\/p>\n\n\n\n<p><a href=\"https:\/\/forms.gle\/1dXNLKGgHmFRqALp7\" target=\"_blank\" rel=\"noopener\">https:\/\/forms.gle\/1dXNLKGgHmFRqALp7<\/a><\/p>\n\n\n\n<p><strong><mark style=\"background-color:rgba(0, 0, 0, 0)\" class=\"has-inline-color has-red-color\">Cena kurz\u016f <\/mark>(za pololet\u00ed):<\/strong><br><strong>1600,- za kurz 11 x 45 minut (mal\u00e9 d\u011bti)<\/strong><\/p>\n\n\n\n<p><strong>2900,- za kurz 15 x 60 minut (ml\u00e1de\u017e)<\/strong><br>Minim\u00e1ln\u00ed po\u010det \u00fa\u010dastn\u00edk\u016f pro otev\u0159en\u00ed kurzu jsou 4. V p\u0159\u00edpad\u011b ni\u017e\u0161\u00edho po\u010dtu student\u016f si vyhrazujeme pr\u00e1vo upravit cenu nebo sn\u00ed\u017eit po\u010det lekc\u00ed za trimestr.<\/p>\n\n\n\n<p><strong><mark>Platbu kurzovn\u00e9ho pros\u00edm prov\u00e1d\u011bjte p\u0159evodem na \u00fa\u010det \u010d. 981222339\/0800<\/mark><\/strong><br>(do pozn\u00e1mky k platb\u011b uve\u010fte jm\u00e9no studenta)<\/p>\n\n\n\n<p>Kurzy se otev\u0159ou v z\u00e1vislosti na po\u010dtu p\u0159ihl\u00e1\u0161en\u00fdch.<\/p>\n\n\n\n<p>Nev\u00edte si rady s v\u00fdb\u011brem kurzu? Zavolejte n\u00e1m na&nbsp;<strong>tel. 601 357 597<\/strong>&nbsp;nebo napi\u0161te na&nbsp;<strong>liberec@alliancefrancaise.cz<\/strong>, r\u00e1di V\u00e1m porad\u00edme.<\/p>\n\n\n\n<p><\/p>\n","protected":false},"excerpt":{"rendered":"<p>Kurzy pro d\u011bti a ml\u00e1de\u017e jsou ve \u0161koln\u00edm roce 2025\/2026 rozd\u011bleny na dv\u011b pololet\u00ed. D\u011aTI (fale\u0161n\u00ed za\u010d\u00e1te\u010dn\u00edci) 20.2. &#8211; 5.6. (11 lekci) ML\u00c1DE\u017d (m\u00edrn\u011b pokro\u010dil\u00ed) 11.2. .- 27.5&#8230;.<\/p>\n","protected":false},"author":4,"featured_media":0,"parent":0,"menu_order":0,"comment_status":"closed","ping_status":"closed","template":"","meta":{"_acf_changed":false,"footnotes":""},"class_list":["post-7436","page","type-page","status-publish","hentry"],"acf":[],"_links":{"self":[{"href":"https:\/\/www.alliancefrancaise.cz\/liberec\/wp-json\/wp\/v2\/pages\/7436","targetHints":{"allow":["GET"]}}],"collection":[{"href":"https:\/\/www.alliancefrancaise.cz\/liberec\/wp-json\/wp\/v2\/pages"}],"about":[{"href":"https:\/\/www.alliancefrancaise.cz\/liberec\/wp-json\/wp\/v2\/types\/page"}],"author":[{"embeddable":true,"href":"https:\/\/www.alliancefrancaise.cz\/liberec\/wp-json\/wp\/v2\/users\/4"}],"replies":[{"embeddable":true,"href":"https:\/\/www.alliancefrancaise.cz\/liberec\/wp-json\/wp\/v2\/comments?post=7436"}],"version-history":[{"count":16,"href":"https:\/\/www.alliancefrancaise.cz\/liberec\/wp-json\/wp\/v2\/pages\/7436\/revisions"}],"predecessor-version":[{"id":7771,"href":"https:\/\/www.alliancefrancaise.cz\/liberec\/wp-json\/wp\/v2\/pages\/7436\/revisions\/7771"}],"wp:attachment":[{"href":"https:\/\/www.alliancefrancaise.cz\/liberec\/wp-json\/wp\/v2\/media?parent=7436"}],"curies":[{"name":"wp","href":"https:\/\/api.w.org\/{rel}","templated":true}]}}