{"id":7920,"date":"2026-08-25T14:34:06","date_gmt":"2026-08-25T12:34:06","guid":{"rendered":"https:\/\/www.alliancefrancaise.cz\/liberec\/?page_id=7920"},"modified":"2026-08-31T13:22:48","modified_gmt":"2026-08-31T11:22:48","slug":"podzim-2026","status":"publish","type":"page","link":"https:\/\/www.alliancefrancaise.cz\/liberec\/podzim-2026\/","title":{"rendered":"Podzim 2026"},"content":{"rendered":"\n<p class=\"wp-block-paragraph\">Kurzy v <mark style=\"background-color:rgba(0, 0, 0, 0)\" class=\"has-inline-color has-red-color\">podzimn\u00edm trimestru<\/mark> prob\u00edhaj\u00ed v t\u00fddnu\u00a0<strong>od 29. z\u00e1\u0159\u00ed do 14. prosince\u00a02026<\/strong>, <\/p>\n\n\n\n<p class=\"wp-block-paragraph\"><mark style=\"background-color:rgba(0, 0, 0, 0)\" class=\"has-inline-color has-red-color\">pololetn\u00ed kurzy<\/mark> (konverzace s rodilou mluv\u010d\u00ed a kurzy pro d\u011bti a ml\u00e1de\u017e) <strong>od 21. z\u00e1\u0159\u00ed do 28. ledna 2027<\/strong>. <\/p>\n\n\n\n<p class=\"wp-block-paragraph\">V p\u0159\u00edpad\u011b, \u017ee kurz odpadne z d\u016fvodu pr\u00e1zdnin, st\u00e1tn\u00edho sv\u00e1tku \u010di nenad\u00e1l\u00e9 indispozice lektora, je v\u017edy nahrazen na konci vyu\u010dovac\u00edho obdob\u00ed. V tomto trimestru kurzy neprob\u00edhaj\u00ed v dob\u011b podzimn\u00edch pr\u00e1zdnin (26. &#8211; 30.10.) a 17.11., pololetn\u00ed kurzy potom 28.9., 26.10. &#8211; 30.10., 17.11., 21. 12. &#8211; 3.1.<br>Celkov\u00e1 \u010dasov\u00e1 dotace je 10 x 90 minut (kurzy obecn\u00e9 francouz\u0161tiny), 15x 90 minut (konverzace), 15 x 45 minut (kurz pro d\u011bti), 15 x 60 minut (kurzy pro ml\u00e1de\u017e .\u00a0<strong>Kurzy francouz\u0161tiny prob\u00edhaj\u00ed v budov\u011b H Technick\u00e9 univerzity Liberec, ve Voron\u011b\u017esk\u00e9 ulici.<\/strong><\/p>\n\n\n\n<p class=\"wp-block-paragraph\">P\u0159ihl\u00e1sit se m\u016f\u017eete prost\u0159ednictv\u00edm formul\u00e1\u0159e zde:<\/p>\n\n\n\n<p class=\"wp-block-paragraph\">trimestr: <a href=\"https:\/\/forms.gle\/vDsTKN28PHdYvak88\" target=\"_blank\" rel=\"noreferrer noopener\">https:\/\/forms.gle\/vDsTKN28PHdYvak88<\/a><\/p>\n\n\n\n<p class=\"wp-block-paragraph\">pololet\u00ed: <a href=\"https:\/\/forms.gle\/f7B8xkADWHWzbrLd9\" target=\"_blank\" rel=\"noreferrer noopener\">https:\/\/forms.gle\/f7B8xkADWHWzbrLd9<\/a><\/p>\n\n\n\n<p class=\"wp-block-paragraph\"><strong>Cena kurz\u016f:<\/strong><br><mark style=\"background-color:rgba(0, 0, 0, 0)\" class=\"has-inline-color has-red-color\">2900,-\/2800,-\u00a0<\/mark>(pro studenty, d\u016fchodce, maminky na MD a nezam\u011bstnan\u00e9) za kurz 10 x 90 minut.<\/p>\n\n\n\n<p class=\"wp-block-paragraph\"><mark style=\"background-color:rgba(0, 0, 0, 0)\" class=\"has-inline-color has-red-color\">4350,- <\/mark>za konverzaci 15 x 90 minut.<\/p>\n\n\n\n<p class=\"wp-block-paragraph\"><mark style=\"background-color:rgba(0, 0, 0, 0)\" class=\"has-inline-color has-red-color\">2800,-<\/mark><strong><mark style=\"background-color:rgba(0, 0, 0, 0)\" class=\"has-inline-color has-red-color\"> <\/mark><\/strong>kurzy pro ml\u00e1de\u017e 15x 60 minut.<\/p>\n\n\n\n<p class=\"wp-block-paragraph\"><mark style=\"background-color:rgba(0, 0, 0, 0)\" class=\"has-inline-color has-red-color\">2400,-<\/mark> kurz pro d\u011bti 15 x 45 minut.<\/p>\n\n\n\n<p class=\"wp-block-paragraph\"><br>Minim\u00e1ln\u00ed po\u010det \u00fa\u010dastn\u00edk\u016f pro otev\u0159en\u00ed kurzu jsou 4. V p\u0159\u00edpad\u011b ni\u017e\u0161\u00edho po\u010dtu student\u016f si vyhrazujeme pr\u00e1vo upravit cenu nebo sn\u00ed\u017eit po\u010det lekc\u00ed za trimestr.<\/p>\n\n\n\n<p class=\"wp-block-paragraph\"><strong><mark>Platbu kurzovn\u00e9ho pros\u00edm prov\u00e1d\u011bjte p\u0159evodem na \u00fa\u010det \u010d. 981222339\/0800<\/mark><\/strong><br>(do pozn\u00e1mky k platb\u011b uve\u010fte jm\u00e9no studenta)<\/p>\n\n\n\n<p class=\"wp-block-paragraph\">Kurzy se otev\u0159ou v z\u00e1vislosti na po\u010dtu p\u0159ihl\u00e1\u0161en\u00fdch.<\/p>\n\n\n\n<p class=\"wp-block-paragraph\">Nev\u00edte si rady s v\u00fdb\u011brem kurzu? Zavolejte n\u00e1m na&nbsp;<strong>tel. 601 357 597<\/strong>&nbsp;nebo napi\u0161te na&nbsp;<strong>liberec@alliancefrancaise.cz<\/strong>, r\u00e1di V\u00e1m porad\u00edme.<\/p>\n\n\n\n<figure class=\"wp-block-image size-large\"><img loading=\"lazy\" decoding=\"async\" width=\"971\" height=\"1360\" src=\"https:\/\/www.alliancefrancaise.cz\/liberec\/wp-content\/uploads\/2026\/08\/Plakat-podzim-26-971x1360.jpg\" alt=\"\" class=\"wp-image-7938\" srcset=\"https:\/\/www.alliancefrancaise.cz\/liberec\/wp-content\/uploads\/2026\/08\/Plakat-podzim-26-971x1360.jpg 971w, https:\/\/www.alliancefrancaise.cz\/liberec\/wp-content\/uploads\/2026\/08\/Plakat-podzim-26-329x460.jpg 329w, https:\/\/www.alliancefrancaise.cz\/liberec\/wp-content\/uploads\/2026\/08\/Plakat-podzim-26-768x1075.jpg 768w, https:\/\/www.alliancefrancaise.cz\/liberec\/wp-content\/uploads\/2026\/08\/Plakat-podzim-26-scaled.jpg 1829w\" sizes=\"auto, (max-width: 971px) 100vw, 971px\" \/><\/figure>\n","protected":false},"excerpt":{"rendered":"<p>Kurzy v podzimn\u00edm trimestru prob\u00edhaj\u00ed v t\u00fddnu\u00a0od 29. z\u00e1\u0159\u00ed do 14. prosince\u00a02026, pololetn\u00ed kurzy (konverzace s rodilou mluv\u010d\u00ed a kurzy pro d\u011bti a ml\u00e1de\u017e) od 21. z\u00e1\u0159\u00ed do&#8230;<\/p>\n","protected":false},"author":4,"featured_media":0,"parent":0,"menu_order":0,"comment_status":"closed","ping_status":"closed","template":"","meta":{"_acf_changed":false,"footnotes":""},"class_list":["post-7920","page","type-page","status-publish","hentry"],"acf":[],"_links":{"self":[{"href":"https:\/\/www.alliancefrancaise.cz\/liberec\/wp-json\/wp\/v2\/pages\/7920","targetHints":{"allow":["GET"]}}],"collection":[{"href":"https:\/\/www.alliancefrancaise.cz\/liberec\/wp-json\/wp\/v2\/pages"}],"about":[{"href":"https:\/\/www.alliancefrancaise.cz\/liberec\/wp-json\/wp\/v2\/types\/page"}],"author":[{"embeddable":true,"href":"https:\/\/www.alliancefrancaise.cz\/liberec\/wp-json\/wp\/v2\/users\/4"}],"replies":[{"embeddable":true,"href":"https:\/\/www.alliancefrancaise.cz\/liberec\/wp-json\/wp\/v2\/comments?post=7920"}],"version-history":[{"count":4,"href":"https:\/\/www.alliancefrancaise.cz\/liberec\/wp-json\/wp\/v2\/pages\/7920\/revisions"}],"predecessor-version":[{"id":7940,"href":"https:\/\/www.alliancefrancaise.cz\/liberec\/wp-json\/wp\/v2\/pages\/7920\/revisions\/7940"}],"wp:attachment":[{"href":"https:\/\/www.alliancefrancaise.cz\/liberec\/wp-json\/wp\/v2\/media?parent=7920"}],"curies":[{"name":"wp","href":"https:\/\/api.w.org\/{rel}","templated":true}]}}

<p class="wp-block-paragraph">Kurzy v <mark style="background-color:rgba(0, 0, 0, 0)" class="has-inline-color has-red-color">podzimním trimestru</mark> probíhají v týdnu <strong>od 29. září do 14. prosince 2026</strong>, </p>



<p class="wp-block-paragraph"><mark style="background-color:rgba(0, 0, 0, 0)" class="has-inline-color has-red-color">pololetní kurzy</mark> (konverzace s rodilou mluvčí a kurzy pro děti a mládež) <strong>od 21. září do 28. ledna 2027</strong>. </p>



<p class="wp-block-paragraph">V případě, že kurz odpadne z důvodu prázdnin, státního svátku či nenadálé indispozice lektora, je vždy nahrazen na konci vyučovacího období. V tomto trimestru kurzy neprobíhají v době podzimních prázdnin (26. &#8211; 30.10.) a 17.11., pololetní kurzy potom 28.9., 26.10. &#8211; 30.10., 17.11., 21. 12. &#8211; 3.1.<br>Celková časová dotace je 10 x 90 minut (kurzy obecné francouzštiny), 15x 90 minut (konverzace), 15 x 45 minut (kurz pro děti), 15 x 60 minut (kurzy pro mládež . <strong>Kurzy francouzštiny probíhají v budově H Technické univerzity Liberec, ve Voroněžské ulici.</strong></p>



<p class="wp-block-paragraph">Přihlásit se můžete prostřednictvím formuláře zde:</p>



<p class="wp-block-paragraph">trimestr: <a href="https://forms.gle/vDsTKN28PHdYvak88" target="_blank" rel="noreferrer noopener">https://forms.gle/vDsTKN28PHdYvak88</a></p>



<p class="wp-block-paragraph">pololetí: <a href="https://forms.gle/f7B8xkADWHWzbrLd9" target="_blank" rel="noreferrer noopener">https://forms.gle/f7B8xkADWHWzbrLd9</a></p>



<p class="wp-block-paragraph"><strong>Cena kurzů:</strong><br><mark style="background-color:rgba(0, 0, 0, 0)" class="has-inline-color has-red-color">2900,-/2800,- </mark>(pro studenty, důchodce, maminky na MD a nezaměstnané) za kurz 10 x 90 minut.</p>



<p class="wp-block-paragraph"><mark style="background-color:rgba(0, 0, 0, 0)" class="has-inline-color has-red-color">4350,- </mark>za konverzaci 15 x 90 minut.</p>



<p class="wp-block-paragraph"><mark style="background-color:rgba(0, 0, 0, 0)" class="has-inline-color has-red-color">2800,-</mark><strong><mark style="background-color:rgba(0, 0, 0, 0)" class="has-inline-color has-red-color"> </mark></strong>kurzy pro mládež 15x 60 minut.</p>



<p class="wp-block-paragraph"><mark style="background-color:rgba(0, 0, 0, 0)" class="has-inline-color has-red-color">2400,-</mark> kurz pro děti 15 x 45 minut.</p>



<p class="wp-block-paragraph"><br>Minimální počet účastníků pro otevření kurzu jsou 4. V případě nižšího počtu studentů si vyhrazujeme právo upravit cenu nebo snížit počet lekcí za trimestr.</p>



<p class="wp-block-paragraph"><strong><mark>Platbu kurzovného prosím provádějte převodem na účet č. 981222339/0800</mark></strong><br>(do poznámky k platbě uveďte jméno studenta)</p>



<p class="wp-block-paragraph">Kurzy se otevřou v závislosti na počtu přihlášených.</p>



<p class="wp-block-paragraph">Nevíte si rady s výběrem kurzu? Zavolejte nám na&nbsp;<strong>tel. 601 357 597</strong>&nbsp;nebo napište na&nbsp;<strong>liberec@alliancefrancaise.cz</strong>, rádi Vám poradíme.</p>



<figure class="wp-block-image size-large"><img loading="lazy" decoding="async" width="971" height="1360" src="https://www.alliancefrancaise.cz/liberec/wp-content/uploads/2026/08/Plakat-podzim-26-971x1360.jpg" alt="" class="wp-image-7938" srcset="https://www.alliancefrancaise.cz/liberec/wp-content/uploads/2026/08/Plakat-podzim-26-971x1360.jpg 971w, https://www.alliancefrancaise.cz/liberec/wp-content/uploads/2026/08/Plakat-podzim-26-329x460.jpg 329w, https://www.alliancefrancaise.cz/liberec/wp-content/uploads/2026/08/Plakat-podzim-26-768x1075.jpg 768w, https://www.alliancefrancaise.cz/liberec/wp-content/uploads/2026/08/Plakat-podzim-26-scaled.jpg 1829w" sizes="auto, (max-width: 971px) 100vw, 971px" /></figure>

<p>Kurzy v podzimním trimestru probíhají v týdnu od 29. září do 14. prosince 2026, pololetní kurzy (konverzace s rodilou mluvčí a kurzy pro děti a mládež) od 21. září do&#8230;</p>
