{"id":7927,"date":"2026-08-31T11:53:36","date_gmt":"2026-08-31T09:53:36","guid":{"rendered":"https:\/\/www.alliancefrancaise.cz\/liberec\/?page_id=7927"},"modified":"2026-09-01T13:50:04","modified_gmt":"2026-09-01T11:50:04","slug":"__trashed","status":"publish","type":"page","link":"https:\/\/www.alliancefrancaise.cz\/liberec\/__trashed\/","title":{"rendered":"Kurz pro za\u010d\u00e1te\u010dn\u00edky od z\u00e1\u0159\u00ed 2026"},"content":{"rendered":"\n<p class=\"wp-block-paragraph\">Nab\u00edz\u00edme dva nov\u00e9 kurzy pro \u00fapln\u00e9 za\u010d\u00e1te\u010dn\u00edky. Oba za\u010d\u00ednaj\u00ed v \u00fater\u00fd <strong>29. z\u00e1\u0159\u00ed 2026<\/strong>. Dopoledn\u00ed kurz bude prob\u00edhat od <strong>8:30 do 10:00<\/strong> a odpoledn\u00ed od\u00a0<strong>16:00 do 17:30<\/strong>\u00a0v rozsahu 10x 90 minut.<\/p>\n\n\n\n<p class=\"wp-block-paragraph\">P\u0159ihl\u00e1sit do kurzu se m\u016f\u017eete prost\u0159ednictv\u00edm tohoto odkazu:<\/p>\n\n\n\n<p class=\"wp-block-paragraph\"><a href=\"https:\/\/forms.gle\/vDsTKN28PHdYvak88\" target=\"_blank\" rel=\"noopener\">https:\/\/forms.gle\/vDsTKN28PHdYvak88<\/a><\/p>\n\n\n\n<p class=\"wp-block-paragraph\"><strong>Cena kurz\u016f:<\/strong><br><strong>2900,-\/2800,-<\/strong>&nbsp;(pro studenty, d\u016fchodce, maminky na MD a nezam\u011bstnan\u00e9).<\/p>\n\n\n\n<p class=\"wp-block-paragraph\"><strong>Platbu kurzovn\u00e9ho pros\u00edm prov\u00e1d\u011bjte p\u0159evodem na \u00fa\u010det \u010d. 981222339\/0800<\/strong><br>(do pozn\u00e1mky k platb\u011b uve\u010fte jm\u00e9no studenta)<\/p>\n\n\n\n<p class=\"wp-block-paragraph\">Kurz se otev\u0159e v z\u00e1vislosti na po\u010dtu p\u0159ihl\u00e1\u0161en\u00fdch.<\/p>\n","protected":false},"excerpt":{"rendered":"<p>Nab\u00edz\u00edme dva nov\u00e9 kurzy pro \u00fapln\u00e9 za\u010d\u00e1te\u010dn\u00edky. Oba za\u010d\u00ednaj\u00ed v \u00fater\u00fd 29. z\u00e1\u0159\u00ed 2026. Dopoledn\u00ed kurz bude prob\u00edhat od 8:30 do 10:00 a odpoledn\u00ed od\u00a016:00 do 17:30\u00a0v rozsahu&#8230;<\/p>\n","protected":false},"author":4,"featured_media":0,"parent":0,"menu_order":0,"comment_status":"closed","ping_status":"closed","template":"","meta":{"_acf_changed":false,"footnotes":""},"class_list":["post-7927","page","type-page","status-publish","hentry"],"acf":[],"_links":{"self":[{"href":"https:\/\/www.alliancefrancaise.cz\/liberec\/wp-json\/wp\/v2\/pages\/7927","targetHints":{"allow":["GET"]}}],"collection":[{"href":"https:\/\/www.alliancefrancaise.cz\/liberec\/wp-json\/wp\/v2\/pages"}],"about":[{"href":"https:\/\/www.alliancefrancaise.cz\/liberec\/wp-json\/wp\/v2\/types\/page"}],"author":[{"embeddable":true,"href":"https:\/\/www.alliancefrancaise.cz\/liberec\/wp-json\/wp\/v2\/users\/4"}],"replies":[{"embeddable":true,"href":"https:\/\/www.alliancefrancaise.cz\/liberec\/wp-json\/wp\/v2\/comments?post=7927"}],"version-history":[{"count":4,"href":"https:\/\/www.alliancefrancaise.cz\/liberec\/wp-json\/wp\/v2\/pages\/7927\/revisions"}],"predecessor-version":[{"id":7946,"href":"https:\/\/www.alliancefrancaise.cz\/liberec\/wp-json\/wp\/v2\/pages\/7927\/revisions\/7946"}],"wp:attachment":[{"href":"https:\/\/www.alliancefrancaise.cz\/liberec\/wp-json\/wp\/v2\/media?parent=7927"}],"curies":[{"name":"wp","href":"https:\/\/api.w.org\/{rel}","templated":true}]}}

Kurz pro začátečníky od září 2026

<p class="wp-block-paragraph">Nabízíme dva nové kurzy pro úplné začátečníky. Oba začínají v úterý <strong>29. září 2026</strong>. Dopolední kurz bude probíhat od <strong>8:30 do 10:00</strong> a odpolední od <strong>16:00 do 17:30</strong> v rozsahu 10x 90 minut.</p>



<p class="wp-block-paragraph">Přihlásit do kurzu se můžete prostřednictvím tohoto odkazu:</p>



<p class="wp-block-paragraph"><a href="https://forms.gle/vDsTKN28PHdYvak88" target="_blank" rel="noopener">https://forms.gle/vDsTKN28PHdYvak88</a></p>



<p class="wp-block-paragraph"><strong>Cena kurzů:</strong><br><strong>2900,-/2800,-</strong>&nbsp;(pro studenty, důchodce, maminky na MD a nezaměstnané).</p>



<p class="wp-block-paragraph"><strong>Platbu kurzovného prosím provádějte převodem na účet č. 981222339/0800</strong><br>(do poznámky k platbě uveďte jméno studenta)</p>



<p class="wp-block-paragraph">Kurz se otevře v závislosti na počtu přihlášených.</p>

<p>Nabízíme dva nové kurzy pro úplné začátečníky. Oba začínají v úterý 29. září 2026. Dopolední kurz bude probíhat od 8:30 do 10:00 a odpolední od 16:00 do 17:30 v rozsahu&#8230;</p>
