{"id":10287,"date":"2026-04-28T15:55:21","date_gmt":"2026-04-28T13:55:21","guid":{"rendered":"https:\/\/www.alliancefrancaise.cz\/ostrava\/?page_id=10287"},"modified":"2026-04-29T10:54:32","modified_gmt":"2026-04-29T08:54:32","slug":"cours-intensifs-5-jours-pour-oser-parler-francais","status":"publish","type":"page","link":"https:\/\/www.alliancefrancaise.cz\/ostrava\/fr\/cours-intensifs-5-jours-pour-oser-parler-francais\/","title":{"rendered":"Cours intensifs : 5 jours pour oser parler fran\u00e7ais !"},"content":{"rendered":"\n<div class=\"wp-block-button\"><form style=\"text-align: center;\"><a class=\"wp-block-button__link has-background wp-element-button\" href=\"https:\/\/docs.google.com\/forms\/d\/e\/1FAIpQLScN3wtiVyUVg2Wt0QAHuC_QPoTclgNRyXsqHCy5CHXdG1ttLw\/viewform?usp=sharing&#038;ouid=117750912392785430453\" style=\"background-color:#e60012\" target=\"_blank\" rel=\"noreferrer noopener\">Formulaire de pr\u00e9-inscription au cours<\/a><\/div>\n\n\n\n<p><\/p>\n\n\n\n<p>Vous avez d\u00e9j\u00e0 appris un peu de fran\u00e7ais mais vous n\u2019osez pas parler ? Ou vous partez de z\u00e9ro et voulez progresser rapidement ? Ce stage intensif de 5 jours est con\u00e7u pour vous aider \u00e0 communiquer en fran\u00e7ais dans des situations r\u00e9elles d\u00e8s la premi\u00e8re s\u00e9ance. Pendant <strong>2 heures par jour<\/strong>, vous travaillerez en <strong>petit groupe<\/strong> avec plusieurs enseignants de l\u2019Alliance Fran\u00e7aise, dans une ambiance dynamique et sans stress. L\u2019accent est mis sur <strong>l\u2019oral, la pratique et la confiance<\/strong> : se pr\u00e9senter, commander, poser des questions simples et interagir au quotidien. \u00c0 la fin de la semaine, vous serez capable de vous d\u00e9brouiller en fran\u00e7ais dans des situations de base.&nbsp;<\/p>\n\n\n\n<p><\/p>\n\n\n\n<p><img decoding=\"async\" src=\"https:\/\/fonts.gstatic.com\/s\/e\/notoemoji\/17.0\/1f4c5\/72.png\" alt=\"\ud83d\udcc5\">&nbsp;Dates et heures : du lundi 22 au vendredi 26 juin, de 16h \u00e0 18h<\/p>\n\n\n\n<p><img decoding=\"async\" alt=\"\ud83d\udccd\" src=\"https:\/\/fonts.gstatic.com\/s\/e\/notoemoji\/17.0\/1f4cd\/72.png\">&nbsp;Lieu : Alliance Fran\u00e7aise Ostrava &#8211; \u010cs. legi\u00ed 1364, 702 00 Moravsk\u00e1 Ostrava a P\u0159\u00edvoz<\/p>\n\n\n\n<p><img decoding=\"async\" alt=\"\ud83d\udcd8\" src=\"https:\/\/fonts.gstatic.com\/s\/e\/notoemoji\/17.0\/1f4d8\/72.png\">&nbsp;Niveau : A1<\/p>\n\n\n\n<p><img decoding=\"async\" alt=\"\ud83d\udcb0\" src=\"https:\/\/fonts.gstatic.com\/s\/e\/notoemoji\/17.0\/1f4b0\/72.png\">&nbsp;Prix : 2500 couronnes avant le 31 mai et 3000 couronnes \u00e0 partir du 1er juin.<\/p>\n","protected":false},"excerpt":{"rendered":"<p>Formulaire de pr\u00e9-inscription au cours Vous avez d\u00e9j\u00e0 appris un peu de fran\u00e7ais mais vous n\u2019osez pas parler ? Ou vous partez de z\u00e9ro et voulez progresser rapidement&#8230;<\/p>\n","protected":false},"author":4,"featured_media":10288,"parent":0,"menu_order":0,"comment_status":"closed","ping_status":"closed","template":"","meta":{"_acf_changed":false,"footnotes":""},"class_list":["post-10287","page","type-page","status-publish","has-post-thumbnail","hentry"],"acf":[],"_links":{"self":[{"href":"https:\/\/www.alliancefrancaise.cz\/ostrava\/fr\/wp-json\/wp\/v2\/pages\/10287","targetHints":{"allow":["GET"]}}],"collection":[{"href":"https:\/\/www.alliancefrancaise.cz\/ostrava\/fr\/wp-json\/wp\/v2\/pages"}],"about":[{"href":"https:\/\/www.alliancefrancaise.cz\/ostrava\/fr\/wp-json\/wp\/v2\/types\/page"}],"author":[{"embeddable":true,"href":"https:\/\/www.alliancefrancaise.cz\/ostrava\/fr\/wp-json\/wp\/v2\/users\/4"}],"replies":[{"embeddable":true,"href":"https:\/\/www.alliancefrancaise.cz\/ostrava\/fr\/wp-json\/wp\/v2\/comments?post=10287"}],"version-history":[{"count":7,"href":"https:\/\/www.alliancefrancaise.cz\/ostrava\/fr\/wp-json\/wp\/v2\/pages\/10287\/revisions"}],"predecessor-version":[{"id":10322,"href":"https:\/\/www.alliancefrancaise.cz\/ostrava\/fr\/wp-json\/wp\/v2\/pages\/10287\/revisions\/10322"}],"wp:featuredmedia":[{"embeddable":true,"href":"https:\/\/www.alliancefrancaise.cz\/ostrava\/fr\/wp-json\/wp\/v2\/media\/10288"}],"wp:attachment":[{"href":"https:\/\/www.alliancefrancaise.cz\/ostrava\/fr\/wp-json\/wp\/v2\/media?parent=10287"}],"curies":[{"name":"wp","href":"https:\/\/api.w.org\/{rel}","templated":true}]}}

Cours intensifs : 5 jours pour oser parler français !

<div class="wp-block-button"><form style="text-align: center;"><a class="wp-block-button__link has-background wp-element-button" href="https://docs.google.com/forms/d/e/1FAIpQLScN3wtiVyUVg2Wt0QAHuC_QPoTclgNRyXsqHCy5CHXdG1ttLw/viewform?usp=sharing&#038;ouid=117750912392785430453" style="background-color:#e60012" target="_blank" rel="noreferrer noopener">Formulaire de pré-inscription au cours</a></div>



<p></p>



<p>Vous avez déjà appris un peu de français mais vous n’osez pas parler ? Ou vous partez de zéro et voulez progresser rapidement ? Ce stage intensif de 5 jours est conçu pour vous aider à communiquer en français dans des situations réelles dès la première séance. Pendant <strong>2 heures par jour</strong>, vous travaillerez en <strong>petit groupe</strong> avec plusieurs enseignants de l’Alliance Française, dans une ambiance dynamique et sans stress. L’accent est mis sur <strong>l’oral, la pratique et la confiance</strong> : se présenter, commander, poser des questions simples et interagir au quotidien. À la fin de la semaine, vous serez capable de vous débrouiller en français dans des situations de base.&nbsp;</p>



<p></p>



<p><img decoding="async" src="https://fonts.gstatic.com/s/e/notoemoji/17.0/1f4c5/72.png" alt="📅">&nbsp;Dates et heures : du lundi 22 au vendredi 26 juin, de 16h à 18h</p>



<p><img decoding="async" alt="📍" src="https://fonts.gstatic.com/s/e/notoemoji/17.0/1f4cd/72.png">&nbsp;Lieu : Alliance Française Ostrava &#8211; Čs. legií 1364, 702 00 Moravská Ostrava a Přívoz</p>



<p><img decoding="async" alt="📘" src="https://fonts.gstatic.com/s/e/notoemoji/17.0/1f4d8/72.png">&nbsp;Niveau : A1</p>



<p><img decoding="async" alt="💰" src="https://fonts.gstatic.com/s/e/notoemoji/17.0/1f4b0/72.png">&nbsp;Prix : 2500 couronnes avant le 31 mai et 3000 couronnes à partir du 1er juin.</p>

<p>Formulaire de pré-inscription au cours Vous avez déjà appris un peu de français mais vous n’osez pas parler ? Ou vous partez de zéro et voulez progresser rapidement&#8230;</p>
