{"id":10357,"date":"2026-05-05T16:55:51","date_gmt":"2026-05-05T14:55:51","guid":{"rendered":"https:\/\/www.alliancefrancaise.cz\/ostrava\/?page_id=10357"},"modified":"2026-05-06T10:41:35","modified_gmt":"2026-05-06T08:41:35","slug":"kulturni-partneri-2","status":"publish","type":"page","link":"https:\/\/www.alliancefrancaise.cz\/ostrava\/kulturni-partneri-2\/","title":{"rendered":"PARTNE\u0158I V KULTU\u0158E"},"content":{"rendered":"\n<h2 class=\"wp-block-heading\">Konzervato\u0159 Leo\u0161e Jan\u00e1\u010dka<\/h2>\n\n\n\n<figure class=\"wp-block-image size-full is-resized\"><img loading=\"lazy\" decoding=\"async\" width=\"209\" height=\"125\" src=\"https:\/\/www.alliancefrancaise.cz\/ostrava\/wp-content\/uploads\/2024\/04\/images-1.jpeg\" alt=\"\" class=\"wp-image-7038\" style=\"width:255px;height:auto\"\/><\/figure>\n\n\n\n<p><a href=\"http:\/\/www.jko.cz\/\" target=\"_blank\" rel=\"noreferrer noopener\">KONZERVATO\u0158 LEO\u0160E JAN\u00c1\u010cKA<\/a><\/p>\n\n\n\n<hr class=\"wp-block-separator has-alpha-channel-opacity\"\/>\n\n\n\n<h2 class=\"wp-block-heading\">Ostravsk\u00e1 knihovna Megabooks<\/h2>\n\n\n\n<figure class=\"wp-block-image size-full\"><img loading=\"lazy\" decoding=\"async\" width=\"410\" height=\"123\" src=\"https:\/\/www.alliancefrancaise.cz\/ostrava\/wp-content\/uploads\/2026\/05\/Opera-Instantane_2026-05-06_102225_www.megabooks.cz_-1.png\" alt=\"\" class=\"wp-image-10373\"\/><\/figure>\n\n\n\n<a href=\"https:\/\/www.megabooks.cz\/en\" target=\"_blank\" rel=\"noopener\">MEGABOOKS CZ<\/a>\n\n\n\n<p>Od z\u00e1\u0159\u00ed 2026 z\u00edskaj\u00ed studenti Aliance slevu 15 % na kolekce Megabooks Ostrava.<\/p>\n\n\n\n<hr class=\"wp-block-separator has-alpha-channel-opacity\"\/>\n\n\n\n<h2 class=\"wp-block-heading\">Knihovna m\u011bsta Ostravy<\/h2>\n\n\n\n<figure class=\"wp-block-image size-full\"><img loading=\"lazy\" decoding=\"async\" width=\"600\" height=\"63\" src=\"https:\/\/www.alliancefrancaise.cz\/ostrava\/wp-content\/uploads\/2024\/04\/telechargement-3-1.png\" alt=\"\" class=\"wp-image-7040\" srcset=\"https:\/\/www.alliancefrancaise.cz\/ostrava\/wp-content\/uploads\/2024\/04\/telechargement-3-1.png 600w, https:\/\/www.alliancefrancaise.cz\/ostrava\/wp-content\/uploads\/2024\/04\/telechargement-3-1-460x48.png 460w\" sizes=\"auto, (max-width: 600px) 100vw, 600px\" \/><\/figure>\n\n\n\n<p><a href=\"http:\/\/www.kmo.cz\/\" target=\"_blank\" rel=\"noreferrer noopener\">KNIHOVNA M\u011aSTA OSTRAVY<\/a><\/p>\n\n\n\n<hr class=\"wp-block-separator has-alpha-channel-opacity\"\/>\n\n\n\n<h2 class=\"wp-block-heading\">Babylon Caf\u00e9<\/h2>\n\n\n\n<figure class=\"wp-block-image size-full\"><img loading=\"lazy\" decoding=\"async\" width=\"180\" height=\"180\" src=\"https:\/\/www.alliancefrancaise.cz\/ostrava\/wp-content\/uploads\/2024\/04\/telechargement-1.jpeg\" alt=\"\" class=\"wp-image-7036\" srcset=\"https:\/\/www.alliancefrancaise.cz\/ostrava\/wp-content\/uploads\/2024\/04\/telechargement-1.jpeg 180w, https:\/\/www.alliancefrancaise.cz\/ostrava\/wp-content\/uploads\/2024\/04\/telechargement-1-150x150.jpeg 150w\" sizes=\"auto, (max-width: 180px) 100vw, 180px\" \/><\/figure>\n\n\n\n<p><a href=\"https:\/\/www.facebook.com\/babylonCafeOstrava\/\" rel=\"noreferrer noopener\" target=\"_blank\">BABYLON CAF\u00c9<\/a><\/p>\n\n\n\n<hr class=\"wp-block-separator has-alpha-channel-opacity\"\/>\n\n\n\n<h2 class=\"wp-block-heading\">Klub Parn\u00edk<\/h2>\n\n\n\n<figure class=\"wp-block-image size-full\"><img loading=\"lazy\" decoding=\"async\" width=\"800\" height=\"532\" src=\"https:\/\/www.alliancefrancaise.cz\/ostrava\/wp-content\/uploads\/2024\/04\/6703d6560e83702ae61f8b4360bf688527964506_Klub-Parnik-2-1.jpeg\" alt=\"\" class=\"wp-image-7033\" srcset=\"https:\/\/www.alliancefrancaise.cz\/ostrava\/wp-content\/uploads\/2024\/04\/6703d6560e83702ae61f8b4360bf688527964506_Klub-Parnik-2-1.jpeg 800w, https:\/\/www.alliancefrancaise.cz\/ostrava\/wp-content\/uploads\/2024\/04\/6703d6560e83702ae61f8b4360bf688527964506_Klub-Parnik-2-1-460x306.jpeg 460w, https:\/\/www.alliancefrancaise.cz\/ostrava\/wp-content\/uploads\/2024\/04\/6703d6560e83702ae61f8b4360bf688527964506_Klub-Parnik-2-1-768x511.jpeg 768w, https:\/\/www.alliancefrancaise.cz\/ostrava\/wp-content\/uploads\/2024\/04\/6703d6560e83702ae61f8b4360bf688527964506_Klub-Parnik-2-1-440x294.jpeg 440w\" sizes=\"auto, (max-width: 800px) 100vw, 800px\" \/><\/figure>\n\n\n\n<p><a href=\"https:\/\/www.klub-parnik.cz\/\" target=\"_blank\" rel=\"noreferrer noopener\">CLUB PARN\u00cdK<\/a>&nbsp;je partnerem Alliance Fran\u00e7aise Ostrava.<\/p>\n\n\n\n<hr class=\"wp-block-separator has-alpha-channel-opacity\"\/>\n\n\n\n<h2 class=\"wp-block-heading\">La Petite Conversation<\/h2>\n\n\n\n<figure class=\"wp-block-image size-full\"><img loading=\"lazy\" decoding=\"async\" width=\"474\" height=\"85\" src=\"https:\/\/www.alliancefrancaise.cz\/ostrava\/wp-content\/uploads\/2024\/04\/lapeco-logo-stit-1.png\" alt=\"\" class=\"wp-image-7031\" srcset=\"https:\/\/www.alliancefrancaise.cz\/ostrava\/wp-content\/uploads\/2024\/04\/lapeco-logo-stit-1.png 474w, https:\/\/www.alliancefrancaise.cz\/ostrava\/wp-content\/uploads\/2024\/04\/lapeco-logo-stit-1-460x82.png 460w\" sizes=\"auto, (max-width: 474px) 100vw, 474px\" \/><\/figure>\n\n\n\n<p>Ochutnejte belgickou gastronomii v typick\u00e9 atmosf\u00e9\u0159e belgick\u00e9 kav\u00e1rny &#8211;&nbsp;<a href=\"http:\/\/www.lapeco.cz\/\" target=\"_blank\" rel=\"noreferrer noopener\">LAPECO<\/a><\/p>\n\n\n\n<hr class=\"wp-block-separator has-alpha-channel-opacity\"\/>\n\n\n\n<h2 class=\"wp-block-heading\">Kino Minikino<\/h2>\n\n\n\n<figure class=\"wp-block-image size-full\"><img loading=\"lazy\" decoding=\"async\" width=\"900\" height=\"600\" src=\"https:\/\/www.alliancefrancaise.cz\/ostrava\/wp-content\/uploads\/2024\/04\/9d98f3c0090a48f6fb0c202a34e26dcc19f787dd_Minikino_900x600-1.jpeg\" alt=\"\" class=\"wp-image-7042\" srcset=\"https:\/\/www.alliancefrancaise.cz\/ostrava\/wp-content\/uploads\/2024\/04\/9d98f3c0090a48f6fb0c202a34e26dcc19f787dd_Minikino_900x600-1.jpeg 900w, https:\/\/www.alliancefrancaise.cz\/ostrava\/wp-content\/uploads\/2024\/04\/9d98f3c0090a48f6fb0c202a34e26dcc19f787dd_Minikino_900x600-1-460x307.jpeg 460w, https:\/\/www.alliancefrancaise.cz\/ostrava\/wp-content\/uploads\/2024\/04\/9d98f3c0090a48f6fb0c202a34e26dcc19f787dd_Minikino_900x600-1-768x512.jpeg 768w, https:\/\/www.alliancefrancaise.cz\/ostrava\/wp-content\/uploads\/2024\/04\/9d98f3c0090a48f6fb0c202a34e26dcc19f787dd_Minikino_900x600-1-440x294.jpeg 440w\" sizes=\"auto, (max-width: 900px) 100vw, 900px\" \/><\/figure>\n\n\n\n<p><a href=\"https:\/\/www.minikino.cz\/\" target=\"_blank\" rel=\"noopener\">MINIKINO<\/a><\/p>\n","protected":false},"excerpt":{"rendered":"<p>Konzervato\u0159 Leo\u0161e Jan\u00e1\u010dka KONZERVATO\u0158 LEO\u0160E JAN\u00c1\u010cKA Ostravsk\u00e1 knihovna Megabooks MEGABOOKS CZ Od z\u00e1\u0159\u00ed 2026 z\u00edskaj\u00ed studenti Aliance slevu 15 % na kolekce Megabooks Ostrava. Knihovna m\u011bsta Ostravy KNIHOVNA&#8230;<\/p>\n","protected":false},"author":4,"featured_media":0,"parent":0,"menu_order":0,"comment_status":"closed","ping_status":"closed","template":"","meta":{"_acf_changed":false,"footnotes":""},"class_list":["post-10357","page","type-page","status-publish","hentry"],"acf":[],"_links":{"self":[{"href":"https:\/\/www.alliancefrancaise.cz\/ostrava\/wp-json\/wp\/v2\/pages\/10357","targetHints":{"allow":["GET"]}}],"collection":[{"href":"https:\/\/www.alliancefrancaise.cz\/ostrava\/wp-json\/wp\/v2\/pages"}],"about":[{"href":"https:\/\/www.alliancefrancaise.cz\/ostrava\/wp-json\/wp\/v2\/types\/page"}],"author":[{"embeddable":true,"href":"https:\/\/www.alliancefrancaise.cz\/ostrava\/wp-json\/wp\/v2\/users\/4"}],"replies":[{"embeddable":true,"href":"https:\/\/www.alliancefrancaise.cz\/ostrava\/wp-json\/wp\/v2\/comments?post=10357"}],"version-history":[{"count":4,"href":"https:\/\/www.alliancefrancaise.cz\/ostrava\/wp-json\/wp\/v2\/pages\/10357\/revisions"}],"predecessor-version":[{"id":10377,"href":"https:\/\/www.alliancefrancaise.cz\/ostrava\/wp-json\/wp\/v2\/pages\/10357\/revisions\/10377"}],"wp:attachment":[{"href":"https:\/\/www.alliancefrancaise.cz\/ostrava\/wp-json\/wp\/v2\/media?parent=10357"}],"curies":[{"name":"wp","href":"https:\/\/api.w.org\/{rel}","templated":true}]}}