{"id":2,"date":"2018-01-27T13:09:22","date_gmt":"2018-01-27T12:09:22","guid":{"rendered":"https:\/\/www.alliancefrancaise.cz\/ostrava\/?page_id=2"},"modified":"2026-02-13T14:00:31","modified_gmt":"2026-02-13T13:00:31","slug":"uvod-2","status":"publish","type":"page","link":"https:\/\/www.alliancefrancaise.cz\/ostrava\/","title":{"rendered":"\u00davod"},"content":{"rendered":"\n<div class=\"wp-block-cover alignfull is-light hp-first\" style=\"min-height:100vh;aspect-ratio:unset;\"><img loading=\"lazy\" decoding=\"async\" width=\"1360\" height=\"691\" class=\"wp-block-cover__image-background wp-image-10137 size-large\" alt=\"\" src=\"https:\/\/www.alliancefrancaise.cz\/ostrava\/wp-content\/uploads\/2026\/02\/1200x610-banniere-site-internet-HQ-1-1360x691.png\" data-object-fit=\"cover\" srcset=\"https:\/\/www.alliancefrancaise.cz\/ostrava\/wp-content\/uploads\/2026\/02\/1200x610-banniere-site-internet-HQ-1-1360x691.png 1360w, https:\/\/www.alliancefrancaise.cz\/ostrava\/wp-content\/uploads\/2026\/02\/1200x610-banniere-site-internet-HQ-1-460x234.png 460w, https:\/\/www.alliancefrancaise.cz\/ostrava\/wp-content\/uploads\/2026\/02\/1200x610-banniere-site-internet-HQ-1-768x390.png 768w\" sizes=\"auto, (max-width: 1360px) 100vw, 1360px\" \/><span aria-hidden=\"true\" class=\"wp-block-cover__background has-white-background-color has-background-dim\"><\/span><div class=\"wp-block-cover__inner-container is-layout-flow wp-block-cover-is-layout-flow\">\n<div class=\"wp-block-columns are-vertically-aligned-center is-layout-flex wp-container-core-columns-is-layout-9d6595d7 wp-block-columns-is-layout-flex\">\n<div class=\"wp-block-column is-vertically-aligned-center is-layout-flow wp-block-column-is-layout-flow\"><\/div>\n\n\n\n<div class=\"wp-block-column is-vertically-aligned-center blockText is-layout-flow wp-block-column-is-layout-flow\" style=\"flex-basis:60%\">\n<p class=\"has-text-align-center h1 animTop has-red-color has-text-color\">Parlez fran\u00e7ais.<br>Vivez en fran\u00e7ais.<\/p>\n\n\n\n<div class=\"wp-block-buttons is-content-justification-center is-layout-flex wp-container-core-buttons-is-layout-16018d1d wp-block-buttons-is-layout-flex\">\n<div class=\"wp-block-button animTop is-style-fill\"><a class=\"wp-block-button__link wp-element-button\" href=\"https:\/\/www.alliancefrancaise.cz\/ostrava\/skupinove-kurzy-2025-2026\/\">Zobrazit Kurzy<\/a><\/div>\n<\/div>\n<\/div>\n<\/div>\n<\/div><\/div>\n\n\n\n<div class=\"wp-block-columns is-layout-flex wp-container-core-columns-is-layout-9d6595d7 wp-block-columns-is-layout-flex\">\n<div class=\"wp-block-column is-vertically-aligned-center is-layout-flow wp-block-column-is-layout-flow\">\n<h1 class=\"wp-block-heading\">Parlez fran\u00e7ais<\/h1>\n\n\n\n<p><strong>Jazyk, kter\u00fdm se mluv\u00ed po cel\u00e9m sv\u011bt\u011b!<\/strong><\/p>\n\n\n\n<p>Do roku 2024 by mohlo francouzsky mluvit 321 milion\u016f lid\u00ed na 5 kontinentech. Frankofonii sdru\u017euje 88 zem\u00ed a vl\u00e1d.<\/p>\n\n\n\n<p><strong>Jazyk, kter\u00fd v\u00e1m pom\u016f\u017ee naj\u00edt pr\u00e1ci!<\/strong><\/p>\n\n\n\n<p>Znalost francouz\u0161tiny a angli\u010dtiny je v\u00fdhodou, kter\u00e1 zvy\u0161uje va\u0161e \u0161ance na mezin\u00e1rodn\u00edm trhu pr\u00e1ce. Francouz\u0161tina otev\u00edr\u00e1 dve\u0159e do francouzsk\u00fdch firem ve Francii a ve frankofonn\u00edch zem\u00edch (Kanada, \u0160v\u00fdcarsko, Belgie a africk\u00fd kontinent). Francie je \u0161estou nejv\u011bt\u0161\u00ed obchodn\u00ed velmoc\u00ed a hlavn\u00edm p\u0159\u00edjemcem zahrani\u010dn\u00edch investic v Evrop\u011b, co\u017e z n\u00ed \u010din\u00ed d\u016fle\u017eit\u00e9ho hospod\u00e1\u0159sk\u00e9ho partnera.<\/p>\n\n\n\n<p><strong>Jazyk mezin\u00e1rodn\u00edch vztah\u016f!<\/strong><\/p>\n\n\n\n<p>Francouz\u0161tina je pracovn\u00edm a \u00fa\u0159edn\u00edm jazykem OSN, Evropsk\u00e9 unie, UNESCO, NATO, Mezin\u00e1rodn\u00edho olympijsk\u00e9ho v\u00fdboru, \u010cerven\u00e9ho k\u0159\u00ed\u017ee a n\u011bkolika evropsk\u00fdch pr\u00e1vn\u00edch instituc\u00ed. Francouz\u0161tina je jazykem t\u0159\u00ed s\u00eddel evropsk\u00fdch instituc\u00ed: \u0160trasburku, Bruselu a Lucemburku.<\/p>\n\n\n\n<p><strong>Samoz\u0159ejm\u011b jazyk, ale tak\u00e9 kultura!<\/strong><\/p>\n\n\n\n<p>Francouz\u0161tina je mezin\u00e1rodn\u00edm jazykem kuchyn\u011b, m\u00f3dy, divadla, v\u00fdtvarn\u00e9ho um\u011bn\u00ed, tance a architektury. Znalost francouz\u0161tiny v\u00e1m umo\u017en\u00ed p\u0159\u00edstup k origin\u00e1ln\u00edm verz\u00edm velk\u00fdch d\u011bl francouzsk\u00e9 a frankofonn\u00ed literatury, filmu a p\u00edsn\u00ed.<\/p>\n\n\n\n<figure class=\"wp-block-embed is-type-rich is-provider-spotify wp-block-embed-spotify wp-embed-aspect-21-9 wp-has-aspect-ratio\"><div class=\"wp-block-embed__wrapper\">\n<iframe title=\"Spotify Embed: Musique fran\u00e7aise \" style=\"border-radius: 12px\" width=\"100%\" height=\"352\" frameborder=\"0\" allowfullscreen allow=\"autoplay; clipboard-write; encrypted-media; fullscreen; picture-in-picture\" loading=\"lazy\" src=\"https:\/\/open.spotify.com\/embed\/playlist\/0MG47P1ZEXudxKeuh6Kmae?si=0be6354319424c7e&amp;utm_source=oembed\"><\/iframe>\n<\/div><\/figure>\n<\/div>\n\n\n\n<div class=\"wp-block-column is-vertically-aligned-center is-layout-flow wp-block-column-is-layout-flow\">\n<figure class=\"wp-block-gallery has-nested-images columns-default is-cropped wp-block-gallery-1 is-layout-flex wp-block-gallery-is-layout-flex\">\n<figure class=\"wp-block-image size-full\"><img loading=\"lazy\" decoding=\"async\" width=\"1179\" height=\"1465\" data-id=\"8785\" src=\"https:\/\/www.alliancefrancaise.cz\/ostrava\/wp-content\/uploads\/2025\/05\/photo-cours-1.jpg\" alt=\"\" class=\"wp-image-8785\" srcset=\"https:\/\/www.alliancefrancaise.cz\/ostrava\/wp-content\/uploads\/2025\/05\/photo-cours-1.jpg 1179w, https:\/\/www.alliancefrancaise.cz\/ostrava\/wp-content\/uploads\/2025\/05\/photo-cours-1-370x460.jpg 370w, https:\/\/www.alliancefrancaise.cz\/ostrava\/wp-content\/uploads\/2025\/05\/photo-cours-1-1094x1360.jpg 1094w, https:\/\/www.alliancefrancaise.cz\/ostrava\/wp-content\/uploads\/2025\/05\/photo-cours-1-768x954.jpg 768w\" sizes=\"auto, (max-width: 1179px) 100vw, 1179px\" \/><\/figure>\n<\/figure>\n<\/div>\n<\/div>\n\n\n\n<div style=\"height:50px\" aria-hidden=\"true\" class=\"wp-block-spacer\"><\/div>\n\n\n\n<div class=\"wp-block-columns is-layout-flex wp-container-core-columns-is-layout-9d6595d7 wp-block-columns-is-layout-flex\">\n<div class=\"wp-block-column is-layout-flow wp-block-column-is-layout-flow\" style=\"flex-basis:100%\"><div class=\"row kategorieKurzu my-4 position-relative\"><img loading=\"lazy\" decoding=\"async\" width=\"460\" height=\"377\" src=\"https:\/\/www.alliancefrancaise.cz\/ostrava\/wp-content\/uploads\/2023\/08\/lide-460x377.png\" class=\"imgFloatKurzy\" alt=\"Lid\u00e9\" srcset=\"https:\/\/www.alliancefrancaise.cz\/ostrava\/wp-content\/uploads\/2023\/08\/lide-460x377.png 460w, https:\/\/www.alliancefrancaise.cz\/ostrava\/wp-content\/uploads\/2023\/08\/lide-768x630.png 768w, https:\/\/www.alliancefrancaise.cz\/ostrava\/wp-content\/uploads\/2023\/08\/lide.png 1000w\" sizes=\"auto, (max-width: 460px) 100vw, 460px\" \/><div class=\"col-md-8 order-md-1 order-2\"><div class=\"row\"><div class=\"col-md-6 my-4 animTop\"><div class=\"obalKategorieKurzu p-4 pt-5 h-100 w-100\"><h3 class=\"h5 mb-3\"><a href=\"https:\/\/www.alliancefrancaise.cz\/ostrava\/skupinove-kurzy-2025-2026\/\">Skupinov\u00e9 kurzy <\/a><\/h3><p>Kurzy rozv\u00edjej\u00ed v\u0161echny jazykov\u00e9 kompetence (porozum\u011bn\u00ed \u00fastn\u00edmu a p\u00edsemn\u00e9mu projevu, p\u00edsemnou a \u00fastn\u00ed komunikaci). Dodr\u017euj\u00ed spole\u010dn\u00fd evropsk\u00fd referen\u010dn\u00ed r\u00e1mec ur\u010duj\u00edc\u00ed jazykov\u00e9 \u00farovn\u011b.Zdokonalov\u00e1n\u00ed lingvistick\u00fdch a komunikativn\u00edch schopnost\u00ed, kter\u00e9 p\u0159isp\u00edvaj\u00ed k lep\u0161\u00edm reakc\u00edm v ka\u017edodenn\u00edch situac\u00edch.<\/p><a href=\"https:\/\/www.alliancefrancaise.cz\/ostrava\/skupinove-kurzy-2025-2026\/\" class=\"btn btnMore\">Zobrazit kurzy<\/a><\/div><\/div><div class=\"col-md-6 my-4 animTop\"><div class=\"obalKategorieKurzu p-4 pt-5 h-100 w-100\"><h3 class=\"h5 mb-3\"><a href=\"https:\/\/www.alliancefrancaise.cz\/ostrava\/individualni-kurzy\/\">Individu\u00e1ln\u00ed kurzy<\/a><\/h3><p>Kurzy na m\u00edru dle va\u0161ich p\u0159\u00e1n\u00ed a po\u017eadavk\u016f. Pro 1 a\u017e 4 studenty.V individu\u00e1ln\u00edm kurzu se vyu\u010duj\u00edc\u00ed zcela p\u0159izp\u016fsob\u00ed po\u017eadavk\u016fm a n\u00e1rok\u016fm studenta.Individu\u00e1ln\u00ed kurzy mohou b\u00fdt vedeny tak\u00e9 na d\u00e1lku p\u0159es Skype.\r\nIndividu\u00e1ln\u00ed v\u00fduka je p\u0159\u00edle\u017eitost\u00ed pro u\u010ditele, aby se pln\u011b p\u0159izp\u016fsobil c\u00edl\u016fm \u017e\u00e1k\u016f.<\/p><a href=\"https:\/\/www.alliancefrancaise.cz\/ostrava\/individualni-kurzy\/\" class=\"btn btnMore\">Zobrazit kurzy<\/a><\/div><\/div><div class=\"col-md-6 my-4 animTop\"><div class=\"obalKategorieKurzu p-4 pt-5 h-100 w-100\"><h3 class=\"h5 mb-3\"><a href=\"https:\/\/www.alliancefrancaise.cz\/ostrava\/intenzivni-letni-kurzy-2025\/\">Letn\u00ed intenzivn\u00ed kurzy 2025<\/a><\/h3><p>C\u00edlem t\u011bchto kurz\u016f je umo\u017enit v\u00e1m vr\u00e1tit se po pr\u00e1zdnin\u00e1ch s dobrou \u00farovn\u00ed francouz\u0161tiny. Tyto kurzy jsou ur\u010deny lidem, kte\u0159\u00ed se cht\u011bj\u00ed zdokonalit ve francouz\u0161tin\u011b. \r\nHlavn\u00edm c\u00edlem kurz\u016f je pos\u00edlit va\u0161e znalosti rozv\u00edjen\u00edm \u00fastn\u00edho a p\u00edsemn\u00e9ho projevu.<\/p><a href=\"https:\/\/www.alliancefrancaise.cz\/ostrava\/intenzivni-letni-kurzy-2025\/\" class=\"btn btnMore\">Zobrazit kurzy<\/a><\/div><\/div><\/div><\/div><div class=\"col-md-4 order-md-2 order-1 mt-4 pb-300\"><h2>Nab\u00eddka kurz\u016f<\/h2>\n<p style=\"font-weight: 400;\">Nab\u00eddka kurz\u016f francouzsk\u00e9ho jazyka je \u0161irok\u00e1 a pestr\u00e1. M\u016f\u017eete si vybrat mezi rozli\u0161n\u00fdmi typy kurz\u016f dle sv\u00fdch p\u0159edstav a pot\u0159eb.<\/p>\n<p style=\"font-weight: 400;\">Zaji\u0161tujeme kurzy francouzsk\u00e9ho jazyka od \u00farovn\u011b A1 po C1, tedy od za\u010d\u00e1te\u010dn\u00edk\u016f po pokro\u010dil\u00e9 a nez\u00e1visl\u00e9 u\u017eivatele jazyka.<\/p>\n<p style=\"font-weight: 400;\">V\u00fduku zaji\u0161\u0165uj\u00ed kvalifikovan\u00ed lekto\u0159i. Pomohou v\u00e1m zlep\u0161it va\u0161e komunika\u010dn\u00ed schopnosti, gramatiku, jazykovou z\u00e1sobu i v\u00fdslovnost. V\u00fduka je vedena interaktivn\u00ed formou, studenti vz\u00e1jemn\u011b konverzuj\u00ed a spolupracuj\u00ed, co\u017e urychluje pokrok jejich jazykov\u00fdch dovednost\u00ed.<\/p>\n<\/div><\/div><\/div>\n<\/div>\n","protected":false},"excerpt":{"rendered":"<p>Parlez fran\u00e7ais Jazyk, kter\u00fdm se mluv\u00ed po cel\u00e9m sv\u011bt\u011b! Do roku 2024 by mohlo francouzsky mluvit 321 milion\u016f lid\u00ed na 5 kontinentech. Frankofonii sdru\u017euje 88 zem\u00ed a vl\u00e1d&#8230;.<\/p>\n","protected":false},"author":1,"featured_media":0,"parent":0,"menu_order":0,"comment_status":"closed","ping_status":"open","template":"","meta":{"_acf_changed":false,"footnotes":""},"class_list":["post-2","page","type-page","status-publish","hentry"],"acf":[],"_links":{"self":[{"href":"https:\/\/www.alliancefrancaise.cz\/ostrava\/wp-json\/wp\/v2\/pages\/2","targetHints":{"allow":["GET"]}}],"collection":[{"href":"https:\/\/www.alliancefrancaise.cz\/ostrava\/wp-json\/wp\/v2\/pages"}],"about":[{"href":"https:\/\/www.alliancefrancaise.cz\/ostrava\/wp-json\/wp\/v2\/types\/page"}],"author":[{"embeddable":true,"href":"https:\/\/www.alliancefrancaise.cz\/ostrava\/wp-json\/wp\/v2\/users\/1"}],"replies":[{"embeddable":true,"href":"https:\/\/www.alliancefrancaise.cz\/ostrava\/wp-json\/wp\/v2\/comments?post=2"}],"version-history":[{"count":20,"href":"https:\/\/www.alliancefrancaise.cz\/ostrava\/wp-json\/wp\/v2\/pages\/2\/revisions"}],"predecessor-version":[{"id":10139,"href":"https:\/\/www.alliancefrancaise.cz\/ostrava\/wp-json\/wp\/v2\/pages\/2\/revisions\/10139"}],"wp:attachment":[{"href":"https:\/\/www.alliancefrancaise.cz\/ostrava\/wp-json\/wp\/v2\/media?parent=2"}],"curies":[{"name":"wp","href":"https:\/\/api.w.org\/{rel}","templated":true}]}}

Úvod

<div class="wp-block-cover alignfull is-light hp-first" style="min-height:100vh;aspect-ratio:unset;"><img loading="lazy" decoding="async" width="1360" height="691" class="wp-block-cover__image-background wp-image-10137 size-large" alt="" src="https://www.alliancefrancaise.cz/ostrava/wp-content/uploads/2026/02/1200x610-banniere-site-internet-HQ-1-1360x691.png" data-object-fit="cover" srcset="https://www.alliancefrancaise.cz/ostrava/wp-content/uploads/2026/02/1200x610-banniere-site-internet-HQ-1-1360x691.png 1360w, https://www.alliancefrancaise.cz/ostrava/wp-content/uploads/2026/02/1200x610-banniere-site-internet-HQ-1-460x234.png 460w, https://www.alliancefrancaise.cz/ostrava/wp-content/uploads/2026/02/1200x610-banniere-site-internet-HQ-1-768x390.png 768w" sizes="auto, (max-width: 1360px) 100vw, 1360px" /><span aria-hidden="true" class="wp-block-cover__background has-white-background-color has-background-dim"></span><div class="wp-block-cover__inner-container is-layout-flow wp-block-cover-is-layout-flow">
<div class="wp-block-columns are-vertically-aligned-center is-layout-flex wp-container-core-columns-is-layout-9d6595d7 wp-block-columns-is-layout-flex">
<div class="wp-block-column is-vertically-aligned-center is-layout-flow wp-block-column-is-layout-flow"></div>



<div class="wp-block-column is-vertically-aligned-center blockText is-layout-flow wp-block-column-is-layout-flow" style="flex-basis:60%">
<p class="has-text-align-center h1 animTop has-red-color has-text-color">Parlez français.<br>Vivez en français.</p>



<div class="wp-block-buttons is-content-justification-center is-layout-flex wp-container-core-buttons-is-layout-16018d1d wp-block-buttons-is-layout-flex">
<div class="wp-block-button animTop is-style-fill"><a class="wp-block-button__link wp-element-button" href="https://www.alliancefrancaise.cz/ostrava/skupinove-kurzy-2025-2026/">Zobrazit Kurzy</a></div>
</div>
</div>
</div>
</div></div>



<div class="wp-block-columns is-layout-flex wp-container-core-columns-is-layout-9d6595d7 wp-block-columns-is-layout-flex">
<div class="wp-block-column is-vertically-aligned-center is-layout-flow wp-block-column-is-layout-flow">
<h1 class="wp-block-heading">Parlez français</h1>



<p><strong>Jazyk, kterým se mluví po celém světě!</strong></p>



<p>Do roku 2024 by mohlo francouzsky mluvit 321 milionů lidí na 5 kontinentech. Frankofonii sdružuje 88 zemí a vlád.</p>



<p><strong>Jazyk, který vám pomůže najít práci!</strong></p>



<p>Znalost francouzštiny a angličtiny je výhodou, která zvyšuje vaše šance na mezinárodním trhu práce. Francouzština otevírá dveře do francouzských firem ve Francii a ve frankofonních zemích (Kanada, Švýcarsko, Belgie a africký kontinent). Francie je šestou největší obchodní velmocí a hlavním příjemcem zahraničních investic v Evropě, což z ní činí důležitého hospodářského partnera.</p>



<p><strong>Jazyk mezinárodních vztahů!</strong></p>



<p>Francouzština je pracovním a úředním jazykem OSN, Evropské unie, UNESCO, NATO, Mezinárodního olympijského výboru, Červeného kříže a několika evropských právních institucí. Francouzština je jazykem tří sídel evropských institucí: Štrasburku, Bruselu a Lucemburku.</p>



<p><strong>Samozřejmě jazyk, ale také kultura!</strong></p>



<p>Francouzština je mezinárodním jazykem kuchyně, módy, divadla, výtvarného umění, tance a architektury. Znalost francouzštiny vám umožní přístup k originálním verzím velkých děl francouzské a frankofonní literatury, filmu a písní.</p>



<figure class="wp-block-embed is-type-rich is-provider-spotify wp-block-embed-spotify wp-embed-aspect-21-9 wp-has-aspect-ratio"><div class="wp-block-embed__wrapper">
<iframe title="Spotify Embed: Musique française " style="border-radius: 12px" width="100%" height="352" frameborder="0" allowfullscreen allow="autoplay; clipboard-write; encrypted-media; fullscreen; picture-in-picture" loading="lazy" src="https://open.spotify.com/embed/playlist/0MG47P1ZEXudxKeuh6Kmae?si=0be6354319424c7e&amp;utm_source=oembed"></iframe>
</div></figure>
</div>



<div class="wp-block-column is-vertically-aligned-center is-layout-flow wp-block-column-is-layout-flow">
<figure class="wp-block-gallery has-nested-images columns-default is-cropped wp-block-gallery-1 is-layout-flex wp-block-gallery-is-layout-flex">
<figure class="wp-block-image size-full"><img loading="lazy" decoding="async" width="1179" height="1465" data-id="8785" src="https://www.alliancefrancaise.cz/ostrava/wp-content/uploads/2025/05/photo-cours-1.jpg" alt="" class="wp-image-8785" srcset="https://www.alliancefrancaise.cz/ostrava/wp-content/uploads/2025/05/photo-cours-1.jpg 1179w, https://www.alliancefrancaise.cz/ostrava/wp-content/uploads/2025/05/photo-cours-1-370x460.jpg 370w, https://www.alliancefrancaise.cz/ostrava/wp-content/uploads/2025/05/photo-cours-1-1094x1360.jpg 1094w, https://www.alliancefrancaise.cz/ostrava/wp-content/uploads/2025/05/photo-cours-1-768x954.jpg 768w" sizes="auto, (max-width: 1179px) 100vw, 1179px" /></figure>
</figure>
</div>
</div>



<div style="height:50px" aria-hidden="true" class="wp-block-spacer"></div>



<div class="wp-block-columns is-layout-flex wp-container-core-columns-is-layout-9d6595d7 wp-block-columns-is-layout-flex">
<div class="wp-block-column is-layout-flow wp-block-column-is-layout-flow" style="flex-basis:100%"><div class="row kategorieKurzu my-4 position-relative"><img loading="lazy" decoding="async" width="460" height="377" src="https://www.alliancefrancaise.cz/ostrava/wp-content/uploads/2023/08/lide-460x377.png" class="imgFloatKurzy" alt="Lidé" srcset="https://www.alliancefrancaise.cz/ostrava/wp-content/uploads/2023/08/lide-460x377.png 460w, https://www.alliancefrancaise.cz/ostrava/wp-content/uploads/2023/08/lide-768x630.png 768w, https://www.alliancefrancaise.cz/ostrava/wp-content/uploads/2023/08/lide.png 1000w" sizes="auto, (max-width: 460px) 100vw, 460px" /><div class="col-md-8 order-md-1 order-2"><div class="row"><div class="col-md-6 my-4 animTop"><div class="obalKategorieKurzu p-4 pt-5 h-100 w-100"><h3 class="h5 mb-3"><a href="https://www.alliancefrancaise.cz/ostrava/skupinove-kurzy-2025-2026/">Skupinové kurzy </a></h3><p>Kurzy rozvíjejí všechny jazykové kompetence (porozumění ústnímu a písemnému projevu, písemnou a ústní komunikaci). Dodržují společný evropský referenční rámec určující jazykové úrovně.Zdokonalování lingvistických a komunikativních schopností, které přispívají k lepším reakcím v každodenních situacích.</p><a href="https://www.alliancefrancaise.cz/ostrava/skupinove-kurzy-2025-2026/" class="btn btnMore">Zobrazit kurzy</a></div></div><div class="col-md-6 my-4 animTop"><div class="obalKategorieKurzu p-4 pt-5 h-100 w-100"><h3 class="h5 mb-3"><a href="https://www.alliancefrancaise.cz/ostrava/individualni-kurzy/">Individuální kurzy</a></h3><p>Kurzy na míru dle vašich přání a požadavků. Pro 1 až 4 studenty.V individuálním kurzu se vyučující zcela přizpůsobí požadavkům a nárokům studenta.Individuální kurzy mohou být vedeny také na dálku přes Skype.
Individuální výuka je příležitostí pro učitele, aby se plně přizpůsobil cílům žáků.</p><a href="https://www.alliancefrancaise.cz/ostrava/individualni-kurzy/" class="btn btnMore">Zobrazit kurzy</a></div></div><div class="col-md-6 my-4 animTop"><div class="obalKategorieKurzu p-4 pt-5 h-100 w-100"><h3 class="h5 mb-3"><a href="https://www.alliancefrancaise.cz/ostrava/intenzivni-letni-kurzy-2025/">Letní intenzivní kurzy 2025</a></h3><p>Cílem těchto kurzů je umožnit vám vrátit se po prázdninách s dobrou úrovní francouzštiny. Tyto kurzy jsou určeny lidem, kteří se chtějí zdokonalit ve francouzštině. 
Hlavním cílem kurzů je posílit vaše znalosti rozvíjením ústního a písemného projevu.</p><a href="https://www.alliancefrancaise.cz/ostrava/intenzivni-letni-kurzy-2025/" class="btn btnMore">Zobrazit kurzy</a></div></div></div></div><div class="col-md-4 order-md-2 order-1 mt-4 pb-300"><h2>Nabídka kurzů</h2>
<p style="font-weight: 400;">Nabídka kurzů francouzského jazyka je široká a pestrá. Můžete si vybrat mezi rozlišnými typy kurzů dle svých představ a potřeb.</p>
<p style="font-weight: 400;">Zajištujeme kurzy francouzského jazyka od úrovně A1 po C1, tedy od začátečníků po pokročilé a nezávislé uživatele jazyka.</p>
<p style="font-weight: 400;">Výuku zajišťují kvalifikovaní lektoři. Pomohou vám zlepšit vaše komunikační schopnosti, gramatiku, jazykovou zásobu i výslovnost. Výuka je vedena interaktivní formou, studenti vzájemně konverzují a spolupracují, což urychluje pokrok jejich jazykových dovedností.</p>
</div></div></div>
</div>

<p>Parlez français Jazyk, kterým se mluví po celém světě! Do roku 2024 by mohlo francouzsky mluvit 321 milionů lidí na 5 kontinentech. Frankofonii sdružuje 88 zemí a vlád&#8230;.</p>
