{"id":6281,"date":"2023-06-26T10:30:53","date_gmt":"2023-06-26T08:30:53","guid":{"rendered":"https:\/\/www.alliancefrancaise.cz\/ostrava\/?page_id=6281"},"modified":"2025-05-30T11:20:54","modified_gmt":"2025-05-30T09:20:54","slug":"kdo-jsme","status":"publish","type":"page","link":"https:\/\/www.alliancefrancaise.cz\/ostrava\/kdo-jsme\/","title":{"rendered":"Kdo jsme ?"},"content":{"rendered":"\n<p>Alliance fran\u00e7aise d&#8217;Ostrava od roku 1991 s radost\u00ed propaguje francouzsk\u00fd jazyk a francouzsky mluv\u00edc\u00ed kulturu v Moravskoslezsk\u00e9m kraji.<\/p>\n\n\n\n<p>Je to \u010desk\u00e9 neziskov\u00e9, nez\u00e1visl\u00e9 a apolitick\u00e9 sdru\u017een\u00ed, kter\u00e9 se zrodilo z nad\u0161en\u00ed dobrovoln\u00fdch frankofil\u016f, kte\u0159\u00ed cht\u011bj\u00ed zv\u00fd\u0161it pov\u011bdom\u00ed o jazyce a kultur\u00e1ch Marguerite Durasov\u00e9, Henriho Dunanta, Audrey Tautouov\u00e9, Huberta Reevese, Rokia Traor\u00e9, Zin\u00e9dine Zidana, Justine H\u00e9ninov\u00e9, Maurice Gr\u00e9visse, Asterixe a mnoha dal\u0161\u00edch\u2026<\/p>\n\n\n\n<p>V Alliance fran\u00e7aise d&#8217;Ostrava m\u016f\u017eete :<\/p>\n\n\n\n<p>absolvovat kurzy francouz\u0161tiny v Ostrav\u011b<\/p>\n\n\n\n<p>z\u00edskat diplom DELF nebo DALF (jedin\u00e9 akreditovan\u00e9 centrum v Moravskoslezsk\u00e9m kraji)<\/p>\n\n\n\n<p>\u00fa\u010dastnit se celoro\u010dn\u00edch kulturn\u00edch akc\u00ed (kino, hudba, konference, v\u00fdstavy, p\u0159ehl\u00eddky atd.).<\/p>\n\n\n\n<p>vyu\u017e\u00edvat na\u0161i mediat\u00e9ku (t\u00e9m\u011b\u0159 4 000 knih, \u010dasopis\u016f, film\u016f, CD atd.).<\/p>\n\n\n\n<p>vyhled\u00e1vat informace o Francii a francouzsky mluv\u00edc\u00edch zem\u00edch (studium, cestov\u00e1n\u00ed atd.).<\/p>\n\n\n\n<h2 class=\"wp-block-heading\">TROCHA HISTORIE\u2026<\/h2>\n\n\n\n<p>V roce 1886 byla v Praze zalo\u017eena Alliance fran\u00e7aise, pouh\u00e9 t\u0159i roky po vzniku Alliance fran\u00e7aise de Paris. V roce 1887 m\u011bla ji\u017e 254 \u010dlen\u016f, v\u010detn\u011b Tom\u00e1\u0161e Masaryka a Edvarda Bene\u0161e, budouc\u00edch prezident\u016f \u010ceskoslovenska.<\/p>\n\n\n\n<p>Prvn\u00ed Alliance fran\u00e7aise v Ostrav\u011b vznikla ji\u017e na po\u010d\u00e1tku minul\u00e9ho stolet\u00ed. Ve dvac\u00e1t\u00fdch letech 20. stolet\u00ed mezi t\u00e9m\u011b\u0159 80 Alliance fran\u00e7aise ve velmi mlad\u00e9m \u010ceskoslovensku vykazovala ostravsk\u00e1 ji\u017e velkou energii. Jej\u00ed \u010dlenov\u00e9 nav\u0161t\u011bvovali p\u0159edn\u00e1\u0161ky o autorech, jako byli Alfred de Musset a Anatole France, a tak\u00e9 o aktu\u00e1ln\u00edch t\u00e9matech, jako bylo r\u00e1dio, planeta Mars a p\u0159ejezd Sahary autem!<\/p>\n\n\n\n<p>Podle Huberta Beuve-M\u00e9ryho, \u0159editele Francouzsk\u00e9ho institutu v Praze a budouc\u00edho zakladatele den\u00edku Le Monde, &#8222;Alliance fran\u00e7aise v Ostrav\u011b podala dostate\u010dn\u00fd d\u016fkaz sv\u00e9 prosperity\u2026 p\u011bkn\u00e9 prostory, spousta poslucha\u010d\u016f, pestr\u00fd a atraktivn\u00ed program&#8220;. Bohu\u017eel vypuknut\u00ed 2. sv\u011btov\u00e9 v\u00e1lky tento rozmach zastavilo.<\/p>\n\n\n\n<h3 class=\"wp-block-heading\">2. sv\u011btov\u00e1 v\u00e1lka a revoluce v roce 1948<\/h3>\n\n\n\n<p>N\u011bmeck\u00e1 okupace a kr\u00e1tce po n\u00ed \u00fanorov\u00fd p\u0159evrat v roce 1948 zt\u00ed\u017eily propagaci francouzsk\u00e9ho jazyka a kultury. Po v\u00e1lce byla sice v Ostrav\u011b obnovena Alliance fran\u00e7aise, ale v roce 1948 byla odsouzena k z\u00e1niku. Pot\u00e9 byla francouz\u0161tina v zemi, kter\u00e1 se v\u00edce ne\u017e 40 let orientovala na v\u00fdchod, prakticky zapomenuta.<\/p>\n\n\n\n<p><\/p>\n\n\n\n<h3 class=\"wp-block-heading\">1991\u2026 a d\u00e1le?<\/h3>\n\n\n\n<p>Dva roky po &#8222;sametov\u00e9 revoluci&#8220; se skupina nad\u0161en\u00fdch a motivovan\u00fdch frankofil\u016f rozhodla s pomoc\u00ed Francouzsk\u00e9ho velvyslanectv\u00ed v Praze znovu otev\u0159\u00edt Alliance fran\u00e7aise v Ostrav\u011b. Situace v\u0161ak nebyla ide\u00e1ln\u00ed: v\u00edce ne\u017e 40 let socialistick\u00e9ho realismu prom\u011bnilo Ostravu ve zne\u010di\u0161t\u011bn\u00e9 d\u011blnick\u00e9 m\u011bsto bez historick\u00e9ho centra, kde hlavn\u00ed kulturou byla ocel, uhl\u00ed a pot. Na\u0161t\u011bst\u00ed v\u016fle tuto realitu zm\u011bnit je velmi siln\u00e1.<\/p>\n\n\n\n<p>Zpo\u010d\u00e1tku rod\u00edc\u00ed se Alliance fran\u00e7aise d&#8217;Ostrava p\u0159ij\u00edmala lidi jedno odpoledne v t\u00fddnu v mal\u00e9 m\u00edstnosti s knihovnou o n\u011bkolika narychlo sestaven\u00fdch svazc\u00edch. Brzy za\u010dala nab\u00edzet jazykov\u00e9 kurzy a kulturn\u00ed akce. Prvn\u00ed &#8222;Francouzsk\u00e9 dny&#8220; se konaly v \u0159\u00edjnu 1992 za velk\u00e9ho ohlasu ve\u0159ejnosti a m\u00edstn\u00edch m\u00e9di\u00ed. V pr\u016fb\u011bhu let se Alliance fran\u00e7aise d&#8217;Ostrava st\u00e1le rozr\u016fstala d\u00edky z\u00e1palu a nad\u0161en\u00ed sv\u00fdch \u010dlen\u016f a spr\u00e1vn\u00ed rady.<\/p>\n\n\n\n<p><\/p>\n\n\n\n<h1 class=\"wp-block-heading\">S\u00cd\u0164 ALLIANCES FRAN\u00c7AISES V \u010cESK\u00c9 REPUBLICE<\/h1>\n\n\n\n<p>Alliance fran\u00e7aise d&#8217;Ostrava je sou\u010d\u00e1st\u00ed n\u00e1rodn\u00ed s\u00edt\u011b \u0161esti francouzsk\u00fdch alianc\u00ed v \u010cesk\u00e9 republice. Frankofilov\u00e9 mohou pro\u017e\u00edvat svou v\u00e1\u0161e\u0148 pro francouz\u0161tinu tak\u00e9 v <a href=\"https:\/\/www.afbrno.cz\/\" data-type=\"link\" data-id=\"https:\/\/www.afbrno.cz\/\" target=\"_blank\" rel=\"noreferrer noopener\">Brn\u011b,<\/a> <a href=\"https:\/\/www.alliancefrancaise.cz\/jiznicechy\/\" data-type=\"link\" data-id=\"https:\/\/www.alliancefrancaise.cz\/jiznicechy\/\" target=\"_blank\" rel=\"noreferrer noopener\">\u010cesk\u00fdch Bud\u011bjovic\u00edch<\/a>, <a href=\"https:\/\/www.alliancefrancaise.cz\/liberec\/\" data-type=\"link\" data-id=\"https:\/\/www.alliancefrancaise.cz\/liberec\/\" target=\"_blank\" rel=\"noreferrer noopener\">Liberci<\/a>, <a href=\"https:\/\/www.alliancefrancaise.cz\/pardubice\/fr\/\" data-type=\"link\" data-id=\"https:\/\/www.alliancefrancaise.cz\/pardubice\/fr\/\" target=\"_blank\" rel=\"noreferrer noopener\">Pardubic\u00edch<\/a>,<a href=\"https:\/\/www.alliancefrancaise.cz\/plzen\/\" data-type=\"link\" data-id=\"https:\/\/www.alliancefrancaise.cz\/plzen\/\" target=\"_blank\" rel=\"noreferrer noopener\">Plzni<\/a> a <a href=\"https:\/\/afzlin.cz\/\" target=\"_blank\" data-type=\"link\" data-id=\"https:\/\/afzlin.cz\/\" rel=\"noreferrer noopener\">Zl\u00edn\u011b<\/a> ! <\/p>\n\n\n\n<p>Celosv\u011btov\u011b Alliance fran\u00e7aise tvo\u0159\u00ed s\u00ed\u0165 v\u00edce ne\u017e 800 pobo\u010dek, kter\u00e9 p\u0159ij\u00edmaj\u00ed p\u0159ibli\u017en\u011b 500 000 student\u016f ve v\u00edce ne\u017e 130 zem\u00edch. Fondation Alliance fran\u00e7aise se s\u00eddlem v Pa\u0159\u00ed\u017ei slou\u017e\u00ed jako mor\u00e1ln\u00ed a pr\u00e1vn\u00ed reference pro v\u0161echny Alliance fran\u00e7aise a podporuje je v jejich mnoha aktivit\u00e1ch (kultura, profesionalizace atd.).<\/p>\n\n\n\n<p><\/p>\n","protected":false},"excerpt":{"rendered":"<p>Alliance fran\u00e7aise d&#8217;Ostrava od roku 1991 s radost\u00ed propaguje francouzsk\u00fd jazyk a francouzsky mluv\u00edc\u00ed kulturu v Moravskoslezsk\u00e9m kraji. Je to \u010desk\u00e9 neziskov\u00e9, nez\u00e1visl\u00e9 a apolitick\u00e9 sdru\u017een\u00ed, kter\u00e9 se&#8230;<\/p>\n","protected":false},"author":1,"featured_media":0,"parent":0,"menu_order":0,"comment_status":"closed","ping_status":"closed","template":"","meta":{"_acf_changed":false,"footnotes":""},"class_list":["post-6281","page","type-page","status-publish","hentry"],"acf":[],"_links":{"self":[{"href":"https:\/\/www.alliancefrancaise.cz\/ostrava\/wp-json\/wp\/v2\/pages\/6281","targetHints":{"allow":["GET"]}}],"collection":[{"href":"https:\/\/www.alliancefrancaise.cz\/ostrava\/wp-json\/wp\/v2\/pages"}],"about":[{"href":"https:\/\/www.alliancefrancaise.cz\/ostrava\/wp-json\/wp\/v2\/types\/page"}],"author":[{"embeddable":true,"href":"https:\/\/www.alliancefrancaise.cz\/ostrava\/wp-json\/wp\/v2\/users\/1"}],"replies":[{"embeddable":true,"href":"https:\/\/www.alliancefrancaise.cz\/ostrava\/wp-json\/wp\/v2\/comments?post=6281"}],"version-history":[{"count":2,"href":"https:\/\/www.alliancefrancaise.cz\/ostrava\/wp-json\/wp\/v2\/pages\/6281\/revisions"}],"predecessor-version":[{"id":8726,"href":"https:\/\/www.alliancefrancaise.cz\/ostrava\/wp-json\/wp\/v2\/pages\/6281\/revisions\/8726"}],"wp:attachment":[{"href":"https:\/\/www.alliancefrancaise.cz\/ostrava\/wp-json\/wp\/v2\/media?parent=6281"}],"curies":[{"name":"wp","href":"https:\/\/api.w.org\/{rel}","templated":true}]}}

<p>Alliance française d&#8217;Ostrava od roku 1991 s radostí propaguje francouzský jazyk a francouzsky mluvící kulturu v Moravskoslezském kraji.</p>



<p>Je to české neziskové, nezávislé a apolitické sdružení, které se zrodilo z nadšení dobrovolných frankofilů, kteří chtějí zvýšit povědomí o jazyce a kulturách Marguerite Durasové, Henriho Dunanta, Audrey Tautouové, Huberta Reevese, Rokia Traoré, Zinédine Zidana, Justine Héninové, Maurice Grévisse, Asterixe a mnoha dalších…</p>



<p>V Alliance française d&#8217;Ostrava můžete :</p>



<p>absolvovat kurzy francouzštiny v Ostravě</p>



<p>získat diplom DELF nebo DALF (jediné akreditované centrum v Moravskoslezském kraji)</p>



<p>účastnit se celoročních kulturních akcí (kino, hudba, konference, výstavy, přehlídky atd.).</p>



<p>využívat naši mediatéku (téměř 4 000 knih, časopisů, filmů, CD atd.).</p>



<p>vyhledávat informace o Francii a francouzsky mluvících zemích (studium, cestování atd.).</p>



<h2 class="wp-block-heading">TROCHA HISTORIE…</h2>



<p>V roce 1886 byla v Praze založena Alliance française, pouhé tři roky po vzniku Alliance française de Paris. V roce 1887 měla již 254 členů, včetně Tomáše Masaryka a Edvarda Beneše, budoucích prezidentů Československa.</p>



<p>První Alliance française v Ostravě vznikla již na počátku minulého století. Ve dvacátých letech 20. století mezi téměř 80 Alliance française ve velmi mladém Československu vykazovala ostravská již velkou energii. Její členové navštěvovali přednášky o autorech, jako byli Alfred de Musset a Anatole France, a také o aktuálních tématech, jako bylo rádio, planeta Mars a přejezd Sahary autem!</p>



<p>Podle Huberta Beuve-Méryho, ředitele Francouzského institutu v Praze a budoucího zakladatele deníku Le Monde, &#8222;Alliance française v Ostravě podala dostatečný důkaz své prosperity… pěkné prostory, spousta posluchačů, pestrý a atraktivní program&#8220;. Bohužel vypuknutí 2. světové války tento rozmach zastavilo.</p>



<h3 class="wp-block-heading">2. světová válka a revoluce v roce 1948</h3>



<p>Německá okupace a krátce po ní únorový převrat v roce 1948 ztížily propagaci francouzského jazyka a kultury. Po válce byla sice v Ostravě obnovena Alliance française, ale v roce 1948 byla odsouzena k zániku. Poté byla francouzština v zemi, která se více než 40 let orientovala na východ, prakticky zapomenuta.</p>



<p></p>



<h3 class="wp-block-heading">1991… a dále?</h3>



<p>Dva roky po &#8222;sametové revoluci&#8220; se skupina nadšených a motivovaných frankofilů rozhodla s pomocí Francouzského velvyslanectví v Praze znovu otevřít Alliance française v Ostravě. Situace však nebyla ideální: více než 40 let socialistického realismu proměnilo Ostravu ve znečištěné dělnické město bez historického centra, kde hlavní kulturou byla ocel, uhlí a pot. Naštěstí vůle tuto realitu změnit je velmi silná.</p>



<p>Zpočátku rodící se Alliance française d&#8217;Ostrava přijímala lidi jedno odpoledne v týdnu v malé místnosti s knihovnou o několika narychlo sestavených svazcích. Brzy začala nabízet jazykové kurzy a kulturní akce. První &#8222;Francouzské dny&#8220; se konaly v říjnu 1992 za velkého ohlasu veřejnosti a místních médií. V průběhu let se Alliance française d&#8217;Ostrava stále rozrůstala díky zápalu a nadšení svých členů a správní rady.</p>



<p></p>



<h1 class="wp-block-heading">SÍŤ ALLIANCES FRANÇAISES V ČESKÉ REPUBLICE</h1>



<p>Alliance française d&#8217;Ostrava je součástí národní sítě šesti francouzských aliancí v České republice. Frankofilové mohou prožívat svou vášeň pro francouzštinu také v <a href="https://www.afbrno.cz/" data-type="link" data-id="https://www.afbrno.cz/" target="_blank" rel="noreferrer noopener">Brně,</a> <a href="https://www.alliancefrancaise.cz/jiznicechy/" data-type="link" data-id="https://www.alliancefrancaise.cz/jiznicechy/" target="_blank" rel="noreferrer noopener">Českých Budějovicích</a>, <a href="https://www.alliancefrancaise.cz/liberec/" data-type="link" data-id="https://www.alliancefrancaise.cz/liberec/" target="_blank" rel="noreferrer noopener">Liberci</a>, <a href="https://www.alliancefrancaise.cz/pardubice/fr/" data-type="link" data-id="https://www.alliancefrancaise.cz/pardubice/fr/" target="_blank" rel="noreferrer noopener">Pardubicích</a>,<a href="https://www.alliancefrancaise.cz/plzen/" data-type="link" data-id="https://www.alliancefrancaise.cz/plzen/" target="_blank" rel="noreferrer noopener">Plzni</a> a <a href="https://afzlin.cz/" target="_blank" data-type="link" data-id="https://afzlin.cz/" rel="noreferrer noopener">Zlíně</a> ! </p>



<p>Celosvětově Alliance française tvoří síť více než 800 poboček, které přijímají přibližně 500 000 studentů ve více než 130 zemích. Fondation Alliance française se sídlem v Paříži slouží jako morální a právní reference pro všechny Alliance française a podporuje je v jejich mnoha aktivitách (kultura, profesionalizace atd.).</p>



<p></p>

<p>Alliance française d&#8217;Ostrava od roku 1991 s radostí propaguje francouzský jazyk a francouzsky mluvící kulturu v Moravskoslezském kraji. Je to české neziskové, nezávislé a apolitické sdružení, které se&#8230;</p>
