{"id":6874,"date":"2024-04-03T10:20:12","date_gmt":"2024-04-03T08:20:12","guid":{"rendered":"https:\/\/www.alliancefrancaise.cz\/ostrava\/?page_id=6874"},"modified":"2025-01-23T13:51:37","modified_gmt":"2025-01-23T12:51:37","slug":"partnerske-spolecnosti","status":"publish","type":"page","link":"https:\/\/www.alliancefrancaise.cz\/ostrava\/partnerske-spolecnosti\/","title":{"rendered":"PARTNERSK\u00c9 SPOLE\u010cNOSTI"},"content":{"rendered":"\n<p>\u00dazce spolupracujeme s na\u0161imi partnery v soukrom\u00e9m sektoru. Na\u0161e partnerstv\u00ed s podniky v regionu se vyzna\u010duje poskytov\u00e1n\u00edm kurz\u016f francouz\u0161tiny v n\u011bkolika form\u00e1ch:<\/p>\n\n\n\n<ul class=\"wp-block-list\">\n<li>kurzy obecn\u00e9 francouz\u0161tiny<\/li>\n\n\n\n<li>tematick\u00e9 kurzy francouz\u0161tiny<\/li>\n\n\n\n<li>konverza\u010dn\u00ed kurzy<\/li>\n<\/ul>\n\n\n\n<figure class=\"wp-block-image size-large\"><img loading=\"lazy\" decoding=\"async\" width=\"962\" height=\"1360\" src=\"https:\/\/www.alliancefrancaise.cz\/ostrava\/wp-content\/uploads\/2024\/04\/DOSSIER-PARTENARIAT-Francais-962x1360.png\" alt=\"\" class=\"wp-image-7319\" srcset=\"https:\/\/www.alliancefrancaise.cz\/ostrava\/wp-content\/uploads\/2024\/04\/DOSSIER-PARTENARIAT-Francais-962x1360.png 962w, https:\/\/www.alliancefrancaise.cz\/ostrava\/wp-content\/uploads\/2024\/04\/DOSSIER-PARTENARIAT-Francais-325x460.png 325w, https:\/\/www.alliancefrancaise.cz\/ostrava\/wp-content\/uploads\/2024\/04\/DOSSIER-PARTENARIAT-Francais-768x1086.png 768w, https:\/\/www.alliancefrancaise.cz\/ostrava\/wp-content\/uploads\/2024\/04\/DOSSIER-PARTENARIAT-Francais.png 1414w\" sizes=\"auto, (max-width: 962px) 100vw, 962px\" \/><\/figure>\n\n\n\n<p>Doch\u00e1z\u00edme do prostor na\u0161ich partnersk\u00fdch firem, abychom na\u0161im partner\u016fm usnadnili a optimalizovali jejich \u010das.<\/p>\n\n\n\n<h2 class=\"wp-block-heading\">Veolia<\/h2>\n\n\n\n<figure class=\"wp-block-image is-resized\"><img loading=\"lazy\" decoding=\"async\" width=\"450\" height=\"112\" src=\"https:\/\/www.alliancefrancaise.cz\/ostrava\/wp-content\/uploads\/2024\/09\/veolia-1.png\" alt=\"\" class=\"wp-image-7501\" style=\"width:338px;height:auto\"\/><\/figure>\n\n\n\n<p><a href=\"http:\/\/www.veolia.cz\/cs\/\" rel=\"noreferrer noopener\" target=\"_blank\">VEOLIA<\/a><\/p>\n\n\n\n<h2 class=\"wp-block-heading\">Ad-Lab<\/h2>\n\n\n\n<figure class=\"wp-block-image\"><img decoding=\"async\" src=\"https:\/\/afostrava.propagondesign.cz\/wp-content\/uploads\/2024\/04\/1630622330328.jpeg\" alt=\"\" class=\"wp-image-6999\"\/><\/figure>\n\n\n\n<p><a href=\"https:\/\/ad-lab.fr\/#:~:text=AD%2DLAB%20est%20plus%20qu&#039;un%20simple%20laboratoire%20d&#039;,et%20de%20compr%C3%A9hension%20des%20chantiers.&amp;text=Professionnels%20de%20l&#039;immobilier%2C%20du,&#039;%C5%93uvre%20et%20d&#039;ouvrage.\" rel=\"noreferrer noopener\" target=\"_blank\">AD-LAB<\/a><\/p>\n\n\n\n<h2 class=\"wp-block-heading\">SUEZ CZ a.s.<\/h2>\n\n\n\n<figure class=\"wp-block-image is-resized\"><img loading=\"lazy\" decoding=\"async\" width=\"2560\" height=\"814\" src=\"https:\/\/www.alliancefrancaise.cz\/ostrava\/wp-content\/uploads\/2024\/09\/suez-scaled.jpg\" alt=\"\" class=\"wp-image-7498\" style=\"width:396px;height:auto\" srcset=\"https:\/\/www.alliancefrancaise.cz\/ostrava\/wp-content\/uploads\/2024\/09\/suez-scaled.jpg 2560w, https:\/\/www.alliancefrancaise.cz\/ostrava\/wp-content\/uploads\/2024\/09\/suez-460x146.jpg 460w, https:\/\/www.alliancefrancaise.cz\/ostrava\/wp-content\/uploads\/2024\/09\/suez-1360x433.jpg 1360w, https:\/\/www.alliancefrancaise.cz\/ostrava\/wp-content\/uploads\/2024\/09\/suez-768x244.jpg 768w\" sizes=\"auto, (max-width: 2560px) 100vw, 2560px\" \/><\/figure>\n\n\n\n<p><a href=\"https:\/\/www.suez.cz\/cs-cz\" rel=\"noreferrer noopener\" target=\"_blank\">SUEZ CZ A.S.<\/a><\/p>\n\n\n\n<h2 class=\"wp-block-heading\">Oxford Bookshop<\/h2>\n\n\n\n<figure class=\"wp-block-image\"><img decoding=\"async\" src=\"https:\/\/afostrava.propagondesign.cz\/wp-content\/uploads\/2024\/04\/telechargement-1.png\" alt=\"\" class=\"wp-image-7003\"\/><\/figure>\n\n\n\n<p><a href=\"https:\/\/www.megabooks.cz\/ostrava\" target=\"_blank\" rel=\"noreferrer noopener\">OXFORD BOOKSHOP OSTRAVA<\/a><\/p>\n\n\n\n<h2 class=\"wp-block-heading\">Hanaf<\/h2>\n\n\n\n<p><\/p>\n\n\n\n<h2 class=\"wp-block-heading\">FLE.fr<\/h2>\n\n\n\n<figure class=\"wp-block-image size-full is-resized\"><a href=\"https:\/\/www.fle.fr\/\" target=\"_blank\" rel=\"noopener\"><img loading=\"lazy\" decoding=\"async\" width=\"992\" height=\"298\" src=\"https:\/\/www.alliancefrancaise.cz\/ostrava\/wp-content\/uploads\/2025\/01\/LOGO_Fle.fr_-2.jpg\" alt=\"\" class=\"wp-image-7909\" style=\"width:213px;height:auto\" srcset=\"https:\/\/www.alliancefrancaise.cz\/ostrava\/wp-content\/uploads\/2025\/01\/LOGO_Fle.fr_-2.jpg 992w, https:\/\/www.alliancefrancaise.cz\/ostrava\/wp-content\/uploads\/2025\/01\/LOGO_Fle.fr_-2-460x138.jpg 460w, https:\/\/www.alliancefrancaise.cz\/ostrava\/wp-content\/uploads\/2025\/01\/LOGO_Fle.fr_-2-768x231.jpg 768w\" sizes=\"auto, (max-width: 992px) 100vw, 992px\" \/><\/a><\/figure>\n\n\n\n<p><\/p>\n","protected":false},"excerpt":{"rendered":"<p>\u00dazce spolupracujeme s na\u0161imi partnery v soukrom\u00e9m sektoru. Na\u0161e partnerstv\u00ed s podniky v regionu se vyzna\u010duje poskytov\u00e1n\u00edm kurz\u016f francouz\u0161tiny v n\u011bkolika form\u00e1ch: Doch\u00e1z\u00edme do prostor na\u0161ich partnersk\u00fdch firem,&#8230;<\/p>\n","protected":false},"author":4,"featured_media":0,"parent":0,"menu_order":0,"comment_status":"closed","ping_status":"closed","template":"","meta":{"_acf_changed":false,"footnotes":""},"class_list":["post-6874","page","type-page","status-publish","hentry"],"acf":[],"_links":{"self":[{"href":"https:\/\/www.alliancefrancaise.cz\/ostrava\/wp-json\/wp\/v2\/pages\/6874","targetHints":{"allow":["GET"]}}],"collection":[{"href":"https:\/\/www.alliancefrancaise.cz\/ostrava\/wp-json\/wp\/v2\/pages"}],"about":[{"href":"https:\/\/www.alliancefrancaise.cz\/ostrava\/wp-json\/wp\/v2\/types\/page"}],"author":[{"embeddable":true,"href":"https:\/\/www.alliancefrancaise.cz\/ostrava\/wp-json\/wp\/v2\/users\/4"}],"replies":[{"embeddable":true,"href":"https:\/\/www.alliancefrancaise.cz\/ostrava\/wp-json\/wp\/v2\/comments?post=6874"}],"version-history":[{"count":7,"href":"https:\/\/www.alliancefrancaise.cz\/ostrava\/wp-json\/wp\/v2\/pages\/6874\/revisions"}],"predecessor-version":[{"id":7912,"href":"https:\/\/www.alliancefrancaise.cz\/ostrava\/wp-json\/wp\/v2\/pages\/6874\/revisions\/7912"}],"wp:attachment":[{"href":"https:\/\/www.alliancefrancaise.cz\/ostrava\/wp-json\/wp\/v2\/media?parent=6874"}],"curies":[{"name":"wp","href":"https:\/\/api.w.org\/{rel}","templated":true}]}}

PARTNERSKÉ SPOLEČNOSTI

<p>Úzce spolupracujeme s našimi partnery v soukromém sektoru. Naše partnerství s podniky v regionu se vyznačuje poskytováním kurzů francouzštiny v několika formách:</p>



<ul class="wp-block-list">
<li>kurzy obecné francouzštiny</li>



<li>tematické kurzy francouzštiny</li>



<li>konverzační kurzy</li>
</ul>



<figure class="wp-block-image size-large"><img loading="lazy" decoding="async" width="962" height="1360" src="https://www.alliancefrancaise.cz/ostrava/wp-content/uploads/2024/04/DOSSIER-PARTENARIAT-Francais-962x1360.png" alt="" class="wp-image-7319" srcset="https://www.alliancefrancaise.cz/ostrava/wp-content/uploads/2024/04/DOSSIER-PARTENARIAT-Francais-962x1360.png 962w, https://www.alliancefrancaise.cz/ostrava/wp-content/uploads/2024/04/DOSSIER-PARTENARIAT-Francais-325x460.png 325w, https://www.alliancefrancaise.cz/ostrava/wp-content/uploads/2024/04/DOSSIER-PARTENARIAT-Francais-768x1086.png 768w, https://www.alliancefrancaise.cz/ostrava/wp-content/uploads/2024/04/DOSSIER-PARTENARIAT-Francais.png 1414w" sizes="auto, (max-width: 962px) 100vw, 962px" /></figure>



<p>Docházíme do prostor našich partnerských firem, abychom našim partnerům usnadnili a optimalizovali jejich čas.</p>



<h2 class="wp-block-heading">Veolia</h2>



<figure class="wp-block-image is-resized"><img loading="lazy" decoding="async" width="450" height="112" src="https://www.alliancefrancaise.cz/ostrava/wp-content/uploads/2024/09/veolia-1.png" alt="" class="wp-image-7501" style="width:338px;height:auto"/></figure>



<p><a href="http://www.veolia.cz/cs/" rel="noreferrer noopener" target="_blank">VEOLIA</a></p>



<h2 class="wp-block-heading">Ad-Lab</h2>



<figure class="wp-block-image"><img decoding="async" src="https://afostrava.propagondesign.cz/wp-content/uploads/2024/04/1630622330328.jpeg" alt="" class="wp-image-6999"/></figure>



<p><a href="https://ad-lab.fr/#:~:text=AD%2DLAB%20est%20plus%20qu&#039;un%20simple%20laboratoire%20d&#039;,et%20de%20compr%C3%A9hension%20des%20chantiers.&amp;text=Professionnels%20de%20l&#039;immobilier%2C%20du,&#039;%C5%93uvre%20et%20d&#039;ouvrage." rel="noreferrer noopener" target="_blank">AD-LAB</a></p>



<h2 class="wp-block-heading">SUEZ CZ a.s.</h2>



<figure class="wp-block-image is-resized"><img loading="lazy" decoding="async" width="2560" height="814" src="https://www.alliancefrancaise.cz/ostrava/wp-content/uploads/2024/09/suez-scaled.jpg" alt="" class="wp-image-7498" style="width:396px;height:auto" srcset="https://www.alliancefrancaise.cz/ostrava/wp-content/uploads/2024/09/suez-scaled.jpg 2560w, https://www.alliancefrancaise.cz/ostrava/wp-content/uploads/2024/09/suez-460x146.jpg 460w, https://www.alliancefrancaise.cz/ostrava/wp-content/uploads/2024/09/suez-1360x433.jpg 1360w, https://www.alliancefrancaise.cz/ostrava/wp-content/uploads/2024/09/suez-768x244.jpg 768w" sizes="auto, (max-width: 2560px) 100vw, 2560px" /></figure>



<p><a href="https://www.suez.cz/cs-cz" rel="noreferrer noopener" target="_blank">SUEZ CZ A.S.</a></p>



<h2 class="wp-block-heading">Oxford Bookshop</h2>



<figure class="wp-block-image"><img decoding="async" src="https://afostrava.propagondesign.cz/wp-content/uploads/2024/04/telechargement-1.png" alt="" class="wp-image-7003"/></figure>



<p><a href="https://www.megabooks.cz/ostrava" target="_blank" rel="noreferrer noopener">OXFORD BOOKSHOP OSTRAVA</a></p>



<h2 class="wp-block-heading">Hanaf</h2>



<p></p>



<h2 class="wp-block-heading">FLE.fr</h2>



<figure class="wp-block-image size-full is-resized"><a href="https://www.fle.fr/" target="_blank" rel="noopener"><img loading="lazy" decoding="async" width="992" height="298" src="https://www.alliancefrancaise.cz/ostrava/wp-content/uploads/2025/01/LOGO_Fle.fr_-2.jpg" alt="" class="wp-image-7909" style="width:213px;height:auto" srcset="https://www.alliancefrancaise.cz/ostrava/wp-content/uploads/2025/01/LOGO_Fle.fr_-2.jpg 992w, https://www.alliancefrancaise.cz/ostrava/wp-content/uploads/2025/01/LOGO_Fle.fr_-2-460x138.jpg 460w, https://www.alliancefrancaise.cz/ostrava/wp-content/uploads/2025/01/LOGO_Fle.fr_-2-768x231.jpg 768w" sizes="auto, (max-width: 992px) 100vw, 992px" /></a></figure>



<p></p>

<p>Úzce spolupracujeme s našimi partnery v soukromém sektoru. Naše partnerství s podniky v regionu se vyznačuje poskytováním kurzů francouzštiny v několika formách: Docházíme do prostor našich partnerských firem,&#8230;</p>
