{"id":7625,"date":"2024-10-08T17:47:12","date_gmt":"2024-10-08T15:47:12","guid":{"rendered":"https:\/\/www.alliancefrancaise.cz\/ostrava\/?page_id=7625"},"modified":"2025-05-30T14:02:20","modified_gmt":"2025-05-30T12:02:20","slug":"resultats-des-examens","status":"publish","type":"page","link":"https:\/\/www.alliancefrancaise.cz\/ostrava\/resultats-des-examens\/","title":{"rendered":"V\u00fdsledky zkou\u0161ek"},"content":{"rendered":"\n<p>V\u00fdsledky zkou\u0161ek DELF-DALF jsou zve\u0159ejn\u011bny anonymn\u011b n\u00ed\u017ee. Uchaze\u010di si tak mohou ov\u011b\u0159it, zda zkou\u0161ku slo\u017eili \u010di nikoli.<\/p>\n\n\n\n<p>\u00dasp\u011b\u0161n\u00fdm kandid\u00e1t\u016fm je vyd\u00e1no <strong>individu\u00e1ln\u00ed osv\u011bd\u010den\u00ed o \u00fasp\u011b\u0161n\u00e9m<\/strong> slo\u017een\u00ed zkou\u0161ky, kter\u00e9 si mohou vyzvednout na Alliance fran\u00e7aise v Ostrav\u011b po p\u0159edlo\u017een\u00ed dokladu toto\u017enosti.<\/p>\n\n\n\n<p>Ne\u00fasp\u011b\u0161n\u00fdm kandid\u00e1t\u016fm lze na po\u017e\u00e1d\u00e1n\u00ed vystavit <strong>individu\u00e1ln\u00ed v\u00fdpis zn\u00e1mek<\/strong>.<\/p>\n\n\n\n<p>Ofici\u00e1ln\u00ed diplomy, kter\u00e9 p\u0159ich\u00e1zej\u00ed z Francie, p\u0159ich\u00e1zej\u00ed zpravidla dva m\u011bs\u00edce po zve\u0159ejn\u011bn\u00ed v\u00fdsledk\u016f. Kandid\u00e1ti jsou informov\u00e1ni e-mailem, aby si je mohli vyzvednout.<\/p>\n\n\n\n<p>M\u00e1te-li jak\u00e9koli dotazy t\u00fdkaj\u00edc\u00ed se zkou\u0161ek, v\u00fdsledk\u016f nebo diplom\u016f, obra\u0165te se na adresu <a href=\"mailto:direction.ostrava@alliancefrancaise.cz\">direction.ostrava@alliancefrancaise.cz<\/a><\/p>\n\n\n\n<hr class=\"wp-block-separator has-alpha-channel-opacity\"\/>\n\n\n\n<h2 class=\"wp-block-heading has-text-align-center\">Zased\u00e1n\u00ed DELF-DALF 2024<\/h2>\n\n\n\n<p>K nahl\u00e9dnut\u00ed do v\u00fdsledk\u016f pot\u0159ebujete <strong>\u010d\u00edslo kandid\u00e1ta<\/strong> &#8211; \u010d\u00edslo, kter\u00e9 je uvedeno na pozv\u00e1nce k individu\u00e1ln\u00ed zkou\u0161ce.<\/p>\n\n\n\n<figure class=\"wp-block-table is-style-stripes\"><table class=\"has-fixed-layout\"><tbody><tr><td><strong>Typ relace<\/strong><\/td><td><strong>Relace<\/strong><\/td><td><strong>K\u00f3d relace<\/strong><\/td><td><strong>Datum uz\u00e1v\u011brky<\/strong><\/td><td><strong>V\u00fdsledky<\/strong><\/td><\/tr><tr><td>DELF-DALF Tout Public<\/td><td>z\u00e1\u0159\u00ed 2024<\/td><td>2024-09-T*<\/td><td>08\/10\/2024<\/td><td><a href=\"https:\/\/www.alliancefrancaise.cz\/ostrava\/wp-content\/uploads\/2024\/12\/septembre.pdf\" target=\"_blank\" rel=\"noreferrer noopener\">St\u00e1hnout v\u00fdsledky<\/a><\/td><\/tr><tr><td>DELF Scolaire<\/td><td>listopad 2024<\/td><td>2024-11-S<\/td><td>18\/12\/2024<\/td><td><a href=\"https:\/\/www.alliancefrancaise.cz\/ostrava\/wp-content\/uploads\/2024\/12\/novembre.pdf\" target=\"_blank\" rel=\"noreferrer noopener\">St\u00e1hnout v\u00fdsledky<\/a><\/td><\/tr><\/tbody><\/table><\/figure>\n","protected":false},"excerpt":{"rendered":"<p>V\u00fdsledky zkou\u0161ek DELF-DALF jsou zve\u0159ejn\u011bny anonymn\u011b n\u00ed\u017ee. Uchaze\u010di si tak mohou ov\u011b\u0159it, zda zkou\u0161ku slo\u017eili \u010di nikoli. \u00dasp\u011b\u0161n\u00fdm kandid\u00e1t\u016fm je vyd\u00e1no individu\u00e1ln\u00ed osv\u011bd\u010den\u00ed o \u00fasp\u011b\u0161n\u00e9m slo\u017een\u00ed zkou\u0161ky, kter\u00e9&#8230;<\/p>\n","protected":false},"author":4,"featured_media":0,"parent":0,"menu_order":0,"comment_status":"closed","ping_status":"closed","template":"","meta":{"_acf_changed":false,"footnotes":""},"class_list":["post-7625","page","type-page","status-publish","hentry"],"acf":[],"_links":{"self":[{"href":"https:\/\/www.alliancefrancaise.cz\/ostrava\/wp-json\/wp\/v2\/pages\/7625","targetHints":{"allow":["GET"]}}],"collection":[{"href":"https:\/\/www.alliancefrancaise.cz\/ostrava\/wp-json\/wp\/v2\/pages"}],"about":[{"href":"https:\/\/www.alliancefrancaise.cz\/ostrava\/wp-json\/wp\/v2\/types\/page"}],"author":[{"embeddable":true,"href":"https:\/\/www.alliancefrancaise.cz\/ostrava\/wp-json\/wp\/v2\/users\/4"}],"replies":[{"embeddable":true,"href":"https:\/\/www.alliancefrancaise.cz\/ostrava\/wp-json\/wp\/v2\/comments?post=7625"}],"version-history":[{"count":8,"href":"https:\/\/www.alliancefrancaise.cz\/ostrava\/wp-json\/wp\/v2\/pages\/7625\/revisions"}],"predecessor-version":[{"id":8784,"href":"https:\/\/www.alliancefrancaise.cz\/ostrava\/wp-json\/wp\/v2\/pages\/7625\/revisions\/8784"}],"wp:attachment":[{"href":"https:\/\/www.alliancefrancaise.cz\/ostrava\/wp-json\/wp\/v2\/media?parent=7625"}],"curies":[{"name":"wp","href":"https:\/\/api.w.org\/{rel}","templated":true}]}}