{"id":8772,"date":"2025-05-30T13:53:52","date_gmt":"2025-05-30T11:53:52","guid":{"rendered":"https:\/\/www.alliancefrancaise.cz\/ostrava\/?page_id=8772"},"modified":"2026-01-23T09:45:43","modified_gmt":"2026-01-23T08:45:43","slug":"skupinove-kurzy-2025-2026","status":"publish","type":"page","link":"https:\/\/www.alliancefrancaise.cz\/ostrava\/skupinove-kurzy-2025-2026\/","title":{"rendered":"Skupinov\u00e9 kurzy 2025\/2026"},"content":{"rendered":"\n<div class=\"wp-block-button\"><form style=\"text-align: center;\"><a class=\"wp-block-button__link has-background wp-element-button\" href=\"https:\/\/forms.gle\/HuyucdmxbuSx5Qju6\" style=\"background-color:#e60012\" target=\"_blank\" rel=\"noreferrer noopener\">Formul\u00e1\u0159 pro p\u0159edb\u011b\u017enou registraci na kurz<\/a><\/div>\n\n\n\n<p><\/p>\n\n\n\n<h3 class=\"wp-block-heading\"><strong>Obecn\u00e1 francouz\u0161tina<\/strong><\/h3>\n\n\n\n<p><strong>St\u00e1le je mo\u017en\u00e9 se p\u0159ihl\u00e1sit! Vypl\u0148te p\u0159edb\u011b\u017en\u00fd p\u0159ihla\u0161ovac\u00ed formul\u00e1\u0159 a my se v\u00e1m co nejd\u0159\u00edve ozveme.<\/strong><\/p>\n\n\n\n<p><br><strong>Kurzy rozv\u00edjej\u00ed v\u0161echny jazykov\u00e9 kompetence (porozum\u011bn\u00ed \u00fastn\u00edmu a p\u00edsemn\u00e9mu projevu, p\u00edsemnou a \u00fastn\u00ed komunikaci). Dodr\u017euj\u00ed spole\u010dn\u00fd evropsk\u00fd referen\u010dn\u00ed r\u00e1mec ur\u010duj\u00edc\u00ed jazykov\u00e9 \u00farovn\u011b.Zdokonalov\u00e1n\u00ed lingvistick\u00fdch a komunikativn\u00edch schopnost\u00ed, kter\u00e9 p\u0159isp\u00edvaj\u00ed k lep\u0161\u00edm reakc\u00edm v ka\u017edodenn\u00edch situac\u00edch. C\u00edlem kurz\u016f je i prohlouben\u00ed kulturn\u00edch znalost\u00ed.<\/strong><\/p>\n\n\n\n<p><strong>Kurzy jsou rozd\u011bleny do p\u011bti z\u00e1kladn\u00edch \u00farovn\u00ed a rozv\u00edjej\u00ed v\u0161echny jazykov\u00e9 kompetence. Od 3. ro\u010dn\u00edku se v kurzu obvykle st\u0159\u00edd\u00e1 \u010desk\u00fd lektor s rodil\u00fdm mluv\u010d\u00edm, pozd\u011bji je ji\u017e kurz veden pouze rodil\u00fdm mluv\u010d\u00edm.<\/strong><\/p>\n\n\n\n<figure class=\"wp-block-table is-style-stripes\"><table class=\"has-fixed-layout\"><tbody><tr><td><strong>\u00darove\u0148<\/strong><\/td><td><strong>Den a \u010das<\/strong><\/td><td><strong>Modalita<\/strong><\/td><td><strong>Datum zah\u00e1jen\u00ed<\/strong><\/td><\/tr><tr><td><strong>A0<\/strong><\/td><td><strong>\u010ctvrtek 16:00-17:30<\/strong><\/td><td>Prezen\u010dn\u011b<\/td><td>12. \u00fanora<\/td><\/tr><tr><td><strong>A1<\/strong><\/td><td><strong>\u00dater\u00fd 15:45-17:15<\/strong><\/td><td>Prezen\u010dn\u011b<\/td><td>10. \u00fanora<\/td><\/tr><tr><td><strong>A2<\/strong><\/td><td><strong>Pond\u011bl\u00ed 15:45-17:15<br>\u00dater\u00fd 16:00-17:30<\/strong><\/td><td>Prezen\u010dn\u011b<\/td><td>9. \u00fanora<br>10. \u00fanora<\/td><\/tr><tr><td><strong>A2 +<\/strong><\/td><td><strong>Pond\u011bl\u00ed 17:30-19:00<\/strong><\/td><td>Prezen\u010dn\u011b<\/td><td>9. \u00fanora<\/td><\/tr><tr><td><strong>B1<\/strong><\/td><td><strong>\u00dater\u00fd 16:30-18:00<br>\u00dater\u00fd 17:15 &#8211; 18:45<\/strong><\/td><td>Prezen\u010dn\u011b<\/td><td>10. \u00fanora<\/td><\/tr><tr><td><strong>B1 +<\/strong><\/td><td><strong>Pond\u011bl\u00ed 16:00-17:30<br>\u010ctvrtek 17:15-18:45<\/strong><\/td><td>Prezen\u010dn\u011b<\/td><td>9. \u00fanora<br>12. \u00fanora<\/td><\/tr><tr><td><strong>B2<\/strong><\/td><td><strong>St\u0159eda<\/strong> <strong>16:00-17:30<\/strong><\/td><td>Prezen\u010dn\u011b<\/td><td>11. \u00fanora<\/td><\/tr><\/tbody><\/table><\/figure>\n\n\n\n<figure class=\"wp-block-table is-style-stripes\"><table><thead><tr><th><strong>\u00darove\u0148<\/strong><\/th><th><strong>Obdob\u00ed<\/strong><\/th><th><strong>Po\u010det lekc\u00ed<\/strong><\/th><th><strong>Cena<\/strong><\/th><\/tr><\/thead><tbody><tr><td>A1 &#8211; C1<\/td><td>1 semestr<\/td><td>16 x 90 min<\/td><td>4 990 K\u010d<\/td><\/tr><tr><td>A1 &#8211; C1<\/td><td>cel\u00fd \u0161koln\u00ed rok<\/td><td>32 x 90 min<\/td><td>8 990 K\u010d<\/td><\/tr><\/tbody><\/table><figcaption class=\"wp-element-caption\"><em>V\u00fduka prob\u00edh\u00e1 jednou t\u00fddn\u011b, od pond\u011bl\u00ed do \u010dtvrtka, od 15.45 do 19.30 hodin. Pro v\u00edce informac\u00ed n\u00e1s pros\u00edm kontaktujte.<\/em><\/figcaption><\/figure>\n\n\n\n<p><\/p>\n\n\n\n<h3 class=\"wp-block-heading\"><strong><mark style=\"background-color:rgba(0, 0, 0, 0)\" class=\"has-inline-color has-red-color\">Dopoledn\u00ed kurzy pro seniory<\/mark><\/strong><\/h3>\n\n\n\n<figure class=\"wp-block-table is-style-stripes\"><table class=\"has-fixed-layout\"><tbody><tr><td><strong>Kurz<\/strong><\/td><td><strong>\u010cas kurzu<\/strong><\/td><td><strong>Po\u010det lekc\u00ed<\/strong><\/td><td><strong>Cena<\/strong><\/td><td><strong>Datum zah\u00e1jen\u00ed<\/strong><\/td><\/tr><tr><td><strong>Senio\u0159i fale\u0161n\u00ed za\u010d\u00e1te\u010dn\u00edci A2<\/strong><\/td><td><strong><strong>pond\u011bl\u00ed<\/strong> 10h00 &#8211; 11h30<\/strong><\/td><td>16 lekc\u00ed x 90 min \/ semestr<\/td><td>4100 K\u010d \/ semestr nebo 7300 K\u010d \/ cel\u00fd \u0161koln\u00ed rok<\/td><td>9. \u00fanora<\/td><\/tr><\/tbody><\/table><\/figure>\n\n\n\n<p><\/p>\n\n\n\n<p><\/p>\n\n\n\n<p><\/p>\n\n\n\n<p><\/p>\n","protected":false},"excerpt":{"rendered":"<p>Formul\u00e1\u0159 pro p\u0159edb\u011b\u017enou registraci na kurz Obecn\u00e1 francouz\u0161tina St\u00e1le je mo\u017en\u00e9 se p\u0159ihl\u00e1sit! Vypl\u0148te p\u0159edb\u011b\u017en\u00fd p\u0159ihla\u0161ovac\u00ed formul\u00e1\u0159 a my se v\u00e1m co nejd\u0159\u00edve ozveme. Kurzy rozv\u00edjej\u00ed v\u0161echny jazykov\u00e9&#8230;<\/p>\n","protected":false},"author":4,"featured_media":0,"parent":0,"menu_order":0,"comment_status":"closed","ping_status":"closed","template":"","meta":{"_acf_changed":false,"footnotes":""},"class_list":["post-8772","page","type-page","status-publish","hentry"],"acf":[],"_links":{"self":[{"href":"https:\/\/www.alliancefrancaise.cz\/ostrava\/wp-json\/wp\/v2\/pages\/8772","targetHints":{"allow":["GET"]}}],"collection":[{"href":"https:\/\/www.alliancefrancaise.cz\/ostrava\/wp-json\/wp\/v2\/pages"}],"about":[{"href":"https:\/\/www.alliancefrancaise.cz\/ostrava\/wp-json\/wp\/v2\/types\/page"}],"author":[{"embeddable":true,"href":"https:\/\/www.alliancefrancaise.cz\/ostrava\/wp-json\/wp\/v2\/users\/4"}],"replies":[{"embeddable":true,"href":"https:\/\/www.alliancefrancaise.cz\/ostrava\/wp-json\/wp\/v2\/comments?post=8772"}],"version-history":[{"count":20,"href":"https:\/\/www.alliancefrancaise.cz\/ostrava\/wp-json\/wp\/v2\/pages\/8772\/revisions"}],"predecessor-version":[{"id":9949,"href":"https:\/\/www.alliancefrancaise.cz\/ostrava\/wp-json\/wp\/v2\/pages\/8772\/revisions\/9949"}],"wp:attachment":[{"href":"https:\/\/www.alliancefrancaise.cz\/ostrava\/wp-json\/wp\/v2\/media?parent=8772"}],"curies":[{"name":"wp","href":"https:\/\/api.w.org\/{rel}","templated":true}]}}

Skupinové kurzy 2025/2026

<div class="wp-block-button"><form style="text-align: center;"><a class="wp-block-button__link has-background wp-element-button" href="https://forms.gle/HuyucdmxbuSx5Qju6" style="background-color:#e60012" target="_blank" rel="noreferrer noopener">Formulář pro předběžnou registraci na kurz</a></div>



<p></p>



<h3 class="wp-block-heading"><strong>Obecná francouzština</strong></h3>



<p><strong>Stále je možné se přihlásit! Vyplňte předběžný přihlašovací formulář a my se vám co nejdříve ozveme.</strong></p>



<p><br><strong>Kurzy rozvíjejí všechny jazykové kompetence (porozumění ústnímu a písemnému projevu, písemnou a ústní komunikaci). Dodržují společný evropský referenční rámec určující jazykové úrovně.Zdokonalování lingvistických a komunikativních schopností, které přispívají k lepším reakcím v každodenních situacích. Cílem kurzů je i prohloubení kulturních znalostí.</strong></p>



<p><strong>Kurzy jsou rozděleny do pěti základních úrovní a rozvíjejí všechny jazykové kompetence. Od 3. ročníku se v kurzu obvykle střídá český lektor s rodilým mluvčím, později je již kurz veden pouze rodilým mluvčím.</strong></p>



<figure class="wp-block-table is-style-stripes"><table class="has-fixed-layout"><tbody><tr><td><strong>Úroveň</strong></td><td><strong>Den a čas</strong></td><td><strong>Modalita</strong></td><td><strong>Datum zahájení</strong></td></tr><tr><td><strong>A0</strong></td><td><strong>Čtvrtek 16:00-17:30</strong></td><td>Prezenčně</td><td>12. února</td></tr><tr><td><strong>A1</strong></td><td><strong>Úterý 15:45-17:15</strong></td><td>Prezenčně</td><td>10. února</td></tr><tr><td><strong>A2</strong></td><td><strong>Pondělí 15:45-17:15<br>Úterý 16:00-17:30</strong></td><td>Prezenčně</td><td>9. února<br>10. února</td></tr><tr><td><strong>A2 +</strong></td><td><strong>Pondělí 17:30-19:00</strong></td><td>Prezenčně</td><td>9. února</td></tr><tr><td><strong>B1</strong></td><td><strong>Úterý 16:30-18:00<br>Úterý 17:15 &#8211; 18:45</strong></td><td>Prezenčně</td><td>10. února</td></tr><tr><td><strong>B1 +</strong></td><td><strong>Pondělí 16:00-17:30<br>Čtvrtek 17:15-18:45</strong></td><td>Prezenčně</td><td>9. února<br>12. února</td></tr><tr><td><strong>B2</strong></td><td><strong>Středa</strong> <strong>16:00-17:30</strong></td><td>Prezenčně</td><td>11. února</td></tr></tbody></table></figure>



<figure class="wp-block-table is-style-stripes"><table><thead><tr><th><strong>Úroveň</strong></th><th><strong>Období</strong></th><th><strong>Počet lekcí</strong></th><th><strong>Cena</strong></th></tr></thead><tbody><tr><td>A1 &#8211; C1</td><td>1 semestr</td><td>16 x 90 min</td><td>4 990 Kč</td></tr><tr><td>A1 &#8211; C1</td><td>celý školní rok</td><td>32 x 90 min</td><td>8 990 Kč</td></tr></tbody></table><figcaption class="wp-element-caption"><em>Výuka probíhá jednou týdně, od pondělí do čtvrtka, od 15.45 do 19.30 hodin. Pro více informací nás prosím kontaktujte.</em></figcaption></figure>



<p></p>



<h3 class="wp-block-heading"><strong><mark style="background-color:rgba(0, 0, 0, 0)" class="has-inline-color has-red-color">Dopolední kurzy pro seniory</mark></strong></h3>



<figure class="wp-block-table is-style-stripes"><table class="has-fixed-layout"><tbody><tr><td><strong>Kurz</strong></td><td><strong>Čas kurzu</strong></td><td><strong>Počet lekcí</strong></td><td><strong>Cena</strong></td><td><strong>Datum zahájení</strong></td></tr><tr><td><strong>Senioři falešní začátečníci A2</strong></td><td><strong><strong>pondělí</strong> 10h00 &#8211; 11h30</strong></td><td>16 lekcí x 90 min / semestr</td><td>4100 Kč / semestr nebo 7300 Kč / celý školní rok</td><td>9. února</td></tr></tbody></table></figure>



<p></p>



<p></p>



<p></p>



<p></p>

<p>Formulář pro předběžnou registraci na kurz Obecná francouzština Stále je možné se přihlásit! Vyplňte předběžný přihlašovací formulář a my se vám co nejdříve ozveme. Kurzy rozvíjejí všechny jazykové&#8230;</p>
