{"id":8776,"date":"2025-05-30T13:56:24","date_gmt":"2025-05-30T11:56:24","guid":{"rendered":"https:\/\/www.alliancefrancaise.cz\/ostrava\/?page_id=8776"},"modified":"2025-08-29T16:30:31","modified_gmt":"2025-08-29T14:30:31","slug":"individualni-kurzy","status":"publish","type":"page","link":"https:\/\/www.alliancefrancaise.cz\/ostrava\/individualni-kurzy\/","title":{"rendered":"Individu\u00e1ln\u00ed kurzy 2025\/2026"},"content":{"rendered":"\n<p><strong>Kurzy na m\u00edru dle va\u0161ich p\u0159\u00e1n\u00ed a po\u017eadavk\u016f.<\/strong><\/p>\n\n\n\n<p><strong>Pro 1 a\u017e 4 studenty.V individu\u00e1ln\u00edm kurzu se vyu\u010duj\u00edc\u00ed zcela p\u0159izp\u016fsob\u00ed po\u017eadavk\u016fm a n\u00e1rok\u016fm studenta.Individu\u00e1ln\u00ed kurzy mohou b\u00fdt vedeny tak\u00e9 na d\u00e1lku p\u0159es Skype.<\/strong><\/p>\n\n\n\n<p><strong>Individu\u00e1ln\u00ed v\u00fduka je p\u0159\u00edle\u017eitost\u00ed pro u\u010ditele, aby se pln\u011b p\u0159izp\u016fsobil c\u00edl\u016fm \u017e\u00e1k\u016f.<\/strong><\/p>\n\n\n\n<p><\/p>\n\n\n\n<figure class=\"wp-block-table is-style-stripes\"><table><thead><tr><th><strong>hodin (60 min)<\/strong><\/th><th><strong>1 osoba<\/strong><\/th><th><strong>2 osoby<\/strong><\/th><th><strong>3 osoby<\/strong><\/th><th><strong>4 osoby<\/strong><\/th><\/tr><\/thead><tbody><tr><td>10 hodin<\/td><td>5490 CZK<\/td><td>4000 CZK \/ osoba<\/td><td> 3500 CZK \/ osoba<\/td><td>3000 CZK \/ osoba<\/td><\/tr><tr><td>20 hodin<\/td><td>10 990 CZK<\/td><td>7500 CZK \/ osoba<\/td><td>6000 CZK \/ osoba<\/td><td>5000 CZK \/ osoba<\/td><\/tr><\/tbody><\/table><\/figure>\n\n\n\n<p>20 hodin (extern\u00ed v\u00fduka)            11 990 CZK<\/p>\n\n\n\n<p><\/p>\n\n\n\n<p><strong>Pro v\u00edce informac\u00ed n\u00e1s, pros\u00edm, kontaktujte na: ostrava@alliancefrancaise.cz<\/strong> \/ <strong>+420 596 125 424<\/strong><\/p>\n\n\n\n<p><\/p>\n","protected":false},"excerpt":{"rendered":"<p>Kurzy na m\u00edru dle va\u0161ich p\u0159\u00e1n\u00ed a po\u017eadavk\u016f. Pro 1 a\u017e 4 studenty.V individu\u00e1ln\u00edm kurzu se vyu\u010duj\u00edc\u00ed zcela p\u0159izp\u016fsob\u00ed po\u017eadavk\u016fm a n\u00e1rok\u016fm studenta.Individu\u00e1ln\u00ed kurzy mohou b\u00fdt vedeny tak\u00e9&#8230;<\/p>\n","protected":false},"author":4,"featured_media":0,"parent":0,"menu_order":0,"comment_status":"closed","ping_status":"closed","template":"","meta":{"_acf_changed":false,"footnotes":""},"class_list":["post-8776","page","type-page","status-publish","hentry"],"acf":[],"_links":{"self":[{"href":"https:\/\/www.alliancefrancaise.cz\/ostrava\/wp-json\/wp\/v2\/pages\/8776","targetHints":{"allow":["GET"]}}],"collection":[{"href":"https:\/\/www.alliancefrancaise.cz\/ostrava\/wp-json\/wp\/v2\/pages"}],"about":[{"href":"https:\/\/www.alliancefrancaise.cz\/ostrava\/wp-json\/wp\/v2\/types\/page"}],"author":[{"embeddable":true,"href":"https:\/\/www.alliancefrancaise.cz\/ostrava\/wp-json\/wp\/v2\/users\/4"}],"replies":[{"embeddable":true,"href":"https:\/\/www.alliancefrancaise.cz\/ostrava\/wp-json\/wp\/v2\/comments?post=8776"}],"version-history":[{"count":7,"href":"https:\/\/www.alliancefrancaise.cz\/ostrava\/wp-json\/wp\/v2\/pages\/8776\/revisions"}],"predecessor-version":[{"id":9073,"href":"https:\/\/www.alliancefrancaise.cz\/ostrava\/wp-json\/wp\/v2\/pages\/8776\/revisions\/9073"}],"wp:attachment":[{"href":"https:\/\/www.alliancefrancaise.cz\/ostrava\/wp-json\/wp\/v2\/media?parent=8776"}],"curies":[{"name":"wp","href":"https:\/\/api.w.org\/{rel}","templated":true}]}}

Individuální kurzy 2025/2026

<p><strong>Kurzy na míru dle vašich přání a požadavků.</strong></p>



<p><strong>Pro 1 až 4 studenty.V individuálním kurzu se vyučující zcela přizpůsobí požadavkům a nárokům studenta.Individuální kurzy mohou být vedeny také na dálku přes Skype.</strong></p>



<p><strong>Individuální výuka je příležitostí pro učitele, aby se plně přizpůsobil cílům žáků.</strong></p>



<p></p>



<figure class="wp-block-table is-style-stripes"><table><thead><tr><th><strong>hodin (60 min)</strong></th><th><strong>1 osoba</strong></th><th><strong>2 osoby</strong></th><th><strong>3 osoby</strong></th><th><strong>4 osoby</strong></th></tr></thead><tbody><tr><td>10 hodin</td><td>5490 CZK</td><td>4000 CZK / osoba</td><td> 3500 CZK / osoba</td><td>3000 CZK / osoba</td></tr><tr><td>20 hodin</td><td>10 990 CZK</td><td>7500 CZK / osoba</td><td>6000 CZK / osoba</td><td>5000 CZK / osoba</td></tr></tbody></table></figure>



<p>20 hodin (externí výuka)            11 990 CZK</p>



<p></p>



<p><strong>Pro více informací nás, prosím, kontaktujte na: ostrava@alliancefrancaise.cz</strong> / <strong>+420 596 125 424</strong></p>



<p></p>

<p>Kurzy na míru dle vašich přání a požadavků. Pro 1 až 4 studenty.V individuálním kurzu se vyučující zcela přizpůsobí požadavkům a nárokům studenta.Individuální kurzy mohou být vedeny také&#8230;</p>
