{"id":8778,"date":"2025-05-30T14:00:15","date_gmt":"2025-05-30T12:00:15","guid":{"rendered":"https:\/\/www.alliancefrancaise.cz\/ostrava\/?page_id=8778"},"modified":"2025-05-30T14:00:17","modified_gmt":"2025-05-30T12:00:17","slug":"intenzivni-letni-kurzy-2025","status":"publish","type":"page","link":"https:\/\/www.alliancefrancaise.cz\/ostrava\/intenzivni-letni-kurzy-2025\/","title":{"rendered":"Intenzivn\u00ed letn\u00ed kurzy 2025"},"content":{"rendered":"\n<p><strong>C\u00edlem t\u011bchto kurz\u016f je umo\u017enit v\u00e1m vr\u00e1tit se po pr\u00e1zdnin\u00e1ch s dobrou \u00farovn\u00ed francouz\u0161tiny. Tyto kurzy jsou ur\u010deny lidem, kte\u0159\u00ed se cht\u011bj\u00ed zdokonalit ve francouz\u0161tin\u011b. Hlavn\u00edm c\u00edlem kurz\u016f je pos\u00edlit va\u0161e znalosti rozv\u00edjen\u00edm \u00fastn\u00edho a p\u00edsemn\u00e9ho projevu<\/strong>.<\/p>\n\n\n\n<p>Od 25. do 29. srpna vyu\u017eijte program 20 hodin v\u00fduky v pr\u016fb\u011bhu jednoho t\u00fddne, abyste si upevnili sv\u00e9 znalosti.<br>Po\u017eadovan\u00e1 \u00farove\u0148: B1+ (pokro\u010dil\u00e1 B1)<br><strong>Cena: 4 000 K\u010d za cel\u00fd t\u00fdden<\/strong><br>Efektivn\u00ed v\u00fduka ve skv\u011bl\u00e9 atmosf\u00e9\u0159e, kter\u00e1 v\u00e1m pom\u016f\u017ee dos\u00e1hnout rychl\u00e9ho pokroku.<br><\/p>\n\n\n\n<p>Registrace jsou otev\u0159eny do <strong>1. \u010dervence<\/strong>, tak neot\u00e1lejte!<\/p>\n\n\n\n<p><\/p>\n\n\n\n<figure class=\"wp-block-image size-full is-resized\"><img loading=\"lazy\" decoding=\"async\" width=\"1080\" height=\"1080\" src=\"https:\/\/www.alliancefrancaise.cz\/ostrava\/wp-content\/uploads\/2025\/05\/RS-tcheque-2.png\" alt=\"\" class=\"wp-image-8696\" style=\"width:668px;height:auto\" srcset=\"https:\/\/www.alliancefrancaise.cz\/ostrava\/wp-content\/uploads\/2025\/05\/RS-tcheque-2.png 1080w, https:\/\/www.alliancefrancaise.cz\/ostrava\/wp-content\/uploads\/2025\/05\/RS-tcheque-2-460x460.png 460w, https:\/\/www.alliancefrancaise.cz\/ostrava\/wp-content\/uploads\/2025\/05\/RS-tcheque-2-150x150.png 150w, https:\/\/www.alliancefrancaise.cz\/ostrava\/wp-content\/uploads\/2025\/05\/RS-tcheque-2-768x768.png 768w, https:\/\/www.alliancefrancaise.cz\/ostrava\/wp-content\/uploads\/2025\/05\/RS-tcheque-2-440x440.png 440w\" sizes=\"auto, (max-width: 1080px) 100vw, 1080px\" \/><\/figure>\n","protected":false},"excerpt":{"rendered":"<p>C\u00edlem t\u011bchto kurz\u016f je umo\u017enit v\u00e1m vr\u00e1tit se po pr\u00e1zdnin\u00e1ch s dobrou \u00farovn\u00ed francouz\u0161tiny. Tyto kurzy jsou ur\u010deny lidem, kte\u0159\u00ed se cht\u011bj\u00ed zdokonalit ve francouz\u0161tin\u011b. Hlavn\u00edm c\u00edlem kurz\u016f&#8230;<\/p>\n","protected":false},"author":4,"featured_media":0,"parent":0,"menu_order":0,"comment_status":"closed","ping_status":"closed","template":"","meta":{"_acf_changed":false,"footnotes":""},"class_list":["post-8778","page","type-page","status-publish","hentry"],"acf":[],"_links":{"self":[{"href":"https:\/\/www.alliancefrancaise.cz\/ostrava\/wp-json\/wp\/v2\/pages\/8778","targetHints":{"allow":["GET"]}}],"collection":[{"href":"https:\/\/www.alliancefrancaise.cz\/ostrava\/wp-json\/wp\/v2\/pages"}],"about":[{"href":"https:\/\/www.alliancefrancaise.cz\/ostrava\/wp-json\/wp\/v2\/types\/page"}],"author":[{"embeddable":true,"href":"https:\/\/www.alliancefrancaise.cz\/ostrava\/wp-json\/wp\/v2\/users\/4"}],"replies":[{"embeddable":true,"href":"https:\/\/www.alliancefrancaise.cz\/ostrava\/wp-json\/wp\/v2\/comments?post=8778"}],"version-history":[{"count":2,"href":"https:\/\/www.alliancefrancaise.cz\/ostrava\/wp-json\/wp\/v2\/pages\/8778\/revisions"}],"predecessor-version":[{"id":8780,"href":"https:\/\/www.alliancefrancaise.cz\/ostrava\/wp-json\/wp\/v2\/pages\/8778\/revisions\/8780"}],"wp:attachment":[{"href":"https:\/\/www.alliancefrancaise.cz\/ostrava\/wp-json\/wp\/v2\/media?parent=8778"}],"curies":[{"name":"wp","href":"https:\/\/api.w.org\/{rel}","templated":true}]}}

Intenzivní letní kurzy 2025

<p><strong>Cílem těchto kurzů je umožnit vám vrátit se po prázdninách s dobrou úrovní francouzštiny. Tyto kurzy jsou určeny lidem, kteří se chtějí zdokonalit ve francouzštině. Hlavním cílem kurzů je posílit vaše znalosti rozvíjením ústního a písemného projevu</strong>.</p>



<p>Od 25. do 29. srpna využijte program 20 hodin výuky v průběhu jednoho týdne, abyste si upevnili své znalosti.<br>Požadovaná úroveň: B1+ (pokročilá B1)<br><strong>Cena: 4 000 Kč za celý týden</strong><br>Efektivní výuka ve skvělé atmosféře, která vám pomůže dosáhnout rychlého pokroku.<br></p>



<p>Registrace jsou otevřeny do <strong>1. července</strong>, tak neotálejte!</p>



<p></p>



<figure class="wp-block-image size-full is-resized"><img loading="lazy" decoding="async" width="1080" height="1080" src="https://www.alliancefrancaise.cz/ostrava/wp-content/uploads/2025/05/RS-tcheque-2.png" alt="" class="wp-image-8696" style="width:668px;height:auto" srcset="https://www.alliancefrancaise.cz/ostrava/wp-content/uploads/2025/05/RS-tcheque-2.png 1080w, https://www.alliancefrancaise.cz/ostrava/wp-content/uploads/2025/05/RS-tcheque-2-460x460.png 460w, https://www.alliancefrancaise.cz/ostrava/wp-content/uploads/2025/05/RS-tcheque-2-150x150.png 150w, https://www.alliancefrancaise.cz/ostrava/wp-content/uploads/2025/05/RS-tcheque-2-768x768.png 768w, https://www.alliancefrancaise.cz/ostrava/wp-content/uploads/2025/05/RS-tcheque-2-440x440.png 440w" sizes="auto, (max-width: 1080px) 100vw, 1080px" /></figure>

<p>Cílem těchto kurzů je umožnit vám vrátit se po prázdninách s dobrou úrovní francouzštiny. Tyto kurzy jsou určeny lidem, kteří se chtějí zdokonalit ve francouzštině. Hlavním cílem kurzů&#8230;</p>
