{"id":90,"date":"2018-08-05T10:21:42","date_gmt":"2018-08-05T08:21:42","guid":{"rendered":"https:\/\/www.alliancefrancaise.cz\/ostrava\/?page_id=90"},"modified":"2025-02-17T10:28:37","modified_gmt":"2025-02-17T09:28:37","slug":"kontakt","status":"publish","type":"page","link":"https:\/\/www.alliancefrancaise.cz\/ostrava\/kontakt\/","title":{"rendered":"Kontakt"},"content":{"rendered":"\n<div class=\"wp-block-group\"><div class=\"wp-block-group__inner-container is-layout-constrained wp-block-group-is-layout-constrained\">\n<div class=\"wp-block-columns is-layout-flex wp-container-core-columns-is-layout-9d6595d7 wp-block-columns-is-layout-flex\">\n<div class=\"wp-block-column is-layout-flow wp-block-column-is-layout-flow\">\n<figure class=\"wp-block-table\"><table><tbody><tr><th>Adresa<\/th><td>Alliance Fran\u00e7aise Ostrava&nbsp;\u010cs. legi\u00ed 1364\/20&nbsp;702 00 Ostrava&nbsp;\u010cesk\u00e1 republika<\/td><\/tr><tr><th>Otev\u00edrac\u00ed doba<\/th><td>pond\u011bl\u00ed &#8211; st\u0159eda: 14h30 &#8211; 18h30<br>\u010dtvrtek a p\u00e1tek: zav\u0159eno<\/td><\/tr><tr><th>Telefonn\u00ed \u010d\u00edslo<\/th><td>+420 596 125 424<\/td><\/tr><tr><th>Email<\/th><td><a href=\"mailto:ostrava@alliancefrancaise.cz\">ostrava@alliancefrancaise.cz<\/a><\/td><\/tr><tr><th>I\u010cO<\/th><td>681 454 46<\/td><\/tr><tr><th>\u010c\u00edslo \u00fa\u010dtu (KB)<\/th><td>86-5260610297\/0100<\/td><\/tr><\/tbody><\/table><\/figure>\n\n\n\n<h3 class=\"wp-block-heading\">\u0158editel<\/h3>\n\n\n\n<figure class=\"wp-block-table\"><table><tbody><tr><th>Jm\u00e9no<\/th><td>Loris Vivarelli<\/td><\/tr><tr><th>Telefon<\/th><td>+420 776 207 438<\/td><\/tr><tr><th>Email<\/th><td><a href=\"mailto:direction.ostrava@alliancefrancaise.cz\">direction.ostrava@alliancefrancaise.cz<\/a><\/td><\/tr><\/tbody><\/table><\/figure>\n\n\n\n<h3 class=\"wp-block-heading\">Recepce<\/h3>\n\n\n\n<figure class=\"wp-block-table\"><table><tbody><tr><th>Jm\u00e9no<\/th><td>Hana  Z\u00e1topkov\u00e1<\/td><\/tr><tr><th>Telefon<\/th><td>+420 596 125 424<\/td><\/tr><tr><th>Emaill<\/th><td><a href=\"mailto:ostrava@alliancefrancaise.cz\">ostrava@alliancefrancaise.cz<\/a><\/td><\/tr><\/tbody><\/table><\/figure>\n\n\n\n<p><\/p>\n\n\n\n<h2 class=\"wp-block-heading h3\"><\/h2>\n<\/div>\n\n\n\n<div class=\"wp-block-column is-layout-flow wp-block-column-is-layout-flow\">\n<iframe src=\"https:\/\/www.google.com\/maps\/embed?pb=!1m18!1m12!1m3!1d2573.35270170019!2d18.284629676059968!3d49.835830031427705!2m3!1f0!2f0!3f0!3m2!1i1024!2i768!4f13.1!3m3!1m2!1s0x4713e32effffffff%3A0x73921111f2b541f8!2sAlliance%20Fran%C3%A7aise%20Ostrava!5e0!3m2!1sfr!2scz!4v1726581985553!5m2!1sfr!2scz\" width=\"600\" height=\"450\" style=\"border:0;\" allowfullscreen=\"\" loading=\"lazy\" referrerpolicy=\"no-referrer-when-downgrade\"><\/iframe>\n\n\n\n<h2 class=\"wp-block-heading h3\"><\/h2>\n<\/div>\n<\/div>\n<\/div><\/div>\n","protected":false},"excerpt":{"rendered":"<p>Adresa Alliance Fran\u00e7aise Ostrava&nbsp;\u010cs. legi\u00ed 1364\/20&nbsp;702 00 Ostrava&nbsp;\u010cesk\u00e1 republika Otev\u00edrac\u00ed doba pond\u011bl\u00ed &#8211; st\u0159eda: 14h30 &#8211; 18h30\u010dtvrtek a p\u00e1tek: zav\u0159eno Telefonn\u00ed \u010d\u00edslo +420 596 125 424 Email ostrava@alliancefrancaise.cz&#8230;<\/p>\n","protected":false},"author":1,"featured_media":0,"parent":0,"menu_order":0,"comment_status":"closed","ping_status":"closed","template":"","meta":{"_acf_changed":false,"footnotes":""},"class_list":["post-90","page","type-page","status-publish","hentry"],"acf":[],"_links":{"self":[{"href":"https:\/\/www.alliancefrancaise.cz\/ostrava\/wp-json\/wp\/v2\/pages\/90","targetHints":{"allow":["GET"]}}],"collection":[{"href":"https:\/\/www.alliancefrancaise.cz\/ostrava\/wp-json\/wp\/v2\/pages"}],"about":[{"href":"https:\/\/www.alliancefrancaise.cz\/ostrava\/wp-json\/wp\/v2\/types\/page"}],"author":[{"embeddable":true,"href":"https:\/\/www.alliancefrancaise.cz\/ostrava\/wp-json\/wp\/v2\/users\/1"}],"replies":[{"embeddable":true,"href":"https:\/\/www.alliancefrancaise.cz\/ostrava\/wp-json\/wp\/v2\/comments?post=90"}],"version-history":[{"count":10,"href":"https:\/\/www.alliancefrancaise.cz\/ostrava\/wp-json\/wp\/v2\/pages\/90\/revisions"}],"predecessor-version":[{"id":8014,"href":"https:\/\/www.alliancefrancaise.cz\/ostrava\/wp-json\/wp\/v2\/pages\/90\/revisions\/8014"}],"wp:attachment":[{"href":"https:\/\/www.alliancefrancaise.cz\/ostrava\/wp-json\/wp\/v2\/media?parent=90"}],"curies":[{"name":"wp","href":"https:\/\/api.w.org\/{rel}","templated":true}]}}

<div class="wp-block-group"><div class="wp-block-group__inner-container is-layout-constrained wp-block-group-is-layout-constrained">
<div class="wp-block-columns is-layout-flex wp-container-core-columns-is-layout-9d6595d7 wp-block-columns-is-layout-flex">
<div class="wp-block-column is-layout-flow wp-block-column-is-layout-flow">
<figure class="wp-block-table"><table><tbody><tr><th>Adresa</th><td>Alliance Française Ostrava&nbsp;Čs. legií 1364/20&nbsp;702 00 Ostrava&nbsp;Česká republika</td></tr><tr><th>Otevírací doba</th><td>pondělí &#8211; středa: 14h30 &#8211; 18h30<br>čtvrtek a pátek: zavřeno</td></tr><tr><th>Telefonní číslo</th><td>+420 596 125 424</td></tr><tr><th>Email</th><td><a href="mailto:ostrava@alliancefrancaise.cz">ostrava@alliancefrancaise.cz</a></td></tr><tr><th>IČO</th><td>681 454 46</td></tr><tr><th>Číslo účtu (KB)</th><td>86-5260610297/0100</td></tr></tbody></table></figure>



<h3 class="wp-block-heading">Ředitel</h3>



<figure class="wp-block-table"><table><tbody><tr><th>Jméno</th><td>Loris Vivarelli</td></tr><tr><th>Telefon</th><td>+420 776 207 438</td></tr><tr><th>Email</th><td><a href="mailto:direction.ostrava@alliancefrancaise.cz">direction.ostrava@alliancefrancaise.cz</a></td></tr></tbody></table></figure>



<h3 class="wp-block-heading">Recepce</h3>



<figure class="wp-block-table"><table><tbody><tr><th>Jméno</th><td>Hana  Zátopková</td></tr><tr><th>Telefon</th><td>+420 596 125 424</td></tr><tr><th>Emaill</th><td><a href="mailto:ostrava@alliancefrancaise.cz">ostrava@alliancefrancaise.cz</a></td></tr></tbody></table></figure>



<p></p>



<h2 class="wp-block-heading h3"></h2>
</div>



<div class="wp-block-column is-layout-flow wp-block-column-is-layout-flow">
<iframe src="https://www.google.com/maps/embed?pb=!1m18!1m12!1m3!1d2573.35270170019!2d18.284629676059968!3d49.835830031427705!2m3!1f0!2f0!3f0!3m2!1i1024!2i768!4f13.1!3m3!1m2!1s0x4713e32effffffff%3A0x73921111f2b541f8!2sAlliance%20Fran%C3%A7aise%20Ostrava!5e0!3m2!1sfr!2scz!4v1726581985553!5m2!1sfr!2scz" width="600" height="450" style="border:0;" allowfullscreen="" loading="lazy" referrerpolicy="no-referrer-when-downgrade"></iframe>



<h2 class="wp-block-heading h3"></h2>
</div>
</div>
</div></div>

<p>Adresa Alliance Française Ostrava&nbsp;Čs. legií 1364/20&nbsp;702 00 Ostrava&nbsp;Česká republika Otevírací doba pondělí &#8211; středa: 14h30 &#8211; 18h30čtvrtek a pátek: zavřeno Telefonní číslo +420 596 125 424 Email ostrava@alliancefrancaise.cz&#8230;</p>
