{"id":9127,"date":"2025-09-05T14:41:26","date_gmt":"2025-09-05T12:41:26","guid":{"rendered":"https:\/\/www.alliancefrancaise.cz\/ostrava\/?page_id=9127"},"modified":"2025-09-12T11:29:30","modified_gmt":"2025-09-12T09:29:30","slug":"pripravny-kurz-delf","status":"publish","type":"page","link":"https:\/\/www.alliancefrancaise.cz\/ostrava\/pripravny-kurz-delf\/","title":{"rendered":"P\u0159\u00edpravn\u00fd kurz DELF"},"content":{"rendered":"\n<figure class=\"wp-block-image size-large\"><img loading=\"lazy\" decoding=\"async\" width=\"961\" height=\"1360\" src=\"https:\/\/www.alliancefrancaise.cz\/ostrava\/wp-content\/uploads\/2025\/09\/Cours-prepa-DELF-thematique-3-961x1360.png\" alt=\"\" class=\"wp-image-9161\" srcset=\"https:\/\/www.alliancefrancaise.cz\/ostrava\/wp-content\/uploads\/2025\/09\/Cours-prepa-DELF-thematique-3-961x1360.png 961w, https:\/\/www.alliancefrancaise.cz\/ostrava\/wp-content\/uploads\/2025\/09\/Cours-prepa-DELF-thematique-3-325x460.png 325w, https:\/\/www.alliancefrancaise.cz\/ostrava\/wp-content\/uploads\/2025\/09\/Cours-prepa-DELF-thematique-3-768x1086.png 768w, https:\/\/www.alliancefrancaise.cz\/ostrava\/wp-content\/uploads\/2025\/09\/Cours-prepa-DELF-thematique-3.png 1587w\" sizes=\"auto, (max-width: 961px) 100vw, 961px\" \/><\/figure>\n\n\n\n<p><\/p>\n\n\n\n<p><strong>\u2728 P\u0159\u00edpravn\u00fd kurz DELF<\/strong>\u2728<\/p>\n\n\n\n<p>Zapojte se do na\u0161ich lekc\u00ed v d\u00e9lce 6 lekc\u00ed po 90 minut\u00e1ch a p\u0159ipravte se na zkou\u0161ky DELF na \u00farovn\u00edch A2 a B1.<\/p>\n\n\n\n<p>Datum zah\u00e1jen\u00ed: t\u00fdden od 6. \u0159\u00edjna.<\/p>\n\n\n\n<p>Registrace : direction.ostrava@alliancefrancaise.cz<\/p>\n\n\n\n<p>\u2728 <strong>Cours pr\u00e9paratoire au DELF<\/strong> \u2728<\/p>\n\n\n\n<p>Rejoins nos sessions de 6 cours de 90 minutes pour te pr\u00e9parer au DELF, niveaux A2 et B1.<\/p>\n\n\n\n<p>D\u00e9but des cours : semaine du 6 octobre.<\/p>\n\n\n\n<p>Inscription : direction.ostrava@alliancefrancaise.cz<\/p>\n","protected":false},"excerpt":{"rendered":"<p>\u2728 P\u0159\u00edpravn\u00fd kurz DELF\u2728 Zapojte se do na\u0161ich lekc\u00ed v d\u00e9lce 6 lekc\u00ed po 90 minut\u00e1ch a p\u0159ipravte se na zkou\u0161ky DELF na \u00farovn\u00edch A2 a B1. Datum&#8230;<\/p>\n","protected":false},"author":4,"featured_media":9149,"parent":0,"menu_order":0,"comment_status":"closed","ping_status":"closed","template":"","meta":{"_acf_changed":false,"footnotes":""},"class_list":["post-9127","page","type-page","status-publish","has-post-thumbnail","hentry"],"acf":[],"_links":{"self":[{"href":"https:\/\/www.alliancefrancaise.cz\/ostrava\/wp-json\/wp\/v2\/pages\/9127","targetHints":{"allow":["GET"]}}],"collection":[{"href":"https:\/\/www.alliancefrancaise.cz\/ostrava\/wp-json\/wp\/v2\/pages"}],"about":[{"href":"https:\/\/www.alliancefrancaise.cz\/ostrava\/wp-json\/wp\/v2\/types\/page"}],"author":[{"embeddable":true,"href":"https:\/\/www.alliancefrancaise.cz\/ostrava\/wp-json\/wp\/v2\/users\/4"}],"replies":[{"embeddable":true,"href":"https:\/\/www.alliancefrancaise.cz\/ostrava\/wp-json\/wp\/v2\/comments?post=9127"}],"version-history":[{"count":4,"href":"https:\/\/www.alliancefrancaise.cz\/ostrava\/wp-json\/wp\/v2\/pages\/9127\/revisions"}],"predecessor-version":[{"id":9163,"href":"https:\/\/www.alliancefrancaise.cz\/ostrava\/wp-json\/wp\/v2\/pages\/9127\/revisions\/9163"}],"wp:featuredmedia":[{"embeddable":true,"href":"https:\/\/www.alliancefrancaise.cz\/ostrava\/wp-json\/wp\/v2\/media\/9149"}],"wp:attachment":[{"href":"https:\/\/www.alliancefrancaise.cz\/ostrava\/wp-json\/wp\/v2\/media?parent=9127"}],"curies":[{"name":"wp","href":"https:\/\/api.w.org\/{rel}","templated":true}]}}

Přípravný kurz DELF

<figure class="wp-block-image size-large"><img loading="lazy" decoding="async" width="961" height="1360" src="https://www.alliancefrancaise.cz/ostrava/wp-content/uploads/2025/09/Cours-prepa-DELF-thematique-3-961x1360.png" alt="" class="wp-image-9161" srcset="https://www.alliancefrancaise.cz/ostrava/wp-content/uploads/2025/09/Cours-prepa-DELF-thematique-3-961x1360.png 961w, https://www.alliancefrancaise.cz/ostrava/wp-content/uploads/2025/09/Cours-prepa-DELF-thematique-3-325x460.png 325w, https://www.alliancefrancaise.cz/ostrava/wp-content/uploads/2025/09/Cours-prepa-DELF-thematique-3-768x1086.png 768w, https://www.alliancefrancaise.cz/ostrava/wp-content/uploads/2025/09/Cours-prepa-DELF-thematique-3.png 1587w" sizes="auto, (max-width: 961px) 100vw, 961px" /></figure>



<p></p>



<p><strong>✨ Přípravný kurz DELF</strong>✨</p>



<p>Zapojte se do našich lekcí v délce 6 lekcí po 90 minutách a připravte se na zkoušky DELF na úrovních A2 a B1.</p>



<p>Datum zahájení: týden od 6. října.</p>



<p>Registrace : direction.ostrava@alliancefrancaise.cz</p>



<p>✨ <strong>Cours préparatoire au DELF</strong> ✨</p>



<p>Rejoins nos sessions de 6 cours de 90 minutes pour te préparer au DELF, niveaux A2 et B1.</p>



<p>Début des cours : semaine du 6 octobre.</p>



<p>Inscription : direction.ostrava@alliancefrancaise.cz</p>

<p>✨ Přípravný kurz DELF✨ Zapojte se do našich lekcí v délce 6 lekcí po 90 minutách a připravte se na zkoušky DELF na úrovních A2 a B1. Datum&#8230;</p>
