{"id":9976,"date":"2026-02-09T10:28:46","date_gmt":"2026-02-09T09:28:46","guid":{"rendered":"https:\/\/www.alliancefrancaise.cz\/ostrava\/?page_id=9976"},"modified":"2026-03-26T14:09:41","modified_gmt":"2026-03-26T13:09:41","slug":"festival-frankofonie-2026","status":"publish","type":"page","link":"https:\/\/www.alliancefrancaise.cz\/ostrava\/uvod-2\/festival-frankofonie-2026\/","title":{"rendered":"Dny frankofonie 2026"},"content":{"rendered":"\n<p>P\u0159i p\u0159\u00edle\u017eitosti&nbsp;<strong>Dn\u00ed frankofonie<\/strong>&nbsp;v\u00e1m Alliance Fran\u00e7aise Ostrava nab\u00edz\u00ed s\u00e9rii p\u0159\u00e1telsk\u00fdch setk\u00e1n\u00ed, kter\u00e1 propoj\u00ed jazyk, gastronomii, film, inovace a hudbu \u2013 abychom spole\u010dn\u011b oslavili frankofonii po cel\u00e9 jaro.<\/p>\n\n\n\n<p>Pro v\u00edce informac\u00ed kontaktujte:&nbsp;<a>direction.ostrava@alliancefrancaise.cz<\/a><\/p>\n\n\n\n<p><strong>Na\u0161e akce:<\/strong><br><strong><strong>st\u0159eda<\/strong> 18. b\u0159ezna \u2014 Sout\u011b\u017e La Plume d\u2019Or<\/strong><\/p>\n\n\n\n<p>\ud83d\udd55 11:00<br>\ud83d\udccd Alliance Fran\u00e7aise Ostrava<\/p>\n\n\n\n<p><strong>St\u0159eda 18. b\u0159ezna \u2014 <strong>Filmov\u00fd ve\u010der<\/strong>: Brigitte Bardot a jej\u00ed \u201e\u010dty\u0159noz\u00ed p\u0159\u00e1tel\u00e9\u201c<\/strong><br>\ud83d\udc64 P\u0159edn\u00e1\u0161\u00ed&nbsp;<strong>Mgr. Martin Jirou\u0161ek<\/strong>&nbsp;<em>(v \u010de\u0161tin\u011b)<\/em><br>\ud83d\udd61 18:30<br>\ud83d\udccd Alliance Fran\u00e7aise v Ostrav\u011b<br>\ud83c\udf9f\ufe0f 100 K\u010d<\/p>\n\n\n\n<p><strong><strong>\u010dtvrtek<\/strong> 19. b\u0159ezna \u2014 Maghrebsk\u00fd ve\u010der (kulin\u00e1\u0159sk\u00fd)<\/strong><br>\ud83d\udd55 18:00<br>\ud83d\udccd Alliance Fran\u00e7aise Ostrava<br>Gurm\u00e1nsk\u00fd ve\u010der pln\u00fd chut\u00ed \u2013 p\u0159ij\u010fte cestovat a objevovat nov\u00e9 speciality.<\/p>\n\n\n\n<p><strong>\u010ctvrtek 26. b\u0159ezna \u2014 Filmov\u00e1 projekce: <em>En Corps<\/em> (C\u00e9dric Klapisch)<\/strong><br>\ud83d\udccd Minikino (partnersk\u00e9 kino)<br>\ud83c\udf9f\ufe0f 120 K\u010d<\/p>\n\n\n\n<p>\ud83d\udd55 19:30<br>Prom\u00edt\u00e1n\u00ed na velk\u00e9m pl\u00e1tn\u011b \u2013 p\u0159ij\u010fte objevit dojemn\u00fd a optimistick\u00fd film.<\/p>\n\n\n\n<p><strong>Sobota 28. b\u0159ezna \u2014 Sout\u011b\u017e v pe\u010den\u00ed<\/strong><br>\ud83d\udd51 14:00<br>\ud83d\udccd Alliance Fran\u00e7aise Ostrava<br>Sladk\u00e9 a slavnostn\u00ed odpoledne otev\u0159en\u00e9 v\u0161em nad\u0161enc\u016fm do pe\u010den\u00ed.<\/p>\n\n\n\n<div class=\"wp-block-file\"><a id=\"wp-block-file--media-fe1b984f-122a-438d-98d1-c39636c48f04\" href=\"https:\/\/www.alliancefrancaise.cz\/ostrava\/wp-content\/uploads\/2026\/02\/formulaire-7.docx\">formulaire<\/a><a href=\"https:\/\/www.alliancefrancaise.cz\/ostrava\/wp-content\/uploads\/2026\/02\/formulaire-7.docx\" class=\"wp-block-file__button wp-element-button\" download aria-describedby=\"wp-block-file--media-fe1b984f-122a-438d-98d1-c39636c48f04\">T\u00e9l\u00e9charger<\/a><\/div>\n\n\n\n<div data-wp-interactive=\"core\/file\" class=\"wp-block-file\"><object data-wp-bind--hidden=\"!state.hasPdfPreview\" hidden class=\"wp-block-file__embed\" data=\"https:\/\/www.alliancefrancaise.cz\/ostrava\/wp-content\/uploads\/2026\/02\/formulaire-4.pdf\" type=\"application\/pdf\" style=\"width:100%;height:600px\" aria-label=\"Vlo\u017eit z formulaire.\"><\/object><a id=\"wp-block-file--media-df780a49-0cd5-414a-bfa5-cbc4331b9951\" href=\"https:\/\/www.alliancefrancaise.cz\/ostrava\/wp-content\/uploads\/2026\/02\/formulaire-4.pdf\">formulaire<\/a><a href=\"https:\/\/www.alliancefrancaise.cz\/ostrava\/wp-content\/uploads\/2026\/02\/formulaire-4.pdf\" class=\"wp-block-file__button wp-element-button\" download aria-describedby=\"wp-block-file--media-df780a49-0cd5-414a-bfa5-cbc4331b9951\">T\u00e9l\u00e9charger<\/a><\/div>\n\n\n\n<div data-wp-interactive=\"core\/file\" class=\"wp-block-file\"><object data-wp-bind--hidden=\"!state.hasPdfPreview\" hidden class=\"wp-block-file__embed\" data=\"https:\/\/www.alliancefrancaise.cz\/ostrava\/wp-content\/uploads\/2026\/02\/reglement-6.pdf\" type=\"application\/pdf\" style=\"width:100%;height:600px\" aria-label=\"Vlo\u017eit z r\u00e8glement.\"><\/object><a id=\"wp-block-file--media-eac56f8d-ca80-4453-9a69-8146d2c1e871\" href=\"https:\/\/www.alliancefrancaise.cz\/ostrava\/wp-content\/uploads\/2026\/02\/reglement-6.pdf\">r\u00e8glement<\/a><a href=\"https:\/\/www.alliancefrancaise.cz\/ostrava\/wp-content\/uploads\/2026\/02\/reglement-6.pdf\" class=\"wp-block-file__button wp-element-button\" download aria-describedby=\"wp-block-file--media-eac56f8d-ca80-4453-9a69-8146d2c1e871\">T\u00e9l\u00e9charger<\/a><\/div>\n\n\n\n<p><strong>\u00dater\u00fd 31. b\u0159ezna \u2014 \u00davod do um\u011bl\u00e9 inteligence (\u0161kolen\u00ed pro u\u010ditele jazyk\u016f)<\/strong><br>\ud83d\udc64 Lektor: Lukas Musialek (v \u010de\u0161tin\u011b)<\/p>\n\n\n\n<p>\ud83d\udd55 16:00<br>\ud83d\udccd Alliance Fran\u00e7aise Ostrava<br>Workshop, kter\u00fd p\u0159edstav\u00ed z\u00e1klady AI a uk\u00e1\u017ee konkr\u00e9tn\u00ed mo\u017enosti vyu\u017eit\u00ed ve v\u00fduce jazyk\u016f.<\/p>\n\n\n\n<p><strong>P\u00e1tek 10. dubna \u2014 Sout\u011b\u017e frankofonn\u00ed p\u00edsn\u011b<\/strong><\/p>\n\n\n\n<p>\ud83d\udd55 12:00<br>\ud83d\udccd Klub Parn\u00edk<\/p>\n\n\n\n<div class=\"wp-block-file\"><a id=\"wp-block-file--media-e90c6139-be58-48a5-89cf-a0513c9a01e9\" href=\"https:\/\/www.alliancefrancaise.cz\/ostrava\/wp-content\/uploads\/2026\/02\/2026-registracni-formular-1-1.docx\">2026-registracni-formular<\/a><a href=\"https:\/\/www.alliancefrancaise.cz\/ostrava\/wp-content\/uploads\/2026\/02\/2026-registracni-formular-1-1.docx\" class=\"wp-block-file__button wp-element-button\" download aria-describedby=\"wp-block-file--media-e90c6139-be58-48a5-89cf-a0513c9a01e9\">T\u00e9l\u00e9charger<\/a><\/div>\n\n\n\n<div data-wp-interactive=\"core\/file\" class=\"wp-block-file\"><object data-wp-bind--hidden=\"!state.hasPdfPreview\" hidden class=\"wp-block-file__embed\" data=\"https:\/\/www.alliancefrancaise.cz\/ostrava\/wp-content\/uploads\/2026\/02\/Soutez-v-interpretaci-frankofonni-pisne-patek-10.dubna-2026-1-4.pdf\" type=\"application\/pdf\" style=\"width:100%;height:600px\" aria-label=\"Vlo\u017eit z Sout\u011b\u017e v interpretaci frankofonn\u00ed p\u00edsn\u011b - p\u00e1tek 10.dubna 2026 (1).\"><\/object><a id=\"wp-block-file--media-eb14db76-e115-4c3e-88fa-d9690ce13347\" href=\"https:\/\/www.alliancefrancaise.cz\/ostrava\/wp-content\/uploads\/2026\/02\/Soutez-v-interpretaci-frankofonni-pisne-patek-10.dubna-2026-1-4.pdf\">Sout\u011b\u017e v interpretaci frankofonn\u00ed p\u00edsn\u011b &#8211; p\u00e1tek 10.dubna 2026 (1)<\/a><a href=\"https:\/\/www.alliancefrancaise.cz\/ostrava\/wp-content\/uploads\/2026\/02\/Soutez-v-interpretaci-frankofonni-pisne-patek-10.dubna-2026-1-4.pdf\" class=\"wp-block-file__button wp-element-button\" download aria-describedby=\"wp-block-file--media-eb14db76-e115-4c3e-88fa-d9690ce13347\">T\u00e9l\u00e9charger<\/a><\/div>\n\n\n\n<p><\/p>\n","protected":false},"excerpt":{"rendered":"<p>P\u0159i p\u0159\u00edle\u017eitosti&nbsp;Dn\u00ed frankofonie&nbsp;v\u00e1m Alliance Fran\u00e7aise Ostrava nab\u00edz\u00ed s\u00e9rii p\u0159\u00e1telsk\u00fdch setk\u00e1n\u00ed, kter\u00e1 propoj\u00ed jazyk, gastronomii, film, inovace a hudbu \u2013 abychom spole\u010dn\u011b oslavili frankofonii po cel\u00e9 jaro. Pro v\u00edce&#8230;<\/p>\n","protected":false},"author":4,"featured_media":0,"parent":2,"menu_order":0,"comment_status":"closed","ping_status":"closed","template":"","meta":{"_acf_changed":false,"footnotes":""},"class_list":["post-9976","page","type-page","status-publish","hentry"],"acf":[],"_links":{"self":[{"href":"https:\/\/www.alliancefrancaise.cz\/ostrava\/wp-json\/wp\/v2\/pages\/9976","targetHints":{"allow":["GET"]}}],"collection":[{"href":"https:\/\/www.alliancefrancaise.cz\/ostrava\/wp-json\/wp\/v2\/pages"}],"about":[{"href":"https:\/\/www.alliancefrancaise.cz\/ostrava\/wp-json\/wp\/v2\/types\/page"}],"author":[{"embeddable":true,"href":"https:\/\/www.alliancefrancaise.cz\/ostrava\/wp-json\/wp\/v2\/users\/4"}],"replies":[{"embeddable":true,"href":"https:\/\/www.alliancefrancaise.cz\/ostrava\/wp-json\/wp\/v2\/comments?post=9976"}],"version-history":[{"count":13,"href":"https:\/\/www.alliancefrancaise.cz\/ostrava\/wp-json\/wp\/v2\/pages\/9976\/revisions"}],"predecessor-version":[{"id":10218,"href":"https:\/\/www.alliancefrancaise.cz\/ostrava\/wp-json\/wp\/v2\/pages\/9976\/revisions\/10218"}],"up":[{"embeddable":true,"href":"https:\/\/www.alliancefrancaise.cz\/ostrava\/wp-json\/wp\/v2\/pages\/2"}],"wp:attachment":[{"href":"https:\/\/www.alliancefrancaise.cz\/ostrava\/wp-json\/wp\/v2\/media?parent=9976"}],"curies":[{"name":"wp","href":"https:\/\/api.w.org\/{rel}","templated":true}]}}

<p>Při příležitosti&nbsp;<strong>Dní frankofonie</strong>&nbsp;vám Alliance Française Ostrava nabízí sérii přátelských setkání, která propojí jazyk, gastronomii, film, inovace a hudbu – abychom společně oslavili frankofonii po celé jaro.</p>



<p>Pro více informací kontaktujte:&nbsp;<a>direction.ostrava@alliancefrancaise.cz</a></p>



<p><strong>Naše akce:</strong><br><strong><strong>středa</strong> 18. března — Soutěž La Plume d’Or</strong></p>



<p>🕕 11:00<br>📍 Alliance Française Ostrava</p>



<p><strong>Středa 18. března — <strong>Filmový večer</strong>: Brigitte Bardot a její „čtyřnozí přátelé“</strong><br>👤 Přednáší&nbsp;<strong>Mgr. Martin Jiroušek</strong>&nbsp;<em>(v češtině)</em><br>🕡 18:30<br>📍 Alliance Française v Ostravě<br>🎟️ 100 Kč</p>



<p><strong><strong>čtvrtek</strong> 19. března — Maghrebský večer (kulinářský)</strong><br>🕕 18:00<br>📍 Alliance Française Ostrava<br>Gurmánský večer plný chutí – přijďte cestovat a objevovat nové speciality.</p>



<p><strong>Čtvrtek 26. března — Filmová projekce: <em>En Corps</em> (Cédric Klapisch)</strong><br>📍 Minikino (partnerské kino)<br>🎟️ 120 Kč</p>



<p>🕕 19:30<br>Promítání na velkém plátně – přijďte objevit dojemný a optimistický film.</p>



<p><strong>Sobota 28. března — Soutěž v pečení</strong><br>🕑 14:00<br>📍 Alliance Française Ostrava<br>Sladké a slavnostní odpoledne otevřené všem nadšencům do pečení.</p>



<div class="wp-block-file"><a id="wp-block-file--media-fe1b984f-122a-438d-98d1-c39636c48f04" href="https://www.alliancefrancaise.cz/ostrava/wp-content/uploads/2026/02/formulaire-7.docx">formulaire</a><a href="https://www.alliancefrancaise.cz/ostrava/wp-content/uploads/2026/02/formulaire-7.docx" class="wp-block-file__button wp-element-button" download aria-describedby="wp-block-file--media-fe1b984f-122a-438d-98d1-c39636c48f04">Télécharger</a></div>



<div data-wp-interactive="core/file" class="wp-block-file"><object data-wp-bind--hidden="!state.hasPdfPreview" hidden class="wp-block-file__embed" data="https://www.alliancefrancaise.cz/ostrava/wp-content/uploads/2026/02/formulaire-4.pdf" type="application/pdf" style="width:100%;height:600px" aria-label="Vložit z formulaire."></object><a id="wp-block-file--media-df780a49-0cd5-414a-bfa5-cbc4331b9951" href="https://www.alliancefrancaise.cz/ostrava/wp-content/uploads/2026/02/formulaire-4.pdf">formulaire</a><a href="https://www.alliancefrancaise.cz/ostrava/wp-content/uploads/2026/02/formulaire-4.pdf" class="wp-block-file__button wp-element-button" download aria-describedby="wp-block-file--media-df780a49-0cd5-414a-bfa5-cbc4331b9951">Télécharger</a></div>



<div data-wp-interactive="core/file" class="wp-block-file"><object data-wp-bind--hidden="!state.hasPdfPreview" hidden class="wp-block-file__embed" data="https://www.alliancefrancaise.cz/ostrava/wp-content/uploads/2026/02/reglement-6.pdf" type="application/pdf" style="width:100%;height:600px" aria-label="Vložit z règlement."></object><a id="wp-block-file--media-eac56f8d-ca80-4453-9a69-8146d2c1e871" href="https://www.alliancefrancaise.cz/ostrava/wp-content/uploads/2026/02/reglement-6.pdf">règlement</a><a href="https://www.alliancefrancaise.cz/ostrava/wp-content/uploads/2026/02/reglement-6.pdf" class="wp-block-file__button wp-element-button" download aria-describedby="wp-block-file--media-eac56f8d-ca80-4453-9a69-8146d2c1e871">Télécharger</a></div>



<p><strong>Úterý 31. března — Úvod do umělé inteligence (školení pro učitele jazyků)</strong><br>👤 Lektor: Lukas Musialek (v češtině)</p>



<p>🕕 16:00<br>📍 Alliance Française Ostrava<br>Workshop, který představí základy AI a ukáže konkrétní možnosti využití ve výuce jazyků.</p>



<p><strong>Pátek 10. dubna — Soutěž frankofonní písně</strong></p>



<p>🕕 12:00<br>📍 Klub Parník</p>



<div class="wp-block-file"><a id="wp-block-file--media-e90c6139-be58-48a5-89cf-a0513c9a01e9" href="https://www.alliancefrancaise.cz/ostrava/wp-content/uploads/2026/02/2026-registracni-formular-1-1.docx">2026-registracni-formular</a><a href="https://www.alliancefrancaise.cz/ostrava/wp-content/uploads/2026/02/2026-registracni-formular-1-1.docx" class="wp-block-file__button wp-element-button" download aria-describedby="wp-block-file--media-e90c6139-be58-48a5-89cf-a0513c9a01e9">Télécharger</a></div>



<div data-wp-interactive="core/file" class="wp-block-file"><object data-wp-bind--hidden="!state.hasPdfPreview" hidden class="wp-block-file__embed" data="https://www.alliancefrancaise.cz/ostrava/wp-content/uploads/2026/02/Soutez-v-interpretaci-frankofonni-pisne-patek-10.dubna-2026-1-4.pdf" type="application/pdf" style="width:100%;height:600px" aria-label="Vložit z Soutěž v interpretaci frankofonní písně - pátek 10.dubna 2026 (1)."></object><a id="wp-block-file--media-eb14db76-e115-4c3e-88fa-d9690ce13347" href="https://www.alliancefrancaise.cz/ostrava/wp-content/uploads/2026/02/Soutez-v-interpretaci-frankofonni-pisne-patek-10.dubna-2026-1-4.pdf">Soutěž v interpretaci frankofonní písně &#8211; pátek 10.dubna 2026 (1)</a><a href="https://www.alliancefrancaise.cz/ostrava/wp-content/uploads/2026/02/Soutez-v-interpretaci-frankofonni-pisne-patek-10.dubna-2026-1-4.pdf" class="wp-block-file__button wp-element-button" download aria-describedby="wp-block-file--media-eb14db76-e115-4c3e-88fa-d9690ce13347">Télécharger</a></div>



<p></p>

<p>Při příležitosti&nbsp;Dní frankofonie&nbsp;vám Alliance Française Ostrava nabízí sérii přátelských setkání, která propojí jazyk, gastronomii, film, inovace a hudbu – abychom společně oslavili frankofonii po celé jaro. Pro více&#8230;</p>
