{"id":20510,"date":"2024-10-15T11:37:24","date_gmt":"2024-10-15T09:37:24","guid":{"rendered":"https:\/\/www.alliancefrancaise.cz\/pardubice\/?post_type=kultura&#038;p=20510"},"modified":"2024-12-04T16:30:41","modified_gmt":"2024-12-04T15:30:41","slug":"festival-francouzskeho-filmu","status":"publish","type":"kultura","link":"https:\/\/www.alliancefrancaise.cz\/pardubice\/fr\/kultura\/festival-francouzskeho-filmu\/","title":{"rendered":"Festival Francouzsk\u00e9ho Filmu"},"content":{"rendered":"\n<p><strong>HRADEC KR\u00c1LOV\u00c9 \u2013 BIO CENTRAL<\/strong><\/p>\n\n\n\n<p><a href=\"http:\/\/www.biocentral.cz\" data-type=\"link\" data-id=\"www.biocentral.cz\" target=\"_blank\" rel=\"noopener\">www.biocentral.cz<\/a><\/p>\n\n\n\n<p><strong>Festival francouzsk\u00e9ho filmu<\/strong> p\u0159edstavuje \u010desk\u00fdm div\u00e1k\u016fm co nej\u0161ir\u0161\u00ed v\u00fdb\u011br ze sou\u010dasn\u00e9 francouzsk\u00e9 filmov\u00e9<br>produkce. Festival byl zalo\u017een v roce 1996 z iniciativy Francouzsk\u00e9ho velvyslanectv\u00ed v \u010cesk\u00e9 republice,<br>Francouzsk\u00e9ho institutu v Praze a organizace Unifrance. Festival francouzsk\u00e9ho filmu je nejv\u011bt\u0161\u00ed francouzskou<br>kulturn\u00ed ud\u00e1lost\u00ed sv\u00e9ho druhu v \u010cesk\u00e9 republice.<\/p>\n\n\n\n<p><strong>PROGRAM<\/strong><\/p>\n\n\n\n<ul class=\"wp-block-list\">\n<li><a href=\"https:\/\/www.unifrance.org\/film\/58073\/monsieur-aznavour\" target=\"_blank\" rel=\"noreferrer noopener\">Aznavour \/ Monsieur Aznavour<\/a>&nbsp;(2024) \u2013 re\u017eie Grand Corps Malade, Mehdi Idir; uveden\u00ed ve Francii 23. \u0159\u00edjna<\/li>\n\n\n\n<li><a href=\"https:\/\/www.unifrance.org\/film\/55351\/l-amour-et-les-forets\" target=\"_blank\" rel=\"noreferrer noopener\">Jen my dva \/ L\u2018Amour et les for\u00eats<\/a>&nbsp;(2023) \u2013 re\u017eie Val\u00e9rie Donzelli; C\u00e9sar 2024 za nejlep\u0161\u00ed adaptaci<\/li>\n\n\n\n<li><a href=\"https:\/\/www.unifrance.org\/film\/56548\/langue-etrangere\" target=\"_blank\" rel=\"noreferrer noopener\">Ciz\u00ed jazyk \/&nbsp;Langue \u00e9trang\u00e8re<\/a>&nbsp;(2024) \u2013 re\u017eie Claire Burger; Berlinale 2024<\/li>\n\n\n\n<li><a href=\"https:\/\/www.unifrance.org\/film\/58325\/misericorde\" target=\"_blank\" rel=\"noreferrer noopener\">Pro smilov\u00e1n\u00ed \/ Mis\u00e9ricorde<\/a>&nbsp;(2024) \u2013 re\u017eie Alain Guiraudie; Cannes Premiere 2024<\/li>\n\n\n\n<li><a href=\"https:\/\/www.unifrance.org\/film\/58034\/saint-exupery\" target=\"_blank\" rel=\"noreferrer noopener\">Saint-Exup\u00e9ry \/ Saint-Ex<\/a>&nbsp;(2024) \u2013 re\u017eie Pablo Agu\u00ebro; uveden\u00ed ve Francii 11. prosince<\/li>\n\n\n\n<li><a href=\"https:\/\/www.unifrance.org\/film\/58497\/vingt-dieux\" target=\"_blank\" rel=\"noreferrer noopener\">Ty kr\u00e1vo! \/ Vingt Dieux<\/a>&nbsp;(2024) \u2013 re\u017eie Louise Courvoisier; Cannes 2024 \u2013 Un certain regard \u2013 Cena ml\u00e1de\u017ee<\/li>\n\n\n\n<li><a href=\"https:\/\/www.unifrance.org\/film\/54935\/vincent-doit-mourir\" target=\"_blank\" rel=\"noreferrer noopener\">Vincent mus\u00ed zem\u0159\u00edt \/ Vincent doit mourir\u00a0<\/a>(2024) &#8211; re\u017eie St\u00e9phan Castang; nominov\u00e1n na cenu za nejlep\u0161\u00ed film na C\u00e9sarech 2024<\/li>\n<\/ul>\n\n\n\n<p><strong>INFORMACE<\/strong><\/p>\n\n\n\n<p>dal\u0161\u00ed informace naleznete na webov\u00fdch str\u00e1nk\u00e1ch festivalu : <a href=\"https:\/\/www.festivalff.cz\/\" data-type=\"link\" data-id=\"https:\/\/www.festivalff.cz\/\" target=\"_blank\" rel=\"noopener\">https:\/\/www.festivalff.cz\/<\/a><\/p>\n\n\n\n<p><\/p>\n","protected":false},"excerpt":{"rendered":"<p>HRADEC KR\u00c1LOV\u00c9 \u2013 BIO CENTRAL www.biocentral.cz Festival francouzsk\u00e9ho filmu p\u0159edstavuje \u010desk\u00fdm div\u00e1k\u016fm co nej\u0161ir\u0161\u00ed v\u00fdb\u011br ze sou\u010dasn\u00e9 francouzsk\u00e9 filmov\u00e9produkce. Festival byl zalo\u017een&#8230;<\/p>\n","protected":false},"featured_media":20511,"parent":0,"template":"","zarazeni":[70],"class_list":["post-20510","kultura","type-kultura","status-publish","has-post-thumbnail","hentry","zarazeni-archiv-akci"],"acf":[],"_links":{"self":[{"href":"https:\/\/www.alliancefrancaise.cz\/pardubice\/fr\/wp-json\/wp\/v2\/kultura\/20510","targetHints":{"allow":["GET"]}}],"collection":[{"href":"https:\/\/www.alliancefrancaise.cz\/pardubice\/fr\/wp-json\/wp\/v2\/kultura"}],"about":[{"href":"https:\/\/www.alliancefrancaise.cz\/pardubice\/fr\/wp-json\/wp\/v2\/types\/kultura"}],"version-history":[{"count":6,"href":"https:\/\/www.alliancefrancaise.cz\/pardubice\/fr\/wp-json\/wp\/v2\/kultura\/20510\/revisions"}],"predecessor-version":[{"id":21417,"href":"https:\/\/www.alliancefrancaise.cz\/pardubice\/fr\/wp-json\/wp\/v2\/kultura\/20510\/revisions\/21417"}],"wp:featuredmedia":[{"embeddable":true,"href":"https:\/\/www.alliancefrancaise.cz\/pardubice\/fr\/wp-json\/wp\/v2\/media\/20511"}],"wp:attachment":[{"href":"https:\/\/www.alliancefrancaise.cz\/pardubice\/fr\/wp-json\/wp\/v2\/media?parent=20510"}],"wp:term":[{"taxonomy":"zarazeni","embeddable":true,"href":"https:\/\/www.alliancefrancaise.cz\/pardubice\/fr\/wp-json\/wp\/v2\/zarazeni?post=20510"}],"curies":[{"name":"wp","href":"https:\/\/api.w.org\/{rel}","templated":true}]}}

Festival Francouzského Filmu

<p><strong>HRADEC KRÁLOVÉ – BIO CENTRAL</strong></p>



<p><a href="http://www.biocentral.cz" data-type="link" data-id="www.biocentral.cz" target="_blank" rel="noopener">www.biocentral.cz</a></p>



<p><strong>Festival francouzského filmu</strong> představuje českým divákům co nejširší výběr ze současné francouzské filmové<br>produkce. Festival byl založen v roce 1996 z iniciativy Francouzského velvyslanectví v České republice,<br>Francouzského institutu v Praze a organizace Unifrance. Festival francouzského filmu je největší francouzskou<br>kulturní událostí svého druhu v České republice.</p>



<p><strong>PROGRAM</strong></p>



<ul class="wp-block-list">
<li><a href="https://www.unifrance.org/film/58073/monsieur-aznavour" target="_blank" rel="noreferrer noopener">Aznavour / Monsieur Aznavour</a>&nbsp;(2024) – režie Grand Corps Malade, Mehdi Idir; uvedení ve Francii 23. října</li>



<li><a href="https://www.unifrance.org/film/55351/l-amour-et-les-forets" target="_blank" rel="noreferrer noopener">Jen my dva / L‘Amour et les forêts</a>&nbsp;(2023) – režie Valérie Donzelli; César 2024 za nejlepší adaptaci</li>



<li><a href="https://www.unifrance.org/film/56548/langue-etrangere" target="_blank" rel="noreferrer noopener">Cizí jazyk /&nbsp;Langue étrangère</a>&nbsp;(2024) – režie Claire Burger; Berlinale 2024</li>



<li><a href="https://www.unifrance.org/film/58325/misericorde" target="_blank" rel="noreferrer noopener">Pro smilování / Miséricorde</a>&nbsp;(2024) – režie Alain Guiraudie; Cannes Premiere 2024</li>



<li><a href="https://www.unifrance.org/film/58034/saint-exupery" target="_blank" rel="noreferrer noopener">Saint-Exupéry / Saint-Ex</a>&nbsp;(2024) – režie Pablo Aguëro; uvedení ve Francii 11. prosince</li>



<li><a href="https://www.unifrance.org/film/58497/vingt-dieux" target="_blank" rel="noreferrer noopener">Ty krávo! / Vingt Dieux</a>&nbsp;(2024) – režie Louise Courvoisier; Cannes 2024 – Un certain regard – Cena mládeže</li>



<li><a href="https://www.unifrance.org/film/54935/vincent-doit-mourir" target="_blank" rel="noreferrer noopener">Vincent musí zemřít / Vincent doit mourir </a>(2024) &#8211; režie Stéphan Castang; nominován na cenu za nejlepší film na Césarech 2024</li>
</ul>



<p><strong>INFORMACE</strong></p>



<p>další informace naleznete na webových stránkách festivalu : <a href="https://www.festivalff.cz/" data-type="link" data-id="https://www.festivalff.cz/" target="_blank" rel="noopener">https://www.festivalff.cz/</a></p>



<p></p>

<p>HRADEC KRÁLOVÉ – BIO CENTRAL www.biocentral.cz Festival francouzského filmu představuje českým divákům co nejširší výběr ze současné francouzské filmovéprodukce. Festival byl založen&#8230;</p>
