{"id":20663,"date":"2024-12-04T16:41:54","date_gmt":"2024-12-04T15:41:54","guid":{"rendered":"https:\/\/www.alliancefrancaise.cz\/pardubice\/?post_type=kultura&#038;p=20663"},"modified":"2024-12-04T16:41:55","modified_gmt":"2024-12-04T15:41:55","slug":"soiree-bretonne","status":"publish","type":"kultura","link":"https:\/\/www.alliancefrancaise.cz\/pardubice\/fr\/kultura\/soiree-bretonne\/","title":{"rendered":"Soir\u00e9e Bretonne"},"content":{"rendered":"\n<p>Quand l\u2019hiver approche, quoi de mieux qu\u2019un peu de cidre chaud et de cr\u00eapes pour se r\u00e9chauffer? \ud83e\udd5e<\/p>\n\n\n\n<p>L\u2019Alliance fran\u00e7aise vous convie \u00e0 une grande soir\u00e9e bretonne le jeudi 19 d\u00e9cembre. Au programme : musique, chants, atelier cuisine et d\u00e9gustation de produits r\u00e9gionaux.&nbsp;<\/p>\n\n\n\n<p>On vous attend nombreux pour ce beau moment d\u2019\u00e9change interculturel. \u2744\ufe0f<\/p>\n\n\n\n<p><\/p>\n\n\n\n<p>Jak se l\u00e9pe zah\u0159\u00e1t s bl\u00ed\u017e\u00edc\u00ed se zimou ne\u017e u \u0161\u00e1lku hork\u00e9ho cideru a pala\u010dinek? \ud83e\udd5e<\/p>\n\n\n\n<p>Alliance Fran\u00e7aise v\u00e1s srde\u010dn\u011b zve na Breta\u0148sk\u00fd ve\u010der, kter\u00fd se uskute\u010dn\u00ed ve \u010dtvrtek 19. prosince. \u010cek\u00e1 v\u00e1s hudba, zp\u011bv, kulin\u00e1\u0159sk\u00fd workshop a ochutn\u00e1vka region\u00e1ln\u00edch specialit. T\u011b\u0161\u00edme se na setk\u00e1n\u00ed s v\u00e1mi a na tuto jedine\u010dnou p\u0159\u00edle\u017eitost! \u2744\ufe0f<\/p>\n\n\n\n<p><\/p>\n","protected":false},"excerpt":{"rendered":"<p>Quand l\u2019hiver approche, quoi de mieux qu\u2019un peu de cidre chaud et de cr\u00eapes pour se r\u00e9chauffer? \ud83e\udd5e L\u2019Alliance fran\u00e7aise vous convie&#8230;<\/p>\n","protected":false},"featured_media":20664,"parent":0,"template":"","zarazeni":[62],"class_list":["post-20663","kultura","type-kultura","status-publish","has-post-thumbnail","hentry","zarazeni-nos-evenements-culturels"],"acf":[],"_links":{"self":[{"href":"https:\/\/www.alliancefrancaise.cz\/pardubice\/fr\/wp-json\/wp\/v2\/kultura\/20663","targetHints":{"allow":["GET"]}}],"collection":[{"href":"https:\/\/www.alliancefrancaise.cz\/pardubice\/fr\/wp-json\/wp\/v2\/kultura"}],"about":[{"href":"https:\/\/www.alliancefrancaise.cz\/pardubice\/fr\/wp-json\/wp\/v2\/types\/kultura"}],"version-history":[{"count":1,"href":"https:\/\/www.alliancefrancaise.cz\/pardubice\/fr\/wp-json\/wp\/v2\/kultura\/20663\/revisions"}],"predecessor-version":[{"id":20666,"href":"https:\/\/www.alliancefrancaise.cz\/pardubice\/fr\/wp-json\/wp\/v2\/kultura\/20663\/revisions\/20666"}],"wp:featuredmedia":[{"embeddable":true,"href":"https:\/\/www.alliancefrancaise.cz\/pardubice\/fr\/wp-json\/wp\/v2\/media\/20664"}],"wp:attachment":[{"href":"https:\/\/www.alliancefrancaise.cz\/pardubice\/fr\/wp-json\/wp\/v2\/media?parent=20663"}],"wp:term":[{"taxonomy":"zarazeni","embeddable":true,"href":"https:\/\/www.alliancefrancaise.cz\/pardubice\/fr\/wp-json\/wp\/v2\/zarazeni?post=20663"}],"curies":[{"name":"wp","href":"https:\/\/api.w.org\/{rel}","templated":true}]}}

Soirée Bretonne

<p>Quand l’hiver approche, quoi de mieux qu’un peu de cidre chaud et de crêpes pour se réchauffer? 🥞</p>



<p>L’Alliance française vous convie à une grande soirée bretonne le jeudi 19 décembre. Au programme : musique, chants, atelier cuisine et dégustation de produits régionaux.&nbsp;</p>



<p>On vous attend nombreux pour ce beau moment d’échange interculturel. ❄️</p>



<p></p>



<p>Jak se lépe zahřát s blížící se zimou než u šálku horkého cideru a palačinek? 🥞</p>



<p>Alliance Française vás srdečně zve na Bretaňský večer, který se uskuteční ve čtvrtek 19. prosince. Čeká vás hudba, zpěv, kulinářský workshop a ochutnávka regionálních specialit. Těšíme se na setkání s vámi a na tuto jedinečnou příležitost! ❄️</p>



<p></p>

<p>Quand l’hiver approche, quoi de mieux qu’un peu de cidre chaud et de crêpes pour se réchauffer? 🥞 L’Alliance française vous convie&#8230;</p>
