{"id":20900,"date":"2025-02-26T16:53:48","date_gmt":"2025-02-26T15:53:48","guid":{"rendered":"https:\/\/www.alliancefrancaise.cz\/pardubice\/?post_type=kultura&#038;p=20900"},"modified":"2025-03-06T15:45:56","modified_gmt":"2025-03-06T14:45:56","slug":"svatek-soucasne-francouzske-literatury-ii","status":"publish","type":"kultura","link":"https:\/\/www.alliancefrancaise.cz\/pardubice\/fr\/kultura\/svatek-soucasne-francouzske-literatury-ii\/","title":{"rendered":"Sv\u00e1tek sou\u010dasn\u00e9 francouzsk\u00e9 literatury II"},"content":{"rendered":"\n<p>\ud83c\udde8\ud83c\uddff P\u0159ipraveni oslavit frankofonii s n\u00e1mi? \ud83c\udf89<\/p>\n\n\n\n<p>Sv\u00e1tek sou\u010dasn\u00e9 francouzsk\u00e9 literatury II \ud83d\udcd6 na t\u00e9ma \u201eLidsk\u00e1 podm\u00ednka\u201c: p\u0159edn\u00e1\u0161ka s \u010detbou a debatami, kter\u00e9 povedou studenti Katedry francouzsk\u00e9ho jazyka a literatury Univerzity Hradec Kr\u00e1lov\u00e9.<\/p>\n\n\n\n<p>\ud83d\udcc6 St\u0159eda 5. b\u0159ezna v 17:00<\/p>\n\n\n\n<p>\ud83d\udccd Studijn\u00ed a v\u011bdeck\u00e1 knihovna v Hradci Kr\u00e1lov\u00e9<\/p>\n\n\n\n<p><\/p>\n\n\n\n<p>\ud83c\uddeb\ud83c\uddf7 Pr\u00eats \u00e0 c\u00e9l\u00e9brer la Francophonie avec nous ?\ud83c\udf89<\/p>\n\n\n\n<p>F\u00eate de la litt\u00e9rature fran\u00e7aise contemporaine 2\u00e8me \u00e9dition \ud83d\udcd6 sur le th\u00e8me de \u00ab La condition humaine \u00bb : pr\u00e9sentation enrichie de lectures et de d\u00e9bats anim\u00e9s par les \u00e9tudiants du D\u00e9partement de langue et litt\u00e9rature fran\u00e7aises de l&rsquo;Universit\u00e9 de Hradec Kr\u00e1lov\u00e9.<\/p>\n\n\n\n<p>\ud83d\udcc6 Mercredi 5 mars \u00e0 17h<\/p>\n\n\n\n<p>\ud83d\udccd Biblioth\u00e8que d\u2019\u00e9tudes, Hradec Kr\u00e1lov\u00e9<\/p>\n","protected":false},"excerpt":{"rendered":"<p>\ud83c\udde8\ud83c\uddff P\u0159ipraveni oslavit frankofonii s n\u00e1mi? \ud83c\udf89 Sv\u00e1tek sou\u010dasn\u00e9 francouzsk\u00e9 literatury II \ud83d\udcd6 na t\u00e9ma \u201eLidsk\u00e1 podm\u00ednka\u201c: p\u0159edn\u00e1\u0161ka s \u010detbou a debatami,&#8230;<\/p>\n","protected":false},"featured_media":20901,"parent":0,"template":"","zarazeni":[70],"class_list":["post-20900","kultura","type-kultura","status-publish","has-post-thumbnail","hentry","zarazeni-archiv-akci"],"acf":[],"_links":{"self":[{"href":"https:\/\/www.alliancefrancaise.cz\/pardubice\/fr\/wp-json\/wp\/v2\/kultura\/20900","targetHints":{"allow":["GET"]}}],"collection":[{"href":"https:\/\/www.alliancefrancaise.cz\/pardubice\/fr\/wp-json\/wp\/v2\/kultura"}],"about":[{"href":"https:\/\/www.alliancefrancaise.cz\/pardubice\/fr\/wp-json\/wp\/v2\/types\/kultura"}],"version-history":[{"count":1,"href":"https:\/\/www.alliancefrancaise.cz\/pardubice\/fr\/wp-json\/wp\/v2\/kultura\/20900\/revisions"}],"predecessor-version":[{"id":20903,"href":"https:\/\/www.alliancefrancaise.cz\/pardubice\/fr\/wp-json\/wp\/v2\/kultura\/20900\/revisions\/20903"}],"wp:featuredmedia":[{"embeddable":true,"href":"https:\/\/www.alliancefrancaise.cz\/pardubice\/fr\/wp-json\/wp\/v2\/media\/20901"}],"wp:attachment":[{"href":"https:\/\/www.alliancefrancaise.cz\/pardubice\/fr\/wp-json\/wp\/v2\/media?parent=20900"}],"wp:term":[{"taxonomy":"zarazeni","embeddable":true,"href":"https:\/\/www.alliancefrancaise.cz\/pardubice\/fr\/wp-json\/wp\/v2\/zarazeni?post=20900"}],"curies":[{"name":"wp","href":"https:\/\/api.w.org\/{rel}","templated":true}]}}

Svátek současné francouzské literatury II

<p>🇨🇿 Připraveni oslavit frankofonii s námi? 🎉</p>



<p>Svátek současné francouzské literatury II 📖 na téma „Lidská podmínka“: přednáška s četbou a debatami, které povedou studenti Katedry francouzského jazyka a literatury Univerzity Hradec Králové.</p>



<p>📆 Středa 5. března v 17:00</p>



<p>📍 Studijní a vědecká knihovna v Hradci Králové</p>



<p></p>



<p>🇫🇷 Prêts à célébrer la Francophonie avec nous ?🎉</p>



<p>Fête de la littérature française contemporaine 2ème édition 📖 sur le thème de « La condition humaine » : présentation enrichie de lectures et de débats animés par les étudiants du Département de langue et littérature françaises de l&rsquo;Université de Hradec Králové.</p>



<p>📆 Mercredi 5 mars à 17h</p>



<p>📍 Bibliothèque d’études, Hradec Králové</p>

<p>🇨🇿 Připraveni oslavit frankofonii s námi? 🎉 Svátek současné francouzské literatury II 📖 na téma „Lidská podmínka“: přednáška s četbou a debatami,&#8230;</p>
