{"id":20905,"date":"2025-02-26T17:54:54","date_gmt":"2025-02-26T16:54:54","guid":{"rendered":"https:\/\/www.alliancefrancaise.cz\/pardubice\/?post_type=kultura&#038;p=20905"},"modified":"2025-03-19T13:54:30","modified_gmt":"2025-03-19T12:54:30","slug":"festival-afrika-ve-tvorbe","status":"publish","type":"kultura","link":"https:\/\/www.alliancefrancaise.cz\/pardubice\/fr\/kultura\/festival-afrika-ve-tvorbe\/","title":{"rendered":"Festival Afrika ve tvorb\u011b"},"content":{"rendered":"\n<p><strong>\ud83c\udde8\ud83c\uddff<\/strong> <strong>Festival Afrika ve tvorb\u011b: Projekt Les Belles \u00e9trang\u00e8res <\/strong>n\u00e1m p\u0159in\u00e1\u0161\u00ed ve\u010der vypr\u00e1v\u011bn\u00ed s \u201eVyprav\u011b\u010di t\u0159\u00ed kontinent\u016f\u201c. P\u0159ij\u010fte si poslechnout dojemn\u00e9 a fascinuj\u00edc\u00ed p\u0159\u00edb\u011bhy \ud83c\udfaa. Akce prob\u00edh\u00e1 ve francouz\u0161tin\u011b, s p\u0159ekladem do \u010de\u0161tiny, tak\u017ee si ka\u017ed\u00fd m\u016f\u017ee u\u017e\u00edt p\u0159\u00edb\u011bhy naplno!<\/p>\n\n\n\n<p>\ud83d\udcc6 P\u00e1tek 7. b\u0159ezna v 17:00<\/p>\n\n\n\n<p>\ud83d\udccd Alliance Fran\u00e7aise v Pardubic\u00edch<\/p>\n\n\n\n<p><\/p>\n\n\n\n<p>\ud83c\uddeb\ud83c\uddf7 <strong>Festival Afrique en cr\u00e9ation<\/strong> <strong>Les Belles \u00e9trang\u00e8res <\/strong>: nous offre une soir\u00e9e cont\u00e9e avec \u201cLes Conteurs de trois continents\u201d. Ils nous partageront des r\u00e9cits \u00e9mouvants et captivants \ud83c\udfaa. L&rsquo;\u00e9v\u00e9nement se d\u00e9roule en fran\u00e7ais, avec une traduction en tch\u00e8que, pour que chacun puisse profiter pleinement de ces histoires !<\/p>\n\n\n\n<p>\ud83d\udcc6 Vendredi 7 mars \u00e0 17h<\/p>\n\n\n\n<p>\ud83d\udccd Alliance Fran\u00e7aise de Pardubice<\/p>\n","protected":false},"excerpt":{"rendered":"<p>\ud83c\udde8\ud83c\uddff Festival Afrika ve tvorb\u011b: Projekt Les Belles \u00e9trang\u00e8res n\u00e1m p\u0159in\u00e1\u0161\u00ed ve\u010der vypr\u00e1v\u011bn\u00ed s \u201eVyprav\u011b\u010di t\u0159\u00ed kontinent\u016f\u201c. P\u0159ij\u010fte si poslechnout dojemn\u00e9 a&#8230;<\/p>\n","protected":false},"featured_media":20906,"parent":0,"template":"","zarazeni":[70],"class_list":["post-20905","kultura","type-kultura","status-publish","has-post-thumbnail","hentry","zarazeni-archiv-akci"],"acf":[],"_links":{"self":[{"href":"https:\/\/www.alliancefrancaise.cz\/pardubice\/fr\/wp-json\/wp\/v2\/kultura\/20905","targetHints":{"allow":["GET"]}}],"collection":[{"href":"https:\/\/www.alliancefrancaise.cz\/pardubice\/fr\/wp-json\/wp\/v2\/kultura"}],"about":[{"href":"https:\/\/www.alliancefrancaise.cz\/pardubice\/fr\/wp-json\/wp\/v2\/types\/kultura"}],"version-history":[{"count":1,"href":"https:\/\/www.alliancefrancaise.cz\/pardubice\/fr\/wp-json\/wp\/v2\/kultura\/20905\/revisions"}],"predecessor-version":[{"id":20908,"href":"https:\/\/www.alliancefrancaise.cz\/pardubice\/fr\/wp-json\/wp\/v2\/kultura\/20905\/revisions\/20908"}],"wp:featuredmedia":[{"embeddable":true,"href":"https:\/\/www.alliancefrancaise.cz\/pardubice\/fr\/wp-json\/wp\/v2\/media\/20906"}],"wp:attachment":[{"href":"https:\/\/www.alliancefrancaise.cz\/pardubice\/fr\/wp-json\/wp\/v2\/media?parent=20905"}],"wp:term":[{"taxonomy":"zarazeni","embeddable":true,"href":"https:\/\/www.alliancefrancaise.cz\/pardubice\/fr\/wp-json\/wp\/v2\/zarazeni?post=20905"}],"curies":[{"name":"wp","href":"https:\/\/api.w.org\/{rel}","templated":true}]}}

Festival Afrika ve tvorbě

<p><strong>🇨🇿</strong> <strong>Festival Afrika ve tvorbě: Projekt Les Belles étrangères </strong>nám přináší večer vyprávění s „Vypravěči tří kontinentů“. Přijďte si poslechnout dojemné a fascinující příběhy 🎪. Akce probíhá ve francouzštině, s překladem do češtiny, takže si každý může užít příběhy naplno!</p>



<p>📆 Pátek 7. března v 17:00</p>



<p>📍 Alliance Française v Pardubicích</p>



<p></p>



<p>🇫🇷 <strong>Festival Afrique en création</strong> <strong>Les Belles étrangères </strong>: nous offre une soirée contée avec “Les Conteurs de trois continents”. Ils nous partageront des récits émouvants et captivants 🎪. L&rsquo;événement se déroule en français, avec une traduction en tchèque, pour que chacun puisse profiter pleinement de ces histoires !</p>



<p>📆 Vendredi 7 mars à 17h</p>



<p>📍 Alliance Française de Pardubice</p>

<p>🇨🇿 Festival Afrika ve tvorbě: Projekt Les Belles étrangères nám přináší večer vyprávění s „Vypravěči tří kontinentů“. Přijďte si poslechnout dojemné a&#8230;</p>
