{"id":21103,"date":"2025-05-17T17:10:30","date_gmt":"2025-05-17T15:10:30","guid":{"rendered":"https:\/\/www.alliancefrancaise.cz\/pardubice\/?post_type=kultura&#038;p=21103"},"modified":"2025-05-27T12:24:46","modified_gmt":"2025-05-27T10:24:46","slug":"mutikulturni-tyden","status":"publish","type":"kultura","link":"https:\/\/www.alliancefrancaise.cz\/pardubice\/fr\/kultura\/mutikulturni-tyden\/","title":{"rendered":"Mutikulturn\u00ed t\u00fdden"},"content":{"rendered":"\n<p>\ud83c\udde8\ud83c\uddff Od 16. do 23. kv\u011btna 2025 po\u0159\u00e1d\u00e1 Europe Direct Pardubice Mutikulturn\u00ed t\u00fdden!<\/p>\n\n\n\n<p>Alliance Fran\u00e7aise Pardubice se s radost\u00ed \u00fa\u010dastn\u00ed t\u00e9to akce spole\u010dn\u011b s mnoha dal\u0161\u00edmi kulturn\u00edmi institucemi ve m\u011bst\u011b \ud83c\udfad\ud83c\udfb6\ud83c\udf0d Ka\u017ed\u00e1 instituce p\u0159ipravila sv\u016fj vlastn\u00ed program \u2013 t\u011b\u0161te se na t\u00fdden pln\u00fd objevov\u00e1n\u00ed, sd\u00edlen\u00ed a kulturn\u00ed rozmanitosti!<\/p>\n\n\n\n<p>A co jsme si p\u0159ipravili my:<\/p>\n\n\n\n<p><strong>Projekce \u2013 \u201eTravaux d\u2019Ariane\u201c \ud83d\udcfd\ufe0f<\/strong><\/p>\n\n\n\n<p>Sou\u010dasn\u00e1 divadeln\u00ed hra inspirovan\u00e1 africk\u00fdmi m\u00fdty, v re\u017eii Tansiho Makele s here\u010dkou Angelou Nwagbo.<\/p>\n\n\n\n<p>\ud83c\udf9e\ufe0f V \u010de\u0161tin\u011b s francouzsk\u00fdmi titulky.<\/p>\n\n\n\n<p>\ud83d\udcc5 \u00dater\u00fd 20. kv\u011btna v 18:15<\/p>\n\n\n\n<p>\ud83d\udccd Alliance Fran\u00e7aise Pardubice<\/p>\n\n\n\n<p>\ud83d\udcb0 Vstup zdarma<\/p>\n\n\n\n<p><strong>Ve\u010der ve stylu Lotrinska \ud83e\udd67&nbsp;<\/strong><\/p>\n\n\n\n<p>P\u0159ij\u010fte ochutnat tradi\u010dn\u00ed pochoutky z v\u00fdchodn\u00ed Francie a poznat zvyky a kulturu tohoto kr\u00e1sn\u00e9ho regionu!<\/p>\n\n\n\n<p>\ud83d\udcc5 St\u0159eda 21. kv\u011btna v 18:15<\/p>\n\n\n\n<p>\ud83d\udccd Alliance Fran\u00e7aise Pardubice<\/p>\n\n\n\n<p>\ud83d\udcb0 50 CZK<\/p>\n\n\n\n<p><strong>Multikulturn\u00ed trh \ud83e\udd56<\/strong><\/p>\n\n\n\n<p>Nav\u0161tivte n\u00e1\u0161 st\u00e1nek na Pern\u0161t\u00fdnsk\u00e9m n\u00e1m\u011bst\u00ed \u2013 \u010dek\u00e1 v\u00e1s ochutn\u00e1vka francouzsk\u00fdch v\u00edn a pa\u0161tik, z\u00e1bavn\u00fd kv\u00edz pro d\u011bti a skv\u011bl\u00e1 atmosf\u00e9ra!<\/p>\n\n\n\n<p>\ud83d\udcc5 P\u00e1tek 23. kv\u011btna od 11:00 do 19:00<\/p>\n\n\n\n<p>\ud83d\udccd Pern\u0161t\u00fdnsk\u00e9 n\u00e1m\u011bst\u00ed<\/p>\n\n\n\n<p>\ud83d\udcb0 Vstup zdarma<\/p>\n\n\n\n<div class=\"wp-block-buttons is-content-justification-center is-layout-flex wp-container-core-buttons-is-layout-16018d1d wp-block-buttons-is-layout-flex\">\n<div class=\"wp-block-button\"><a class=\"wp-block-button__link wp-element-button\">V\u00edce informac\u00ed na<\/a><\/div>\n<\/div>\n\n\n\n<p><\/p>\n\n\n\n<p>\ud83c\uddeb\ud83c\uddf7 Du <strong>16 au 23 mai 2025<\/strong>, le Centre Europe Direct de Pardubice organise la <strong>Semaine multiculturelle<\/strong> ! L\u2019Alliance Fran\u00e7aise de Pardubice est fi\u00e8re de participer \u00e0 cet \u00e9v\u00e9nement aux c\u00f4t\u00e9s de nombreux acteurs culturels de la ville \ud83c\udfad\ud83c\udfb6\ud83c\udf0d Chaque structure propose ses propres activit\u00e9s, alors pr\u00e9parez-vous \u00e0 une semaine pleine de d\u00e9couvertes, de partages et de diversit\u00e9 culturelle !<\/p>\n\n\n\n<p>Au programme chez nous :<\/p>\n\n\n\n<p><strong>Projection \u2013 \u201cTravaux d\u2019Ariane\u201d<\/strong> \ud83d\udcfd\ufe0f <strong><br><\/strong>Une pi\u00e8ce contemporaine inspir\u00e9e de mythes africains, mise en sc\u00e8ne par Tansi Makele avec Angela Nwagbo. En tch\u00e8que, sous-titr\u00e9e en fran\u00e7ais.<br>\ud83d\udcc5 Mardi 20 mai \u00e0 18h15<br>\ud83d\udccd Alliance Fran\u00e7aise de Pardubice<br>\ud83d\udcb0 Gratuit<\/p>\n\n\n\n<p><strong>Soir\u00e9e Lorraine<\/strong> \ud83e\udd67 <strong><br><\/strong>Venez savourer les sp\u00e9cialit\u00e9s de l\u2019Est de la France et d\u00e9couvrir les traditions de cette belle r\u00e9gion !<br>\ud83d\udcc5 Mercredi 21 mai \u00e0 18h15<br>\ud83d\udccd Alliance Fran\u00e7aise de Pardubice<br>\ud83d\udcb0 50 CZK<\/p>\n\n\n\n<p>\u00a0<strong>March\u00e9 multiculturel<\/strong> \ud83e\udd56<strong><br><\/strong>D\u00e9gustation de vins et p\u00e2t\u00e9s fran\u00e7ais, quiz pour les enfants, et beaucoup de bonne humeur !<br>\ud83d\udcc5 Vendredi 23 mai de 11h \u00e0 19h<br>\ud83d\udccd Pern\u0161t\u00fdnsk\u00e9 n\u00e1m\u011bst\u00ed<br>\ud83d\udcb0 Gratuit<\/p>\n\n\n\n<div class=\"wp-block-buttons is-content-justification-center is-layout-flex wp-container-core-buttons-is-layout-16018d1d wp-block-buttons-is-layout-flex\">\n<div class=\"wp-block-button\"><a class=\"wp-block-button__link wp-element-button\" href=\"https:\/\/www.multikulturnityden.cz\/\" target=\"_blank\" rel=\"noopener\">V\u00edce informac\u00ed na<\/a><\/div>\n<\/div>\n\n\n\n<p><\/p>\n\n\n\n<p><\/p>\n","protected":false},"excerpt":{"rendered":"<p>\ud83c\udde8\ud83c\uddff Od 16. do 23. kv\u011btna 2025 po\u0159\u00e1d\u00e1 Europe Direct Pardubice Mutikulturn\u00ed t\u00fdden! Alliance Fran\u00e7aise Pardubice se s radost\u00ed \u00fa\u010dastn\u00ed t\u00e9to akce&#8230;<\/p>\n","protected":false},"featured_media":21151,"parent":0,"template":"","zarazeni":[70],"class_list":["post-21103","kultura","type-kultura","status-publish","has-post-thumbnail","hentry","zarazeni-archiv-akci"],"acf":[],"_links":{"self":[{"href":"https:\/\/www.alliancefrancaise.cz\/pardubice\/fr\/wp-json\/wp\/v2\/kultura\/21103","targetHints":{"allow":["GET"]}}],"collection":[{"href":"https:\/\/www.alliancefrancaise.cz\/pardubice\/fr\/wp-json\/wp\/v2\/kultura"}],"about":[{"href":"https:\/\/www.alliancefrancaise.cz\/pardubice\/fr\/wp-json\/wp\/v2\/types\/kultura"}],"version-history":[{"count":1,"href":"https:\/\/www.alliancefrancaise.cz\/pardubice\/fr\/wp-json\/wp\/v2\/kultura\/21103\/revisions"}],"predecessor-version":[{"id":21104,"href":"https:\/\/www.alliancefrancaise.cz\/pardubice\/fr\/wp-json\/wp\/v2\/kultura\/21103\/revisions\/21104"}],"wp:featuredmedia":[{"embeddable":true,"href":"https:\/\/www.alliancefrancaise.cz\/pardubice\/fr\/wp-json\/wp\/v2\/media\/21151"}],"wp:attachment":[{"href":"https:\/\/www.alliancefrancaise.cz\/pardubice\/fr\/wp-json\/wp\/v2\/media?parent=21103"}],"wp:term":[{"taxonomy":"zarazeni","embeddable":true,"href":"https:\/\/www.alliancefrancaise.cz\/pardubice\/fr\/wp-json\/wp\/v2\/zarazeni?post=21103"}],"curies":[{"name":"wp","href":"https:\/\/api.w.org\/{rel}","templated":true}]}}

Mutikulturní týden

<p>🇨🇿 Od 16. do 23. května 2025 pořádá Europe Direct Pardubice Mutikulturní týden!</p>



<p>Alliance Française Pardubice se s radostí účastní této akce společně s mnoha dalšími kulturními institucemi ve městě 🎭🎶🌍 Každá instituce připravila svůj vlastní program – těšte se na týden plný objevování, sdílení a kulturní rozmanitosti!</p>



<p>A co jsme si připravili my:</p>



<p><strong>Projekce – „Travaux d’Ariane“ 📽️</strong></p>



<p>Současná divadelní hra inspirovaná africkými mýty, v režii Tansiho Makele s herečkou Angelou Nwagbo.</p>



<p>🎞️ V češtině s francouzskými titulky.</p>



<p>📅 Úterý 20. května v 18:15</p>



<p>📍 Alliance Française Pardubice</p>



<p>💰 Vstup zdarma</p>



<p><strong>Večer ve stylu Lotrinska 🥧&nbsp;</strong></p>



<p>Přijďte ochutnat tradiční pochoutky z východní Francie a poznat zvyky a kulturu tohoto krásného regionu!</p>



<p>📅 Středa 21. května v 18:15</p>



<p>📍 Alliance Française Pardubice</p>



<p>💰 50 CZK</p>



<p><strong>Multikulturní trh 🥖</strong></p>



<p>Navštivte náš stánek na Pernštýnském náměstí – čeká vás ochutnávka francouzských vín a paštik, zábavný kvíz pro děti a skvělá atmosféra!</p>



<p>📅 Pátek 23. května od 11:00 do 19:00</p>



<p>📍 Pernštýnské náměstí</p>



<p>💰 Vstup zdarma</p>



<div class="wp-block-buttons is-content-justification-center is-layout-flex wp-container-core-buttons-is-layout-16018d1d wp-block-buttons-is-layout-flex">
<div class="wp-block-button"><a class="wp-block-button__link wp-element-button">Více informací na</a></div>
</div>



<p></p>



<p>🇫🇷 Du <strong>16 au 23 mai 2025</strong>, le Centre Europe Direct de Pardubice organise la <strong>Semaine multiculturelle</strong> ! L’Alliance Française de Pardubice est fière de participer à cet événement aux côtés de nombreux acteurs culturels de la ville 🎭🎶🌍 Chaque structure propose ses propres activités, alors préparez-vous à une semaine pleine de découvertes, de partages et de diversité culturelle !</p>



<p>Au programme chez nous :</p>



<p><strong>Projection – “Travaux d’Ariane”</strong> 📽️ <strong><br></strong>Une pièce contemporaine inspirée de mythes africains, mise en scène par Tansi Makele avec Angela Nwagbo. En tchèque, sous-titrée en français.<br>📅 Mardi 20 mai à 18h15<br>📍 Alliance Française de Pardubice<br>💰 Gratuit</p>



<p><strong>Soirée Lorraine</strong> 🥧 <strong><br></strong>Venez savourer les spécialités de l’Est de la France et découvrir les traditions de cette belle région !<br>📅 Mercredi 21 mai à 18h15<br>📍 Alliance Française de Pardubice<br>💰 50 CZK</p>



<p> <strong>Marché multiculturel</strong> 🥖<strong><br></strong>Dégustation de vins et pâtés français, quiz pour les enfants, et beaucoup de bonne humeur !<br>📅 Vendredi 23 mai de 11h à 19h<br>📍 Pernštýnské náměstí<br>💰 Gratuit</p>



<div class="wp-block-buttons is-content-justification-center is-layout-flex wp-container-core-buttons-is-layout-16018d1d wp-block-buttons-is-layout-flex">
<div class="wp-block-button"><a class="wp-block-button__link wp-element-button" href="https://www.multikulturnityden.cz/" target="_blank" rel="noopener">Více informací na</a></div>
</div>



<p></p>



<p></p>

<p>🇨🇿 Od 16. do 23. května 2025 pořádá Europe Direct Pardubice Mutikulturní týden! Alliance Française Pardubice se s radostí účastní této akce&#8230;</p>
