{"id":20153,"date":"2024-06-27T17:34:07","date_gmt":"2024-06-27T15:34:07","guid":{"rendered":"https:\/\/www.alliancefrancaise.cz\/pardubice\/?page_id=20153"},"modified":"2024-06-27T17:45:43","modified_gmt":"2024-06-27T15:45:43","slug":"mobilites-lyceennes-en-france-2","status":"publish","type":"page","link":"https:\/\/www.alliancefrancaise.cz\/pardubice\/fr\/mobilites-lyceennes-en-france-2\/","title":{"rendered":"Etudes sup\u00e9rieures en France"},"content":{"rendered":"\n<p><\/p>\n\n\n\n<h3 class=\"wp-block-heading\">Voulez-vous savoir :<\/h3>\n\n\n\n<ul class=\"wp-block-list\">\n<li>quels dipl\u00f4mes vous pouvez pr\u00e9parer et dans quelles universit\u00e9s ou grandes \u00e9coles en France ?<\/li>\n\n\n\n<li>comment vous y inscrire ?<\/li>\n\n\n\n<li>quels sont les programmes que vous pouvez \u00e9tudier en anglais ?<\/li>\n\n\n\n<li>comment financer vos \u00e9tudes ?<\/li>\n\n\n\n<li>o\u00f9 demander une bourse pour vos \u00e9tudes ?<\/li>\n<\/ul>\n\n\n\n<p><strong>Vous avez d\u2019autres questions ?<\/strong><\/p>\n\n\n\n<p>Rapprochez-vous du bureau&nbsp;<a href=\"https:\/\/www.republiquetcheque.campusfrance.org\/fr\" target=\"_blank\" rel=\"noreferrer noopener\">Campus France R\u00e9publique tch\u00e8que<\/a>, agence nationale fran\u00e7aise pour la promotion de l\u2019enseignement sup\u00e9rieur en France.<\/p>\n\n\n\n<p><strong>Contact :&nbsp;<\/strong><\/p>\n\n\n\n<p>Institut fran\u00e7ais de Prague<br>Campus France R\u00e9publique tch\u00e8que<br>\u0160t\u011bp\u00e1nsk\u00e1 35<br>110 00 Praha<br>e-mail:&nbsp;<a href=\"mailto:prague@campusfrance.org\" target=\"_blank\" rel=\"noreferrer noopener\">prague@campusfrance.org<\/a><br>tel.: 221 401 058<\/p>\n\n\n\n<p>Acc\u00e9dez au replay des webinaires de pr\u00e9sentation des programmes de&nbsp;<strong>licence<\/strong>&nbsp;et de&nbsp;<strong>master<\/strong>&nbsp;r\u00e9alis\u00e9s par&nbsp;<a href=\"https:\/\/www.republiquetcheque.campusfrance.org\/fr\" target=\"_blank\" rel=\"noreferrer noopener\">Campus France R\u00e9publique tch\u00e8que<\/a>&nbsp;consacr\u00e9s aux \u00e9tudes sup\u00e9rieures en France :<\/p>\n\n\n\n<ul class=\"wp-block-list\">\n<li>webinaire&nbsp;<a href=\"https:\/\/www.facebook.com\/watch\/?v=1074052526358896\" target=\"_blank\" rel=\"noreferrer noopener\">Bakal\u00e1\u0159sk\u00e9 studium ve Francii<\/a>&nbsp;(vid\u00e9o en tch\u00e8que)<\/li>\n\n\n\n<li>webinaire&nbsp;<a href=\"https:\/\/www.facebook.com\/watch\/?v=120679116450688\" target=\"_blank\" rel=\"noreferrer noopener\">Magistersk\u00e9 studium ve Francii<\/a>&nbsp;(vid\u00e9o en tch\u00e8que)<\/li>\n<\/ul>\n","protected":false},"excerpt":{"rendered":"<p>Voulez-vous savoir : Vous avez d\u2019autres questions ? Rapprochez-vous du bureau&nbsp;Campus France R\u00e9publique tch\u00e8que, agence nationale fran\u00e7aise pour la promotion de l\u2019enseignement sup\u00e9rieur en France. Contact :&nbsp; Institut&#8230;<\/p>\n","protected":false},"author":4,"featured_media":0,"parent":0,"menu_order":0,"comment_status":"closed","ping_status":"closed","template":"","meta":{"_acf_changed":false,"footnotes":""},"class_list":["post-20153","page","type-page","status-publish","hentry"],"acf":[],"_links":{"self":[{"href":"https:\/\/www.alliancefrancaise.cz\/pardubice\/fr\/wp-json\/wp\/v2\/pages\/20153","targetHints":{"allow":["GET"]}}],"collection":[{"href":"https:\/\/www.alliancefrancaise.cz\/pardubice\/fr\/wp-json\/wp\/v2\/pages"}],"about":[{"href":"https:\/\/www.alliancefrancaise.cz\/pardubice\/fr\/wp-json\/wp\/v2\/types\/page"}],"author":[{"embeddable":true,"href":"https:\/\/www.alliancefrancaise.cz\/pardubice\/fr\/wp-json\/wp\/v2\/users\/4"}],"replies":[{"embeddable":true,"href":"https:\/\/www.alliancefrancaise.cz\/pardubice\/fr\/wp-json\/wp\/v2\/comments?post=20153"}],"version-history":[{"count":2,"href":"https:\/\/www.alliancefrancaise.cz\/pardubice\/fr\/wp-json\/wp\/v2\/pages\/20153\/revisions"}],"predecessor-version":[{"id":20157,"href":"https:\/\/www.alliancefrancaise.cz\/pardubice\/fr\/wp-json\/wp\/v2\/pages\/20153\/revisions\/20157"}],"wp:attachment":[{"href":"https:\/\/www.alliancefrancaise.cz\/pardubice\/fr\/wp-json\/wp\/v2\/media?parent=20153"}],"curies":[{"name":"wp","href":"https:\/\/api.w.org\/{rel}","templated":true}]}}

Etudes supérieures en France

<p></p>



<h3 class="wp-block-heading">Voulez-vous savoir :</h3>



<ul class="wp-block-list">
<li>quels diplômes vous pouvez préparer et dans quelles universités ou grandes écoles en France ?</li>



<li>comment vous y inscrire ?</li>



<li>quels sont les programmes que vous pouvez étudier en anglais ?</li>



<li>comment financer vos études ?</li>



<li>où demander une bourse pour vos études ?</li>
</ul>



<p><strong>Vous avez d’autres questions ?</strong></p>



<p>Rapprochez-vous du bureau&nbsp;<a href="https://www.republiquetcheque.campusfrance.org/fr" target="_blank" rel="noreferrer noopener">Campus France République tchèque</a>, agence nationale française pour la promotion de l’enseignement supérieur en France.</p>



<p><strong>Contact :&nbsp;</strong></p>



<p>Institut français de Prague<br>Campus France République tchèque<br>Štěpánská 35<br>110 00 Praha<br>e-mail:&nbsp;<a href="mailto:prague@campusfrance.org" target="_blank" rel="noreferrer noopener">prague@campusfrance.org</a><br>tel.: 221 401 058</p>



<p>Accédez au replay des webinaires de présentation des programmes de&nbsp;<strong>licence</strong>&nbsp;et de&nbsp;<strong>master</strong>&nbsp;réalisés par&nbsp;<a href="https://www.republiquetcheque.campusfrance.org/fr" target="_blank" rel="noreferrer noopener">Campus France République tchèque</a>&nbsp;consacrés aux études supérieures en France :</p>



<ul class="wp-block-list">
<li>webinaire&nbsp;<a href="https://www.facebook.com/watch/?v=1074052526358896" target="_blank" rel="noreferrer noopener">Bakalářské studium ve Francii</a>&nbsp;(vidéo en tchèque)</li>



<li>webinaire&nbsp;<a href="https://www.facebook.com/watch/?v=120679116450688" target="_blank" rel="noreferrer noopener">Magisterské studium ve Francii</a>&nbsp;(vidéo en tchèque)</li>
</ul>

<p>Voulez-vous savoir : Vous avez d’autres questions ? Rapprochez-vous du bureau&nbsp;Campus France République tchèque, agence nationale française pour la promotion de l’enseignement supérieur en France. Contact :&nbsp; Institut&#8230;</p>
