{"id":6971,"date":"2024-02-06T11:43:56","date_gmt":"2024-02-06T10:43:56","guid":{"rendered":"https:\/\/www.alliancefrancaise.cz\/pardubice\/?page_id=6971"},"modified":"2024-05-14T13:39:20","modified_gmt":"2024-05-14T11:39:20","slug":"notre-mediatheque","status":"publish","type":"page","link":"https:\/\/www.alliancefrancaise.cz\/pardubice\/fr\/notre-mediatheque\/","title":{"rendered":"Notre m\u00e9diath\u00e8que"},"content":{"rendered":"\n<div class=\"wp-block-cover alignfull is-light\" style=\"margin-top:0;padding-top:4vw;padding-right:4vw;padding-bottom:4vw;padding-left:4vw;min-height:398px;aspect-ratio:unset;\"><span aria-hidden=\"true\" class=\"wp-block-cover__background has-white-background-color has-background-dim-0 has-background-dim\"><\/span><img loading=\"lazy\" decoding=\"async\" width=\"1920\" height=\"1080\" class=\"wp-block-cover__image-background wp-image-19818\" alt=\"\" src=\"https:\/\/www.alliancefrancaise.cz\/pardubice\/wp-content\/uploads\/2024\/04\/Bannieres-site-1640-x-615-px-844-x-352-px-1920-x-1080-px-1.png\" style=\"object-position:63% 0%\" data-object-fit=\"cover\" data-object-position=\"63% 0%\" srcset=\"https:\/\/www.alliancefrancaise.cz\/pardubice\/wp-content\/uploads\/2024\/04\/Bannieres-site-1640-x-615-px-844-x-352-px-1920-x-1080-px-1.png 1920w, https:\/\/www.alliancefrancaise.cz\/pardubice\/wp-content\/uploads\/2024\/04\/Bannieres-site-1640-x-615-px-844-x-352-px-1920-x-1080-px-1-460x259.png 460w, https:\/\/www.alliancefrancaise.cz\/pardubice\/wp-content\/uploads\/2024\/04\/Bannieres-site-1640-x-615-px-844-x-352-px-1920-x-1080-px-1-1360x765.png 1360w, https:\/\/www.alliancefrancaise.cz\/pardubice\/wp-content\/uploads\/2024\/04\/Bannieres-site-1640-x-615-px-844-x-352-px-1920-x-1080-px-1-768x432.png 768w\" sizes=\"auto, (max-width: 1920px) 100vw, 1920px\" \/><div class=\"wp-block-cover__inner-container is-layout-flow wp-block-cover-is-layout-flow\">\n<p class=\"has-text-align-center has-large-font-size\"><\/p>\n<\/div><\/div>\n\n\n\n<p>Notre biblioth\u00e8que propose un large \u00e9ventail de titres : romans, po\u00e8mes, pi\u00e8ces de th\u00e9\u00e2tre, dictionnaires (explicatifs et traduits), lectures faciles, bandes dessin\u00e9es et livres pour enfants et adolescents. Nous proposons \u00e9galement le pr\u00eat de CD et de DVD en fran\u00e7ais.<\/p>\n\n\n\n<p>La consultation des documents sur place est gratuite. Le pr\u00eat en dehors de la m\u00e9diath\u00e8que est soumis \u00e0 l&rsquo;adh\u00e9sion \u00e0 l&rsquo;Alliance fran\u00e7aise de Pardubice.<\/p>\n\n\n\n<h2 class=\"wp-block-heading\">Cultureth\u00e8que<\/h2>\n\n\n\n<p><br>Gr\u00e2ce \u00e0 la Cultureth\u00e8que, vous avez acc\u00e8s \u00e0 pr\u00e8s de 400 000 documents en ligne.<\/p>\n\n\n\n<p>Imaginez que vous n&rsquo;ayez m\u00eame pas \u00e0 sortir de chez vous pour lire les journaux et magazines fran\u00e7ais ou \u00e9couter votre podcast pr\u00e9f\u00e9r\u00e9. C&rsquo;est aussi simple que cela gr\u00e2ce \u00e0 notre biblioth\u00e8que num\u00e9rique Cultureth\u00e8que.<\/p>\n\n\n\n<p>Vous y trouverez :<\/p>\n\n\n\n<ul class=\"wp-block-list\">\n<li>des journaux et magazines fran\u00e7ais<\/li>\n\n\n\n<li>des livres audios<\/li>\n\n\n\n<li>des vid\u00e9os \u00e9ducatives et des quiz<\/li>\n\n\n\n<li>des podcasts de France Culture<\/li>\n<\/ul>\n\n\n\n<div class=\"wp-block-buttons is-layout-flex wp-block-buttons-is-layout-flex\">\n<div class=\"wp-block-button\"><a class=\"wp-block-button__link wp-element-button\" href=\"https:\/\/www.culturetheque.com\/fr\" target=\"_blank\" rel=\"noopener\">Acc\u00e9der \u00e0 cultureth\u00e8que<\/a><\/div>\n<\/div>\n","protected":false},"excerpt":{"rendered":"<p>Notre biblioth\u00e8que propose un large \u00e9ventail de titres : romans, po\u00e8mes, pi\u00e8ces de th\u00e9\u00e2tre, dictionnaires (explicatifs et traduits), lectures faciles, bandes dessin\u00e9es et livres pour enfants et adolescents&#8230;.<\/p>\n","protected":false},"author":4,"featured_media":0,"parent":0,"menu_order":0,"comment_status":"closed","ping_status":"closed","template":"","meta":{"_acf_changed":false,"footnotes":""},"class_list":["post-6971","page","type-page","status-publish","hentry"],"acf":[],"_links":{"self":[{"href":"https:\/\/www.alliancefrancaise.cz\/pardubice\/fr\/wp-json\/wp\/v2\/pages\/6971","targetHints":{"allow":["GET"]}}],"collection":[{"href":"https:\/\/www.alliancefrancaise.cz\/pardubice\/fr\/wp-json\/wp\/v2\/pages"}],"about":[{"href":"https:\/\/www.alliancefrancaise.cz\/pardubice\/fr\/wp-json\/wp\/v2\/types\/page"}],"author":[{"embeddable":true,"href":"https:\/\/www.alliancefrancaise.cz\/pardubice\/fr\/wp-json\/wp\/v2\/users\/4"}],"replies":[{"embeddable":true,"href":"https:\/\/www.alliancefrancaise.cz\/pardubice\/fr\/wp-json\/wp\/v2\/comments?post=6971"}],"version-history":[{"count":5,"href":"https:\/\/www.alliancefrancaise.cz\/pardubice\/fr\/wp-json\/wp\/v2\/pages\/6971\/revisions"}],"predecessor-version":[{"id":19884,"href":"https:\/\/www.alliancefrancaise.cz\/pardubice\/fr\/wp-json\/wp\/v2\/pages\/6971\/revisions\/19884"}],"wp:attachment":[{"href":"https:\/\/www.alliancefrancaise.cz\/pardubice\/fr\/wp-json\/wp\/v2\/media?parent=6971"}],"curies":[{"name":"wp","href":"https:\/\/api.w.org\/{rel}","templated":true}]}}

Notre médiathèque

<div class="wp-block-cover alignfull is-light" style="margin-top:0;padding-top:4vw;padding-right:4vw;padding-bottom:4vw;padding-left:4vw;min-height:398px;aspect-ratio:unset;"><span aria-hidden="true" class="wp-block-cover__background has-white-background-color has-background-dim-0 has-background-dim"></span><img loading="lazy" decoding="async" width="1920" height="1080" class="wp-block-cover__image-background wp-image-19818" alt="" src="https://www.alliancefrancaise.cz/pardubice/wp-content/uploads/2024/04/Bannieres-site-1640-x-615-px-844-x-352-px-1920-x-1080-px-1.png" style="object-position:63% 0%" data-object-fit="cover" data-object-position="63% 0%" srcset="https://www.alliancefrancaise.cz/pardubice/wp-content/uploads/2024/04/Bannieres-site-1640-x-615-px-844-x-352-px-1920-x-1080-px-1.png 1920w, https://www.alliancefrancaise.cz/pardubice/wp-content/uploads/2024/04/Bannieres-site-1640-x-615-px-844-x-352-px-1920-x-1080-px-1-460x259.png 460w, https://www.alliancefrancaise.cz/pardubice/wp-content/uploads/2024/04/Bannieres-site-1640-x-615-px-844-x-352-px-1920-x-1080-px-1-1360x765.png 1360w, https://www.alliancefrancaise.cz/pardubice/wp-content/uploads/2024/04/Bannieres-site-1640-x-615-px-844-x-352-px-1920-x-1080-px-1-768x432.png 768w" sizes="auto, (max-width: 1920px) 100vw, 1920px" /><div class="wp-block-cover__inner-container is-layout-flow wp-block-cover-is-layout-flow">
<p class="has-text-align-center has-large-font-size"></p>
</div></div>



<p>Notre bibliothèque propose un large éventail de titres : romans, poèmes, pièces de théâtre, dictionnaires (explicatifs et traduits), lectures faciles, bandes dessinées et livres pour enfants et adolescents. Nous proposons également le prêt de CD et de DVD en français.</p>



<p>La consultation des documents sur place est gratuite. Le prêt en dehors de la médiathèque est soumis à l&rsquo;adhésion à l&rsquo;Alliance française de Pardubice.</p>



<h2 class="wp-block-heading">Culturethèque</h2>



<p><br>Grâce à la Culturethèque, vous avez accès à près de 400 000 documents en ligne.</p>



<p>Imaginez que vous n&rsquo;ayez même pas à sortir de chez vous pour lire les journaux et magazines français ou écouter votre podcast préféré. C&rsquo;est aussi simple que cela grâce à notre bibliothèque numérique Culturethèque.</p>



<p>Vous y trouverez :</p>



<ul class="wp-block-list">
<li>des journaux et magazines français</li>



<li>des livres audios</li>



<li>des vidéos éducatives et des quiz</li>



<li>des podcasts de France Culture</li>
</ul>



<div class="wp-block-buttons is-layout-flex wp-block-buttons-is-layout-flex">
<div class="wp-block-button"><a class="wp-block-button__link wp-element-button" href="https://www.culturetheque.com/fr" target="_blank" rel="noopener">Accéder à culturethèque</a></div>
</div>

<p>Notre bibliothèque propose un large éventail de titres : romans, poèmes, pièces de théâtre, dictionnaires (explicatifs et traduits), lectures faciles, bandes dessinées et livres pour enfants et adolescents&#8230;.</p>
