{"id":2,"date":"2018-01-27T13:09:22","date_gmt":"2018-01-27T12:09:22","guid":{"rendered":"https:\/\/www.alliancefrancaise.cz\/pardubice\/?page_id=2"},"modified":"2026-02-23T12:32:47","modified_gmt":"2026-02-23T11:32:47","slug":"uvod-2","status":"publish","type":"page","link":"https:\/\/www.alliancefrancaise.cz\/pardubice\/","title":{"rendered":"\u00davod"},"content":{"rendered":"\n<div class=\"wp-block-cover alignfull is-light hp-first has-medium-font-size wp-duotone-unset-1\" style=\"min-height:600px;aspect-ratio:unset;\"><video class=\"wp-block-cover__video-background intrinsic-ignore\" autoplay muted loop playsinline src=\"https:\/\/www.alliancefrancaise.cz\/pardubice\/wp-content\/uploads\/2025\/01\/Compilation-720p.mp4\" data-object-fit=\"cover\"><\/video><span aria-hidden=\"true\" class=\"wp-block-cover__background has-white-background-color has-background-dim-20 has-background-dim\"><\/span><div class=\"wp-block-cover__inner-container is-layout-flow wp-block-cover-is-layout-flow\">\n<div class=\"wp-block-columns is-layout-flex wp-container-core-columns-is-layout-9d6595d7 wp-block-columns-is-layout-flex\">\n<div class=\"wp-block-column is-vertically-aligned-center is-layout-flow wp-block-column-is-layout-flow\"><\/div>\n\n\n\n<div class=\"wp-block-column is-vertically-aligned-bottom blockText is-layout-flow wp-block-column-is-layout-flow\" style=\"font-size:0px;flex-basis:40%\">\n<p class=\"has-text-align-center h1 animTop has-white-color has-text-color has-x-large-font-size\" style=\"font-style:normal;font-weight:800;text-decoration:none\">Mluvte francouzsky,<\/p>\n\n\n\n<p class=\"has-text-align-center h1 animTop has-white-color has-text-color has-x-large-font-size\" style=\"font-style:normal;font-weight:800;text-decoration:none\">\u017eijte francouzsky!<\/p>\n\n\n\n<p><\/p>\n<\/div>\n<\/div>\n<\/div><\/div>\n\n\n\n<p class=\"has-text-align-center has-medium-font-size\"><strong><strong>Francouzsk\u00e1 aliance v Pardubic\u00edch je od roku 1999 v\u00e1\u0161 odborn\u00edk na francouz\u0161tinu ve v\u00fdchodn\u00edch \u010cech\u00e1ch<\/strong><\/strong><\/p>\n\n\n\n<div class=\"wp-block-columns is-layout-flex wp-container-core-columns-is-layout-9d6595d7 wp-block-columns-is-layout-flex\">\n<div class=\"wp-block-column is-vertically-aligned-center is-layout-flow wp-block-column-is-layout-flow\"><div class=\"row kategorieKurzu my-4 position-relative                                                           \"><img loading=\"lazy\" decoding=\"async\" width=\"460\" height=\"460\" src=\"https:\/\/www.alliancefrancaise.cz\/pardubice\/wp-content\/uploads\/2024\/10\/french-girl-2-460x460.png\" class=\"imgFloatKurzy\" alt=\"\" srcset=\"https:\/\/www.alliancefrancaise.cz\/pardubice\/wp-content\/uploads\/2024\/10\/french-girl-2-460x460.png 460w, https:\/\/www.alliancefrancaise.cz\/pardubice\/wp-content\/uploads\/2024\/10\/french-girl-2-1360x1360.png 1360w, https:\/\/www.alliancefrancaise.cz\/pardubice\/wp-content\/uploads\/2024\/10\/french-girl-2-150x150.png 150w, https:\/\/www.alliancefrancaise.cz\/pardubice\/wp-content\/uploads\/2024\/10\/french-girl-2-768x768.png 768w, https:\/\/www.alliancefrancaise.cz\/pardubice\/wp-content\/uploads\/2024\/10\/french-girl-2-440x440.png 440w\" sizes=\"auto, (max-width: 460px) 100vw, 460px\" \/><div class=\"col-md-8 order-md-1 order-2\"><div class=\"row\"><div class=\"col-md-6 my-4 animTop\"><div class=\"obalKategorieKurzu p-4 pt-5 h-100 w-100\"><h3 class=\"h5 mb-3\"><a href=\"https:\/\/www.alliancefrancaise.cz\/pardubice\/kategorie-kurzu\/skupinove-kurzy-pro-dospele\/\">Skupinov\u00e9 kurzy pro dosp\u011bl\u00e9<\/a><\/h3><p><\/p><a href=\"https:\/\/www.alliancefrancaise.cz\/pardubice\/kategorie-kurzu\/skupinove-kurzy-pro-dospele\/\" class=\"btn btnMore\">Zobrazit kurzy<\/a><\/div><\/div><div class=\"col-md-6 my-4 animTop\"><div class=\"obalKategorieKurzu p-4 pt-5 h-100 w-100\"><h3 class=\"h5 mb-3\"><a href=\"https:\/\/www.alliancefrancaise.cz\/pardubice\/kategorie-kurzu\/skupinove-kurzy-pro-dospele-hradec-kralove\/\">Skupinov\u00e9 kurzy pro dosp\u011bl\u00e9 (Hradec Kr\u00e1lov\u00e9)<\/a><\/h3><p><\/p><a href=\"https:\/\/www.alliancefrancaise.cz\/pardubice\/kategorie-kurzu\/skupinove-kurzy-pro-dospele-hradec-kralove\/\" class=\"btn btnMore\">Zobrazit kurzy<\/a><\/div><\/div><div class=\"col-md-6 my-4 animTop\"><div class=\"obalKategorieKurzu p-4 pt-5 h-100 w-100\"><h3 class=\"h5 mb-3\"><a href=\"https:\/\/www.alliancefrancaise.cz\/pardubice\/kategorie-kurzu\/konverzacni-kurzy\/\">Konverzace<\/a><\/h3><p><\/p><a href=\"https:\/\/www.alliancefrancaise.cz\/pardubice\/kategorie-kurzu\/konverzacni-kurzy\/\" class=\"btn btnMore\">Zobrazit kurzy<\/a><\/div><\/div><div class=\"col-md-6 my-4 animTop\"><div class=\"obalKategorieKurzu p-4 pt-5 h-100 w-100\"><h3 class=\"h5 mb-3\"><a href=\"https:\/\/www.alliancefrancaise.cz\/pardubice\/kategorie-kurzu\/skupinove-kurzy-pro-deti-a-mladez\/\">Skupinov\u00e9 kurzy pro d\u011bti a ml\u00e1de\u017e<\/a><\/h3><p>      <\/p><a href=\"https:\/\/www.alliancefrancaise.cz\/pardubice\/kategorie-kurzu\/skupinove-kurzy-pro-deti-a-mladez\/\" class=\"btn btnMore\">Zobrazit kurzy<\/a><\/div><\/div><div class=\"col-md-6 my-4 animTop\"><div class=\"obalKategorieKurzu p-4 pt-5 h-100 w-100\"><h3 class=\"h5 mb-3\"><a href=\"https:\/\/www.alliancefrancaise.cz\/pardubice\/kurzy-a-zluzby\/individualny\/\">Individu\u00e1ln\u00ed kurzy<\/a><\/h3><p><\/p><a href=\"https:\/\/www.alliancefrancaise.cz\/pardubice\/kurzy-a-zluzby\/individualny\/\" class=\"btn btnMore\">Zobrazit kurzy<\/a><\/div><\/div><div class=\"col-md-6 my-4 animTop\"><div class=\"obalKategorieKurzu p-4 pt-5 h-100 w-100\"><h3 class=\"h5 mb-3\"><a href=\"https:\/\/www.alliancefrancaise.cz\/pardubice\/terminy-registrace-cenik\/\">DELF DALF<\/a><\/h3><p><\/p><a href=\"https:\/\/www.alliancefrancaise.cz\/pardubice\/terminy-registrace-cenik\/\" class=\"btn btnMore\">Zobrazit kurzy<\/a><\/div><\/div><div class=\"col-md-6 my-4 animTop\"><div class=\"obalKategorieKurzu p-4 pt-5 h-100 w-100\"><h3 class=\"h5 mb-3\"><a href=\"https:\/\/www.alliancefrancaise.cz\/pardubice\/skupinove-kurzy-2\/kurzy-pripravy-na-delf-a-dalf\/\">Kurzy p\u0159\u00edpravy na DELF a DALF<\/a><\/h3><p><\/p><a href=\"https:\/\/www.alliancefrancaise.cz\/pardubice\/skupinove-kurzy-2\/kurzy-pripravy-na-delf-a-dalf\/\" class=\"btn btnMore\">Zobrazit kurzy<\/a><\/div><\/div><div class=\"col-md-6 my-4 animTop\"><div class=\"obalKategorieKurzu p-4 pt-5 h-100 w-100\"><h3 class=\"h5 mb-3\"><a href=\"https:\/\/www.alliancefrancaise.cz\/pardubice\/letnikurzy\/\">Letn\u00ed aktivity<\/a><\/h3><p><\/p><a href=\"https:\/\/www.alliancefrancaise.cz\/pardubice\/letnikurzy\/\" class=\"btn btnMore\">Zobrazit kurzy<\/a><\/div><\/div><\/div><\/div><div class=\"col-md-4 order-md-2 order-1 mt-4 pb-300\"><h2>Nab\u00eddka kurz\u016f<\/h2>\n<p>Pro\u010d mluvit francouzsky? Francouz\u0161tina je p\u00e1t\u00fd nejpou\u017e\u00edvan\u011bj\u0161\u00ed jazyk na sv\u011bt\u011b. I kdy\u017e omezujeme \u010dasto francouz\u0161tinu na Francii, ve skute\u010dnosti se t\u00edmto jazykem mluv\u00ed ve v\u0161ech frankofonn\u00edch zem\u00edch sv\u011bta, od Pob\u0159e\u017e\u00ed slonoviny po Kanadu.<br \/>\nChodit do kurz\u016f francouz\u0161tiny, to znamen\u00e1 u\u010dit se nebo zdokonalovat nov\u00fd jazyk, ale je to rovn\u011b\u017e i objevov\u00e1n\u00ed nov\u00fdch kultur. A\u0165 u\u017e m\u00e1te chu\u0165 roz\u0161\u00ed\u0159it sv\u00e9 jazykov\u00e9 horizonty, p\u0159ipravit budouc\u00ed cestov\u00e1n\u00ed nebo jednodu\u0161e moci ohromit p\u0159\u00e1tele \u00farovn\u00ed va\u0161\u00ed francouz\u0161tiny\u00a0: existuje v\u00edce d\u016fvod\u016f, ne\u017e je t\u0159eba, abyste se do toho pustili.<\/p>\n<p>&nbsp;<\/p>\n<p>&nbsp;<\/p>\n<p>&nbsp;<\/p>\n<p>&nbsp;<\/p>\n<\/div><\/div><\/div>\n<\/div>\n\n\n\n<pre class=\"wp-block-verse\"><\/pre>\n\n\n\n<p><\/p>\n","protected":false},"excerpt":{"rendered":"<p>Francouzsk\u00e1 aliance v Pardubic\u00edch je od roku 1999 v\u00e1\u0161 odborn\u00edk na francouz\u0161tinu ve v\u00fdchodn\u00edch \u010cech\u00e1ch<\/p>\n","protected":false},"author":1,"featured_media":0,"parent":0,"menu_order":0,"comment_status":"closed","ping_status":"open","template":"","meta":{"_acf_changed":false,"footnotes":""},"class_list":["post-2","page","type-page","status-publish","hentry"],"acf":[],"_links":{"self":[{"href":"https:\/\/www.alliancefrancaise.cz\/pardubice\/wp-json\/wp\/v2\/pages\/2","targetHints":{"allow":["GET"]}}],"collection":[{"href":"https:\/\/www.alliancefrancaise.cz\/pardubice\/wp-json\/wp\/v2\/pages"}],"about":[{"href":"https:\/\/www.alliancefrancaise.cz\/pardubice\/wp-json\/wp\/v2\/types\/page"}],"author":[{"embeddable":true,"href":"https:\/\/www.alliancefrancaise.cz\/pardubice\/wp-json\/wp\/v2\/users\/1"}],"replies":[{"embeddable":true,"href":"https:\/\/www.alliancefrancaise.cz\/pardubice\/wp-json\/wp\/v2\/comments?post=2"}],"version-history":[{"count":19,"href":"https:\/\/www.alliancefrancaise.cz\/pardubice\/wp-json\/wp\/v2\/pages\/2\/revisions"}],"predecessor-version":[{"id":21653,"href":"https:\/\/www.alliancefrancaise.cz\/pardubice\/wp-json\/wp\/v2\/pages\/2\/revisions\/21653"}],"wp:attachment":[{"href":"https:\/\/www.alliancefrancaise.cz\/pardubice\/wp-json\/wp\/v2\/media?parent=2"}],"curies":[{"name":"wp","href":"https:\/\/api.w.org\/{rel}","templated":true}]}}

Úvod

<div class="wp-block-cover alignfull is-light hp-first has-medium-font-size wp-duotone-unset-1" style="min-height:600px;aspect-ratio:unset;"><video class="wp-block-cover__video-background intrinsic-ignore" autoplay muted loop playsinline src="https://www.alliancefrancaise.cz/pardubice/wp-content/uploads/2025/01/Compilation-720p.mp4" data-object-fit="cover"></video><span aria-hidden="true" class="wp-block-cover__background has-white-background-color has-background-dim-20 has-background-dim"></span><div class="wp-block-cover__inner-container is-layout-flow wp-block-cover-is-layout-flow">
<div class="wp-block-columns is-layout-flex wp-container-core-columns-is-layout-9d6595d7 wp-block-columns-is-layout-flex">
<div class="wp-block-column is-vertically-aligned-center is-layout-flow wp-block-column-is-layout-flow"></div>



<div class="wp-block-column is-vertically-aligned-bottom blockText is-layout-flow wp-block-column-is-layout-flow" style="font-size:0px;flex-basis:40%">
<p class="has-text-align-center h1 animTop has-white-color has-text-color has-x-large-font-size" style="font-style:normal;font-weight:800;text-decoration:none">Mluvte francouzsky,</p>



<p class="has-text-align-center h1 animTop has-white-color has-text-color has-x-large-font-size" style="font-style:normal;font-weight:800;text-decoration:none">žijte francouzsky!</p>



<p></p>
</div>
</div>
</div></div>



<p class="has-text-align-center has-medium-font-size"><strong><strong>Francouzská aliance v Pardubicích je od roku 1999 váš odborník na francouzštinu ve východních Čechách</strong></strong></p>



<div class="wp-block-columns is-layout-flex wp-container-core-columns-is-layout-9d6595d7 wp-block-columns-is-layout-flex">
<div class="wp-block-column is-vertically-aligned-center is-layout-flow wp-block-column-is-layout-flow"><div class="row kategorieKurzu my-4 position-relative                                                           "><img loading="lazy" decoding="async" width="460" height="460" src="https://www.alliancefrancaise.cz/pardubice/wp-content/uploads/2024/10/french-girl-2-460x460.png" class="imgFloatKurzy" alt="" srcset="https://www.alliancefrancaise.cz/pardubice/wp-content/uploads/2024/10/french-girl-2-460x460.png 460w, https://www.alliancefrancaise.cz/pardubice/wp-content/uploads/2024/10/french-girl-2-1360x1360.png 1360w, https://www.alliancefrancaise.cz/pardubice/wp-content/uploads/2024/10/french-girl-2-150x150.png 150w, https://www.alliancefrancaise.cz/pardubice/wp-content/uploads/2024/10/french-girl-2-768x768.png 768w, https://www.alliancefrancaise.cz/pardubice/wp-content/uploads/2024/10/french-girl-2-440x440.png 440w" sizes="auto, (max-width: 460px) 100vw, 460px" /><div class="col-md-8 order-md-1 order-2"><div class="row"><div class="col-md-6 my-4 animTop"><div class="obalKategorieKurzu p-4 pt-5 h-100 w-100"><h3 class="h5 mb-3"><a href="https://www.alliancefrancaise.cz/pardubice/kategorie-kurzu/skupinove-kurzy-pro-dospele/">Skupinové kurzy pro dospělé</a></h3><p></p><a href="https://www.alliancefrancaise.cz/pardubice/kategorie-kurzu/skupinove-kurzy-pro-dospele/" class="btn btnMore">Zobrazit kurzy</a></div></div><div class="col-md-6 my-4 animTop"><div class="obalKategorieKurzu p-4 pt-5 h-100 w-100"><h3 class="h5 mb-3"><a href="https://www.alliancefrancaise.cz/pardubice/kategorie-kurzu/skupinove-kurzy-pro-dospele-hradec-kralove/">Skupinové kurzy pro dospělé (Hradec Králové)</a></h3><p></p><a href="https://www.alliancefrancaise.cz/pardubice/kategorie-kurzu/skupinove-kurzy-pro-dospele-hradec-kralove/" class="btn btnMore">Zobrazit kurzy</a></div></div><div class="col-md-6 my-4 animTop"><div class="obalKategorieKurzu p-4 pt-5 h-100 w-100"><h3 class="h5 mb-3"><a href="https://www.alliancefrancaise.cz/pardubice/kategorie-kurzu/konverzacni-kurzy/">Konverzace</a></h3><p></p><a href="https://www.alliancefrancaise.cz/pardubice/kategorie-kurzu/konverzacni-kurzy/" class="btn btnMore">Zobrazit kurzy</a></div></div><div class="col-md-6 my-4 animTop"><div class="obalKategorieKurzu p-4 pt-5 h-100 w-100"><h3 class="h5 mb-3"><a href="https://www.alliancefrancaise.cz/pardubice/kategorie-kurzu/skupinove-kurzy-pro-deti-a-mladez/">Skupinové kurzy pro děti a mládež</a></h3><p>      </p><a href="https://www.alliancefrancaise.cz/pardubice/kategorie-kurzu/skupinove-kurzy-pro-deti-a-mladez/" class="btn btnMore">Zobrazit kurzy</a></div></div><div class="col-md-6 my-4 animTop"><div class="obalKategorieKurzu p-4 pt-5 h-100 w-100"><h3 class="h5 mb-3"><a href="https://www.alliancefrancaise.cz/pardubice/kurzy-a-zluzby/individualny/">Individuální kurzy</a></h3><p></p><a href="https://www.alliancefrancaise.cz/pardubice/kurzy-a-zluzby/individualny/" class="btn btnMore">Zobrazit kurzy</a></div></div><div class="col-md-6 my-4 animTop"><div class="obalKategorieKurzu p-4 pt-5 h-100 w-100"><h3 class="h5 mb-3"><a href="https://www.alliancefrancaise.cz/pardubice/terminy-registrace-cenik/">DELF DALF</a></h3><p></p><a href="https://www.alliancefrancaise.cz/pardubice/terminy-registrace-cenik/" class="btn btnMore">Zobrazit kurzy</a></div></div><div class="col-md-6 my-4 animTop"><div class="obalKategorieKurzu p-4 pt-5 h-100 w-100"><h3 class="h5 mb-3"><a href="https://www.alliancefrancaise.cz/pardubice/skupinove-kurzy-2/kurzy-pripravy-na-delf-a-dalf/">Kurzy přípravy na DELF a DALF</a></h3><p></p><a href="https://www.alliancefrancaise.cz/pardubice/skupinove-kurzy-2/kurzy-pripravy-na-delf-a-dalf/" class="btn btnMore">Zobrazit kurzy</a></div></div><div class="col-md-6 my-4 animTop"><div class="obalKategorieKurzu p-4 pt-5 h-100 w-100"><h3 class="h5 mb-3"><a href="https://www.alliancefrancaise.cz/pardubice/letnikurzy/">Letní aktivity</a></h3><p></p><a href="https://www.alliancefrancaise.cz/pardubice/letnikurzy/" class="btn btnMore">Zobrazit kurzy</a></div></div></div></div><div class="col-md-4 order-md-2 order-1 mt-4 pb-300"><h2>Nabídka kurzů</h2>
<p>Proč mluvit francouzsky? Francouzština je pátý nejpoužívanější jazyk na světě. I když omezujeme často francouzštinu na Francii, ve skutečnosti se tímto jazykem mluví ve všech frankofonních zemích světa, od Pobřeží slonoviny po Kanadu.<br />
Chodit do kurzů francouzštiny, to znamená učit se nebo zdokonalovat nový jazyk, ale je to rovněž i objevování nových kultur. Ať už máte chuť rozšířit své jazykové horizonty, připravit budoucí cestování nebo jednoduše moci ohromit přátele úrovní vaší francouzštiny : existuje více důvodů, než je třeba, abyste se do toho pustili.</p>
<p>&nbsp;</p>
<p>&nbsp;</p>
<p>&nbsp;</p>
<p>&nbsp;</p>
</div></div></div>
</div>



<pre class="wp-block-verse"></pre>



<p></p>

<p>Francouzská aliance v Pardubicích je od roku 1999 váš odborník na francouzštinu ve východních Čechách</p>
