{"id":20057,"date":"2024-06-27T16:01:34","date_gmt":"2024-06-27T14:01:34","guid":{"rendered":"https:\/\/www.alliancefrancaise.cz\/pardubice\/?page_id=20057"},"modified":"2024-06-27T16:57:17","modified_gmt":"2024-06-27T14:57:17","slug":"uroven-a2","status":"publish","type":"page","link":"https:\/\/www.alliancefrancaise.cz\/pardubice\/uvod-3\/uroven-a2\/","title":{"rendered":"\u00darove\u0148 A2"},"content":{"rendered":"\n<div class=\"wp-block-columns is-layout-flex wp-container-core-columns-is-layout-9d6595d7 wp-block-columns-is-layout-flex\">\n<div class=\"wp-block-column is-layout-flow wp-block-column-is-layout-flow\" style=\"flex-basis:33.33%\">\n<figure class=\"wp-block-image size-full\"><img loading=\"lazy\" decoding=\"async\" width=\"961\" height=\"490\" src=\"https:\/\/www.alliancefrancaise.cz\/pardubice\/wp-content\/uploads\/2024\/06\/image-14.png\" alt=\"\" class=\"wp-image-20114\" srcset=\"https:\/\/www.alliancefrancaise.cz\/pardubice\/wp-content\/uploads\/2024\/06\/image-14.png 961w, https:\/\/www.alliancefrancaise.cz\/pardubice\/wp-content\/uploads\/2024\/06\/image-14-460x235.png 460w, https:\/\/www.alliancefrancaise.cz\/pardubice\/wp-content\/uploads\/2024\/06\/image-14-768x392.png 768w\" sizes=\"auto, (max-width: 961px) 100vw, 961px\" \/><\/figure>\n<\/div>\n\n\n\n<div class=\"wp-block-column is-layout-flow wp-block-column-is-layout-flow\" style=\"flex-basis:66.66%\">\n<h3 class=\"wp-block-heading\"><strong>Porozum\u011bn\u00ed<\/strong><\/h3>\n\n\n\n<p><strong>Poslech:&nbsp;<\/strong>Rozum\u00edm fr\u00e1z\u00edm a nejb\u011b\u017en\u011bj\u0161\u00ed slovn\u00ed z\u00e1sob\u011b vztahuj\u00edc\u00ed se k oblastem, kter\u00e9 se m\u011b bezprost\u0159edn\u011b t\u00fdkaj\u00ed (nap\u0159. z\u00e1kladn\u00ed informace o mn\u011b a m\u00e9 rodin\u011b, o nakupov\u00e1n\u00ed, m\u00edstopisu, zam\u011bstn\u00e1n\u00ed). Dok\u00e1\u017eu pochopit smysl kr\u00e1tk\u00fdch jasn\u00fdch, jednoduch\u00fdch zpr\u00e1v a hl\u00e1\u0161en\u00ed.&nbsp;<br><strong>\u010cten\u00ed:<\/strong>&nbsp;Um\u00edm \u010d\u00edst kr\u00e1tk\u00e9 jednoduch\u00e9 texty. Um\u00edm vyhledat konkr\u00e9tn\u00ed p\u0159edv\u00eddateln\u00e9 informace v jednoduch\u00fdch ka\u017edodenn\u00edch materi\u00e1lech, nap\u0159. v inzer\u00e1tech, prospektech, j\u00eddeln\u00edch l\u00edstc\u00edch a j\u00edzdn\u00edch \u0159\u00e1dech. Rozum\u00edm kr\u00e1tk\u00fdm jednoduch\u00fdm osobn\u00edm dopis\u016fm.<\/p>\n\n\n\n<h3 class=\"wp-block-heading\"><strong>Mluven\u00ed<\/strong><\/h3>\n\n\n\n<p><strong>\u00dastn\u00ed interakce:<\/strong>&nbsp;Um\u00edm komunikovat v jednoduch\u00fdch b\u011b\u017en\u00fdch situac\u00edch vy\u017eaduj\u00edc\u00edch jednoduchou p\u0159\u00edmou v\u00fdm\u011bnu informac\u00ed o zn\u00e1m\u00fdch t\u00e9matech a \u010dinnostech. Zvl\u00e1dnu velmi kr\u00e1tkou spole\u010denskou konverzaci, i kdy\u017e obvykle nerozum\u00edm natolik, abych konverzaci s\u00e1m\/sama dok\u00e1zal(a) udr\u017eet.&nbsp;<br><strong>Samostatn\u00fd \u00fastn\u00ed projev:<\/strong>&nbsp;Um\u00edm pou\u017e\u00edt \u0159adu fr\u00e1z\u00ed a v\u011bt, abych jednoduch\u00fdm zp\u016fsobem popsal(a) vlastn\u00ed rodinu a dal\u0161\u00ed lidi, \u017eivotn\u00ed podm\u00ednky, dosa\u017een\u00e9 vzd\u011bl\u00e1n\u00ed a sv\u00e9 sou\u010dasn\u00e9 nebo p\u0159edchoz\u00ed zam\u011bstn\u00e1n\u00ed.<\/p>\n\n\n\n<h3 class=\"wp-block-heading\"><strong>Psan\u00ed<\/strong><\/h3>\n\n\n\n<p><strong>P\u00edsemn\u00fd projev:<\/strong>&nbsp;Um\u00edm napsat kr\u00e1tk\u00e9 jednoduch\u00e9 pozn\u00e1mky a zpr\u00e1vy t\u00fdkaj\u00edc\u00ed se m\u00fdch z\u00e1kladn\u00edch pot\u0159eb. Um\u00edm napsat velmi jednoduch\u00fd osobn\u00ed dopis, nap\u0159\u00edklad pod\u011bkov\u00e1n\u00ed.<\/p>\n\n\n\n<p>Zdroj:&nbsp;<em>Spole\u010dn\u00fd evropsk\u00fd referen\u010dn\u00ed r\u00e1mec pro jazyky: Jak se u\u010d\u00edme jazyk\u016fm, jak je vyu\u010dujeme a jak v jazyc\u00edch hodnot\u00edme<\/em>, Univerzita Palack\u00e9ho v Olomouci (ISBN: 80-244-0404-4).<\/p>\n<\/div>\n<\/div>\n","protected":false},"excerpt":{"rendered":"<p>Porozum\u011bn\u00ed Poslech:&nbsp;Rozum\u00edm fr\u00e1z\u00edm a nejb\u011b\u017en\u011bj\u0161\u00ed slovn\u00ed z\u00e1sob\u011b vztahuj\u00edc\u00ed se k oblastem, kter\u00e9 se m\u011b bezprost\u0159edn\u011b t\u00fdkaj\u00ed (nap\u0159. z\u00e1kladn\u00ed informace o mn\u011b a m\u00e9 rodin\u011b, o nakupov\u00e1n\u00ed, m\u00edstopisu, zam\u011bstn\u00e1n\u00ed)&#8230;.<\/p>\n","protected":false},"author":4,"featured_media":0,"parent":20039,"menu_order":0,"comment_status":"closed","ping_status":"closed","template":"","meta":{"_acf_changed":false,"footnotes":""},"class_list":["post-20057","page","type-page","status-publish","hentry"],"acf":[],"_links":{"self":[{"href":"https:\/\/www.alliancefrancaise.cz\/pardubice\/wp-json\/wp\/v2\/pages\/20057","targetHints":{"allow":["GET"]}}],"collection":[{"href":"https:\/\/www.alliancefrancaise.cz\/pardubice\/wp-json\/wp\/v2\/pages"}],"about":[{"href":"https:\/\/www.alliancefrancaise.cz\/pardubice\/wp-json\/wp\/v2\/types\/page"}],"author":[{"embeddable":true,"href":"https:\/\/www.alliancefrancaise.cz\/pardubice\/wp-json\/wp\/v2\/users\/4"}],"replies":[{"embeddable":true,"href":"https:\/\/www.alliancefrancaise.cz\/pardubice\/wp-json\/wp\/v2\/comments?post=20057"}],"version-history":[{"count":3,"href":"https:\/\/www.alliancefrancaise.cz\/pardubice\/wp-json\/wp\/v2\/pages\/20057\/revisions"}],"predecessor-version":[{"id":20116,"href":"https:\/\/www.alliancefrancaise.cz\/pardubice\/wp-json\/wp\/v2\/pages\/20057\/revisions\/20116"}],"up":[{"embeddable":true,"href":"https:\/\/www.alliancefrancaise.cz\/pardubice\/wp-json\/wp\/v2\/pages\/20039"}],"wp:attachment":[{"href":"https:\/\/www.alliancefrancaise.cz\/pardubice\/wp-json\/wp\/v2\/media?parent=20057"}],"curies":[{"name":"wp","href":"https:\/\/api.w.org\/{rel}","templated":true}]}}

Úroveň A2

<div class="wp-block-columns is-layout-flex wp-container-core-columns-is-layout-9d6595d7 wp-block-columns-is-layout-flex">
<div class="wp-block-column is-layout-flow wp-block-column-is-layout-flow" style="flex-basis:33.33%">
<figure class="wp-block-image size-full"><img loading="lazy" decoding="async" width="961" height="490" src="https://www.alliancefrancaise.cz/pardubice/wp-content/uploads/2024/06/image-14.png" alt="" class="wp-image-20114" srcset="https://www.alliancefrancaise.cz/pardubice/wp-content/uploads/2024/06/image-14.png 961w, https://www.alliancefrancaise.cz/pardubice/wp-content/uploads/2024/06/image-14-460x235.png 460w, https://www.alliancefrancaise.cz/pardubice/wp-content/uploads/2024/06/image-14-768x392.png 768w" sizes="auto, (max-width: 961px) 100vw, 961px" /></figure>
</div>



<div class="wp-block-column is-layout-flow wp-block-column-is-layout-flow" style="flex-basis:66.66%">
<h3 class="wp-block-heading"><strong>Porozumění</strong></h3>



<p><strong>Poslech:&nbsp;</strong>Rozumím frázím a nejběžnější slovní zásobě vztahující se k oblastem, které se mě bezprostředně týkají (např. základní informace o mně a mé rodině, o nakupování, místopisu, zaměstnání). Dokážu pochopit smysl krátkých jasných, jednoduchých zpráv a hlášení.&nbsp;<br><strong>Čtení:</strong>&nbsp;Umím číst krátké jednoduché texty. Umím vyhledat konkrétní předvídatelné informace v jednoduchých každodenních materiálech, např. v inzerátech, prospektech, jídelních lístcích a jízdních řádech. Rozumím krátkým jednoduchým osobním dopisům.</p>



<h3 class="wp-block-heading"><strong>Mluvení</strong></h3>



<p><strong>Ústní interakce:</strong>&nbsp;Umím komunikovat v jednoduchých běžných situacích vyžadujících jednoduchou přímou výměnu informací o známých tématech a činnostech. Zvládnu velmi krátkou společenskou konverzaci, i když obvykle nerozumím natolik, abych konverzaci sám/sama dokázal(a) udržet.&nbsp;<br><strong>Samostatný ústní projev:</strong>&nbsp;Umím použít řadu frází a vět, abych jednoduchým způsobem popsal(a) vlastní rodinu a další lidi, životní podmínky, dosažené vzdělání a své současné nebo předchozí zaměstnání.</p>



<h3 class="wp-block-heading"><strong>Psaní</strong></h3>



<p><strong>Písemný projev:</strong>&nbsp;Umím napsat krátké jednoduché poznámky a zprávy týkající se mých základních potřeb. Umím napsat velmi jednoduchý osobní dopis, například poděkování.</p>



<p>Zdroj:&nbsp;<em>Společný evropský referenční rámec pro jazyky: Jak se učíme jazykům, jak je vyučujeme a jak v jazycích hodnotíme</em>, Univerzita Palackého v Olomouci (ISBN: 80-244-0404-4).</p>
</div>
</div>

<p>Porozumění Poslech:&nbsp;Rozumím frázím a nejběžnější slovní zásobě vztahující se k oblastem, které se mě bezprostředně týkají (např. základní informace o mně a mé rodině, o nakupování, místopisu, zaměstnání)&#8230;.</p>
