{"id":20059,"date":"2024-06-27T16:02:20","date_gmt":"2024-06-27T14:02:20","guid":{"rendered":"https:\/\/www.alliancefrancaise.cz\/pardubice\/?page_id=20059"},"modified":"2024-06-27T16:58:13","modified_gmt":"2024-06-27T14:58:13","slug":"uroven-b1","status":"publish","type":"page","link":"https:\/\/www.alliancefrancaise.cz\/pardubice\/uvod-3\/uroven-b1\/","title":{"rendered":"\u00darove\u0148 B1"},"content":{"rendered":"\n<div class=\"wp-block-columns is-layout-flex wp-container-core-columns-is-layout-9d6595d7 wp-block-columns-is-layout-flex\">\n<div class=\"wp-block-column is-layout-flow wp-block-column-is-layout-flow\" style=\"flex-basis:33.33%\">\n<figure class=\"wp-block-image size-full\"><img loading=\"lazy\" decoding=\"async\" width=\"935\" height=\"489\" src=\"https:\/\/www.alliancefrancaise.cz\/pardubice\/wp-content\/uploads\/2024\/06\/image-15.png\" alt=\"\" class=\"wp-image-20117\" srcset=\"https:\/\/www.alliancefrancaise.cz\/pardubice\/wp-content\/uploads\/2024\/06\/image-15.png 935w, https:\/\/www.alliancefrancaise.cz\/pardubice\/wp-content\/uploads\/2024\/06\/image-15-460x241.png 460w, https:\/\/www.alliancefrancaise.cz\/pardubice\/wp-content\/uploads\/2024\/06\/image-15-768x402.png 768w\" sizes=\"auto, (max-width: 935px) 100vw, 935px\" \/><\/figure>\n<\/div>\n\n\n\n<div class=\"wp-block-column is-layout-flow wp-block-column-is-layout-flow\" style=\"flex-basis:66.66%\">\n<h3 class=\"wp-block-heading\"><strong>Porozum\u011bn\u00ed<\/strong><\/h3>\n\n\n\n<p><strong>Poslech:&nbsp;<\/strong>Rozum\u00edm hlavn\u00edm my\u0161lenk\u00e1m vysloven\u00fdm spisovn\u00fdm jazykem o b\u011b\u017en\u00fdch t\u00e9matech, se kter\u00fdmi se setk\u00e1v\u00e1m v pr\u00e1ci, ve \u0161kole, ve voln\u00e9m \u010dase atd. Rozum\u00edm smyslu mnoha rozhlasov\u00fdch a televizn\u00edch program\u016f t\u00fdkaj\u00edc\u00edch se sou\u010dasn\u00fdch ud\u00e1lost\u00ed nebo t\u00e9mat souvisej\u00edc\u00edch s oblastmi m\u00e9ho osobn\u00edho \u010di pracovn\u00edho z\u00e1jmu, pokud jsou vysloveny pom\u011brn\u011b pomalu a z\u0159eteln\u011b.&nbsp;<br><strong>\u010cten\u00ed:<\/strong>&nbsp;Rozum\u00edm text\u016fm, kter\u00e9 obsahuj\u00ed slovn\u00ed z\u00e1sobu \u010dasto u\u017e\u00edvanou v ka\u017edodenn\u00edm \u017eivot\u011b nebo kter\u00e9 se vztahuj\u00ed k m\u00e9 pr\u00e1ci. Rozum\u00edm popis\u016fm ud\u00e1lost\u00ed, pocit\u016f a p\u0159\u00e1n\u00ed v osobn\u00edch dopisech.<\/p>\n\n\n\n<h3 class=\"wp-block-heading\"><strong>Mluven\u00ed<\/strong><\/h3>\n\n\n\n<p><strong>\u00dastn\u00ed interakce:<\/strong>&nbsp;Um\u00edm si poradit s v\u011bt\u0161inou situac\u00ed, kter\u00e9 mohou nastat p\u0159i cestov\u00e1n\u00ed v oblasti, kde se t\u00edmto jazykem mluv\u00ed. Dok\u00e1\u017eu se bez p\u0159\u00edpravy zapojit do hovoru o t\u00e9matech, kter\u00e1 jsou mi zn\u00e1m\u00e1, o n\u011b\u017e se zaj\u00edm\u00e1m nebo kter\u00e1 se t\u00fdkaj\u00ed ka\u017edodenn\u00edho \u017eivota (nap\u0159. rodiny, kon\u00ed\u010dk\u016f, pr\u00e1ce, cestov\u00e1n\u00ed a aktu\u00e1ln\u00edch ud\u00e1lost\u00ed).&nbsp;<br><strong>Samostatn\u00fd \u00fastn\u00ed projev:<\/strong>&nbsp;Um\u00edm jednoduch\u00fdm zp\u016fsobem spojovat fr\u00e1ze, abych popsal(a) ud\u00e1losti a sv\u00e9 z\u00e1\u017eitky, sny, nad\u011bje a c\u00edle. Um\u00edm stru\u010dn\u011b od\u016fvodnit a vysv\u011btlit sv\u00e9 n\u00e1zory a pl\u00e1ny. Um\u00edm vypr\u00e1v\u011bt p\u0159\u00edb\u011bh nebo p\u0159ibl\u00ed\u017eit obsah knihy \u010di filmu a vyl\u00ed\u010dit sv\u00e9 reakce.<\/p>\n\n\n\n<h3 class=\"wp-block-heading\"><strong>Psan\u00ed<\/strong><\/h3>\n\n\n\n<p><strong>P\u00edsemn\u00fd projev:<\/strong>&nbsp;Um\u00edm napsat jednoduch\u00e9 souvisl\u00e9 texty na t\u00e9mata, kter\u00e1 dob\u0159e zn\u00e1m nebo kter\u00e1 m\u011b osobn\u011b zaj\u00edmaj\u00ed. Um\u00edm ps\u00e1t osobn\u00ed dopisy popisuj\u00edc\u00ed z\u00e1\u017eitky a dojmy.<\/p>\n\n\n\n<p>Zdroj:&nbsp;<em>Spole\u010dn\u00fd evropsk\u00fd referen\u010dn\u00ed r\u00e1mec pro jazyky: Jak se u\u010d\u00edme jazyk\u016fm, jak je vyu\u010dujeme a jak v jazyc\u00edch hodnot\u00edme<\/em>, Univerzita Palack\u00e9ho v Olomouci (ISBN: 80-244-0404-4).<\/p>\n<\/div>\n<\/div>\n","protected":false},"excerpt":{"rendered":"<p>Porozum\u011bn\u00ed Poslech:&nbsp;Rozum\u00edm hlavn\u00edm my\u0161lenk\u00e1m vysloven\u00fdm spisovn\u00fdm jazykem o b\u011b\u017en\u00fdch t\u00e9matech, se kter\u00fdmi se setk\u00e1v\u00e1m v pr\u00e1ci, ve \u0161kole, ve voln\u00e9m \u010dase atd. Rozum\u00edm smyslu mnoha rozhlasov\u00fdch a televizn\u00edch&#8230;<\/p>\n","protected":false},"author":4,"featured_media":0,"parent":20039,"menu_order":0,"comment_status":"closed","ping_status":"closed","template":"","meta":{"_acf_changed":false,"footnotes":""},"class_list":["post-20059","page","type-page","status-publish","hentry"],"acf":[],"_links":{"self":[{"href":"https:\/\/www.alliancefrancaise.cz\/pardubice\/wp-json\/wp\/v2\/pages\/20059","targetHints":{"allow":["GET"]}}],"collection":[{"href":"https:\/\/www.alliancefrancaise.cz\/pardubice\/wp-json\/wp\/v2\/pages"}],"about":[{"href":"https:\/\/www.alliancefrancaise.cz\/pardubice\/wp-json\/wp\/v2\/types\/page"}],"author":[{"embeddable":true,"href":"https:\/\/www.alliancefrancaise.cz\/pardubice\/wp-json\/wp\/v2\/users\/4"}],"replies":[{"embeddable":true,"href":"https:\/\/www.alliancefrancaise.cz\/pardubice\/wp-json\/wp\/v2\/comments?post=20059"}],"version-history":[{"count":3,"href":"https:\/\/www.alliancefrancaise.cz\/pardubice\/wp-json\/wp\/v2\/pages\/20059\/revisions"}],"predecessor-version":[{"id":20119,"href":"https:\/\/www.alliancefrancaise.cz\/pardubice\/wp-json\/wp\/v2\/pages\/20059\/revisions\/20119"}],"up":[{"embeddable":true,"href":"https:\/\/www.alliancefrancaise.cz\/pardubice\/wp-json\/wp\/v2\/pages\/20039"}],"wp:attachment":[{"href":"https:\/\/www.alliancefrancaise.cz\/pardubice\/wp-json\/wp\/v2\/media?parent=20059"}],"curies":[{"name":"wp","href":"https:\/\/api.w.org\/{rel}","templated":true}]}}

Úroveň B1

<div class="wp-block-columns is-layout-flex wp-container-core-columns-is-layout-9d6595d7 wp-block-columns-is-layout-flex">
<div class="wp-block-column is-layout-flow wp-block-column-is-layout-flow" style="flex-basis:33.33%">
<figure class="wp-block-image size-full"><img loading="lazy" decoding="async" width="935" height="489" src="https://www.alliancefrancaise.cz/pardubice/wp-content/uploads/2024/06/image-15.png" alt="" class="wp-image-20117" srcset="https://www.alliancefrancaise.cz/pardubice/wp-content/uploads/2024/06/image-15.png 935w, https://www.alliancefrancaise.cz/pardubice/wp-content/uploads/2024/06/image-15-460x241.png 460w, https://www.alliancefrancaise.cz/pardubice/wp-content/uploads/2024/06/image-15-768x402.png 768w" sizes="auto, (max-width: 935px) 100vw, 935px" /></figure>
</div>



<div class="wp-block-column is-layout-flow wp-block-column-is-layout-flow" style="flex-basis:66.66%">
<h3 class="wp-block-heading"><strong>Porozumění</strong></h3>



<p><strong>Poslech:&nbsp;</strong>Rozumím hlavním myšlenkám vysloveným spisovným jazykem o běžných tématech, se kterými se setkávám v práci, ve škole, ve volném čase atd. Rozumím smyslu mnoha rozhlasových a televizních programů týkajících se současných událostí nebo témat souvisejících s oblastmi mého osobního či pracovního zájmu, pokud jsou vysloveny poměrně pomalu a zřetelně.&nbsp;<br><strong>Čtení:</strong>&nbsp;Rozumím textům, které obsahují slovní zásobu často užívanou v každodenním životě nebo které se vztahují k mé práci. Rozumím popisům událostí, pocitů a přání v osobních dopisech.</p>



<h3 class="wp-block-heading"><strong>Mluvení</strong></h3>



<p><strong>Ústní interakce:</strong>&nbsp;Umím si poradit s většinou situací, které mohou nastat při cestování v oblasti, kde se tímto jazykem mluví. Dokážu se bez přípravy zapojit do hovoru o tématech, která jsou mi známá, o něž se zajímám nebo která se týkají každodenního života (např. rodiny, koníčků, práce, cestování a aktuálních událostí).&nbsp;<br><strong>Samostatný ústní projev:</strong>&nbsp;Umím jednoduchým způsobem spojovat fráze, abych popsal(a) události a své zážitky, sny, naděje a cíle. Umím stručně odůvodnit a vysvětlit své názory a plány. Umím vyprávět příběh nebo přiblížit obsah knihy či filmu a vylíčit své reakce.</p>



<h3 class="wp-block-heading"><strong>Psaní</strong></h3>



<p><strong>Písemný projev:</strong>&nbsp;Umím napsat jednoduché souvislé texty na témata, která dobře znám nebo která mě osobně zajímají. Umím psát osobní dopisy popisující zážitky a dojmy.</p>



<p>Zdroj:&nbsp;<em>Společný evropský referenční rámec pro jazyky: Jak se učíme jazykům, jak je vyučujeme a jak v jazycích hodnotíme</em>, Univerzita Palackého v Olomouci (ISBN: 80-244-0404-4).</p>
</div>
</div>

<p>Porozumění Poslech:&nbsp;Rozumím hlavním myšlenkám vysloveným spisovným jazykem o běžných tématech, se kterými se setkávám v práci, ve škole, ve volném čase atd. Rozumím smyslu mnoha rozhlasových a televizních&#8230;</p>
