{"id":20145,"date":"2024-06-27T17:34:07","date_gmt":"2024-06-27T15:34:07","guid":{"rendered":"https:\/\/www.alliancefrancaise.cz\/pardubice\/?page_id=20145"},"modified":"2024-06-27T17:34:09","modified_gmt":"2024-06-27T15:34:09","slug":"pomaturitni-studium-ve-francii","status":"publish","type":"page","link":"https:\/\/www.alliancefrancaise.cz\/pardubice\/pomaturitni-studium-ve-francii\/","title":{"rendered":"Pomaturitn\u00ed studium ve Francii"},"content":{"rendered":"\n<h3 class=\"wp-block-heading\">Zaj\u00edm\u00e1 v\u00e1s:<\/h3>\n\n\n\n<ul class=\"wp-block-list\">\n<li>&nbsp;jak\u00e9 obory a na jak\u00fdch vysok\u00fdch \u0161kol\u00e1ch lze studovat?<\/li>\n\n\n\n<li>&nbsp;jak se zapsat ke studiu?<\/li>\n\n\n\n<li>&nbsp;kde se d\u00e1 studovat tak\u00e9 v angli\u010dtin\u011b?<\/li>\n\n\n\n<li>&nbsp;jak financovat studium?<\/li>\n\n\n\n<li>&nbsp;kde po\u017e\u00e1dat o stipendium?<\/li>\n<\/ul>\n\n\n\n<p><strong>M\u00e1te dal\u0161\u00ed dotazy?<\/strong><\/p>\n\n\n\n<p>Obra\u0165te se na \u010deskou pobo\u010dku francouzsk\u00e9 st\u00e1tn\u00ed agentury pro propagaci studia na vysok\u00fdch \u0161kol\u00e1ch a mezin\u00e1rodn\u00ed mobilitu&nbsp;<a href=\"https:\/\/www.republiquetcheque.campusfrance.org\/cs\" target=\"_blank\" rel=\"noreferrer noopener\">Campus France \u010cesk\u00e1 republika<\/a>.<\/p>\n\n\n\n<p><strong>Kontakt:&nbsp;<\/strong><\/p>\n\n\n\n<p>Francouzsk\u00fd institut v Praze<br>Campus France \u010cesk\u00e1 republika<br>\u0160t\u011bp\u00e1nsk\u00e1 35<br>110 00 Praha<br>e-mail:&nbsp;<a href=\"mailto:prague@campusfrance.org\" target=\"_blank\" rel=\"noreferrer noopener\">prague@campusfrance.org<\/a><br>tel.: 221 401 058<\/p>\n\n\n\n<p>Pro z\u00e1jemce o studium&nbsp;<strong>bakal\u00e1\u0159sk\u00fdch<\/strong>&nbsp;nebo&nbsp;<strong>magistersk\u00fdch<\/strong>&nbsp;program\u016f na francouzsk\u00fdch vysok\u00fdch \u0161kol\u00e1ch nab\u00edz\u00edme z\u00e1znam webin\u00e1\u0159\u016f, kter\u00fd po\u0159\u00e1dala ve dnech 9. \u2013 10. 12. 2020 agentura&nbsp;<a href=\"https:\/\/www.republiquetcheque.campusfrance.org\/cs\" rel=\"noreferrer noopener\" target=\"_blank\">Campus France \u010cesk\u00e1 republika<\/a>.<\/p>\n\n\n\n<ul class=\"wp-block-list\">\n<li>&nbsp;pod\u00edvat se na webin\u00e1\u0159&nbsp;na t\u00e9ma&nbsp;<a href=\"https:\/\/www.facebook.com\/watch\/?v=1074052526358896\" target=\"_blank\" rel=\"noreferrer noopener\">Bakal\u00e1\u0159sk\u00e9 studium ve Francii<\/a><\/li>\n\n\n\n<li>&nbsp;pod\u00edvat se na webin\u00e1\u0159 na t\u00e9ma&nbsp;<a href=\"https:\/\/www.facebook.com\/watch\/?v=120679116450688\" target=\"_blank\" rel=\"noreferrer noopener\">Magistersk\u00e9 studium ve Francii<\/a><\/li>\n<\/ul>\n","protected":false},"excerpt":{"rendered":"<p>Zaj\u00edm\u00e1 v\u00e1s: M\u00e1te dal\u0161\u00ed dotazy? Obra\u0165te se na \u010deskou pobo\u010dku francouzsk\u00e9 st\u00e1tn\u00ed agentury pro propagaci studia na vysok\u00fdch \u0161kol\u00e1ch a mezin\u00e1rodn\u00ed mobilitu&nbsp;Campus France \u010cesk\u00e1 republika. Kontakt:&nbsp; Francouzsk\u00fd institut&#8230;<\/p>\n","protected":false},"author":4,"featured_media":0,"parent":0,"menu_order":0,"comment_status":"closed","ping_status":"closed","template":"","meta":{"_acf_changed":false,"footnotes":""},"class_list":["post-20145","page","type-page","status-publish","hentry"],"acf":[],"_links":{"self":[{"href":"https:\/\/www.alliancefrancaise.cz\/pardubice\/wp-json\/wp\/v2\/pages\/20145","targetHints":{"allow":["GET"]}}],"collection":[{"href":"https:\/\/www.alliancefrancaise.cz\/pardubice\/wp-json\/wp\/v2\/pages"}],"about":[{"href":"https:\/\/www.alliancefrancaise.cz\/pardubice\/wp-json\/wp\/v2\/types\/page"}],"author":[{"embeddable":true,"href":"https:\/\/www.alliancefrancaise.cz\/pardubice\/wp-json\/wp\/v2\/users\/4"}],"replies":[{"embeddable":true,"href":"https:\/\/www.alliancefrancaise.cz\/pardubice\/wp-json\/wp\/v2\/comments?post=20145"}],"version-history":[{"count":1,"href":"https:\/\/www.alliancefrancaise.cz\/pardubice\/wp-json\/wp\/v2\/pages\/20145\/revisions"}],"predecessor-version":[{"id":20146,"href":"https:\/\/www.alliancefrancaise.cz\/pardubice\/wp-json\/wp\/v2\/pages\/20145\/revisions\/20146"}],"wp:attachment":[{"href":"https:\/\/www.alliancefrancaise.cz\/pardubice\/wp-json\/wp\/v2\/media?parent=20145"}],"curies":[{"name":"wp","href":"https:\/\/api.w.org\/{rel}","templated":true}]}}

Pomaturitní studium ve Francii

<h3 class="wp-block-heading">Zajímá vás:</h3>



<ul class="wp-block-list">
<li>&nbsp;jaké obory a na jakých vysokých školách lze studovat?</li>



<li>&nbsp;jak se zapsat ke studiu?</li>



<li>&nbsp;kde se dá studovat také v angličtině?</li>



<li>&nbsp;jak financovat studium?</li>



<li>&nbsp;kde požádat o stipendium?</li>
</ul>



<p><strong>Máte další dotazy?</strong></p>



<p>Obraťte se na českou pobočku francouzské státní agentury pro propagaci studia na vysokých školách a mezinárodní mobilitu&nbsp;<a href="https://www.republiquetcheque.campusfrance.org/cs" target="_blank" rel="noreferrer noopener">Campus France Česká republika</a>.</p>



<p><strong>Kontakt:&nbsp;</strong></p>



<p>Francouzský institut v Praze<br>Campus France Česká republika<br>Štěpánská 35<br>110 00 Praha<br>e-mail:&nbsp;<a href="mailto:prague@campusfrance.org" target="_blank" rel="noreferrer noopener">prague@campusfrance.org</a><br>tel.: 221 401 058</p>



<p>Pro zájemce o studium&nbsp;<strong>bakalářských</strong>&nbsp;nebo&nbsp;<strong>magisterských</strong>&nbsp;programů na francouzských vysokých školách nabízíme záznam webinářů, který pořádala ve dnech 9. – 10. 12. 2020 agentura&nbsp;<a href="https://www.republiquetcheque.campusfrance.org/cs" rel="noreferrer noopener" target="_blank">Campus France Česká republika</a>.</p>



<ul class="wp-block-list">
<li>&nbsp;podívat se na webinář&nbsp;na téma&nbsp;<a href="https://www.facebook.com/watch/?v=1074052526358896" target="_blank" rel="noreferrer noopener">Bakalářské studium ve Francii</a></li>



<li>&nbsp;podívat se na webinář na téma&nbsp;<a href="https://www.facebook.com/watch/?v=120679116450688" target="_blank" rel="noreferrer noopener">Magisterské studium ve Francii</a></li>
</ul>

<p>Zajímá vás: Máte další dotazy? Obraťte se na českou pobočku francouzské státní agentury pro propagaci studia na vysokých školách a mezinárodní mobilitu&nbsp;Campus France Česká republika. Kontakt:&nbsp; Francouzský institut&#8230;</p>
