{"id":21010,"date":"2025-04-16T17:09:10","date_gmt":"2025-04-16T15:09:10","guid":{"rendered":"https:\/\/www.alliancefrancaise.cz\/pardubice\/?page_id=21010"},"modified":"2026-04-30T17:33:45","modified_gmt":"2026-04-30T15:33:45","slug":"letnikurzy","status":"publish","type":"page","link":"https:\/\/www.alliancefrancaise.cz\/pardubice\/letnikurzy\/","title":{"rendered":"Letn\u00ed aktivity"},"content":{"rendered":"\n<figure class=\"wp-block-image size-large\"><img loading=\"lazy\" decoding=\"async\" width=\"1360\" height=\"765\" src=\"https:\/\/www.alliancefrancaise.cz\/pardubice\/wp-content\/uploads\/2026\/02\/tele-ete-1360x765.png\" alt=\"\" class=\"wp-image-21635\" srcset=\"https:\/\/www.alliancefrancaise.cz\/pardubice\/wp-content\/uploads\/2026\/02\/tele-ete-1360x765.png 1360w, https:\/\/www.alliancefrancaise.cz\/pardubice\/wp-content\/uploads\/2026\/02\/tele-ete-460x259.png 460w, https:\/\/www.alliancefrancaise.cz\/pardubice\/wp-content\/uploads\/2026\/02\/tele-ete-768x432.png 768w, https:\/\/www.alliancefrancaise.cz\/pardubice\/wp-content\/uploads\/2026\/02\/tele-ete.png 1920w\" sizes=\"auto, (max-width: 1360px) 100vw, 1360px\" \/><\/figure>\n\n\n\n<h2 class=\"wp-block-heading\">Letn\u00ed p\u0159\u00edm\u011bstsk\u00fd t\u00e1bor s francouz\u0161tinou<\/h2>\n\n\n\n<p><strong>\u201cDovolen\u00e1 na jihu Francie\u201d<\/strong><\/p>\n\n\n\n<ul class=\"wp-block-list\">\n<li>Pro d\u011bti ve v\u011bku od 8 do 15 let<\/li>\n\n\n\n<li>Od pond\u011bl\u00ed do p\u00e1tku (program 9:00\u201316:00)<\/li>\n\n\n\n<li>4190 K\u010d\/3990 K\u010d pro st\u00e1vaj\u00edc\u00ed studenty Alliance Fran\u00e7aise<\/li>\n<\/ul>\n\n\n\n<p><strong>V cen\u011b:<\/strong><\/p>\n\n\n\n<ul class=\"wp-block-list\">\n<li>Doprovod zku\u0161en\u00fdch lektorek<\/li>\n\n\n\n<li>Interaktivn\u00ed a z\u00e1bavn\u00e1 v\u00fduka francouz\u0161tiny \u2013 celkem <strong>12 hodin v\u00fduky<\/strong><\/li>\n\n\n\n<li>Odpoledn\u00ed sportovn\u00ed a kreativn\u00ed aktivity<\/li>\n\n\n\n<li>Strava (ob\u011bd, 2x sva\u010dina)<\/li>\n\n\n\n<li>Pracovn\u00ed se\u0161it s aktivitami<\/li>\n<\/ul>\n\n\n\n<div class=\"wp-block-buttons is-content-justification-center is-layout-flex wp-container-core-buttons-is-layout-16018d1d wp-block-buttons-is-layout-flex\">\n<div class=\"wp-block-button\"><a class=\"wp-block-button__link wp-element-button\" href=\"https:\/\/www.alliancefrancaise.cz\/pardubice\/kurzy\/primestsky-tabor-s-francouzstinou\/\">P\u0159ihl\u00e1\u0161ka ZDE<\/a><\/div>\n<\/div>\n\n\n\n<hr class=\"wp-block-separator has-alpha-channel-opacity\"\/>\n\n\n\n<p><\/p>\n\n\n\n<h3 class=\"wp-block-heading\">Letn\u00ed kurzy francouz\u0161tiny 2026<\/h3>\n\n\n\n<p><\/p>\n\n\n\n<div class=\"wp-block-group\"><div class=\"wp-block-group__inner-container is-layout-constrained wp-block-group-is-layout-constrained\">\n<p>\ud83c\udde8\ud83c\uddff L\u00e9to je synonymem odpo\u010dinku\u2026 ale tak\u00e9 nov\u00fdch v\u00fdzev! Pro\u010d toho tedy nevyu\u017e\u00edt k prohlouben\u00ed va\u0161\u00ed znalosti francouz\u0161tiny?<\/p>\n\n\n\n<p>D\u00edky na\u0161im letn\u00edm aktivit\u00e1m m\u016f\u017eete nav\u0161t\u011bvovat intenzivn\u00ed kurzy. Tyto kurzy jsou otev\u0159eny v\u0161em bez ohledu na v\u011bk nebo \u00farove\u0148 francouz\u0161tiny!<\/p>\n\n\n\n<p>Abychom vyhov\u011bli co nejv\u011bt\u0161\u00edmu po\u010dtu z\u00e1jemc\u016f, Francouzsk\u00e1 aliance po\u0159\u00e1d\u00e1 dv\u011b letn\u00ed aktivity: prvn\u00ed se uskute\u010dn\u00ed od 7. do 10. \u010dervence a druh\u00e1 od 24. do 29. srpna.<\/p>\n\n\n\n<p>Krom\u011b toho v\u00e1m nab\u00eddneme t\u00fddenn\u00ed kurz zam\u011b\u0159en\u00fd na gastronomii. Pozor, jedn\u00e1 se o kurz francouz\u0161tiny, nikoli o kucha\u0159sk\u00fd workshop.<\/p>\n\n\n\n<p>Toto t\u00e9ma bude nab\u00edzeno <u>pouze od 13. do 17. \u010dervence.<\/u><\/p>\n\n\n\n<p>Aktivity budou prob\u00edhat ka\u017ed\u00fd den po dobu 2 hodin.<\/p>\n<\/div><\/div>\n\n\n\n<div class=\"wp-block-buttons is-content-justification-center is-layout-flex wp-container-core-buttons-is-layout-16018d1d wp-block-buttons-is-layout-flex\">\n<div class=\"wp-block-button\"><a class=\"wp-block-button__link wp-element-button\">registrace<\/a><\/div>\n<\/div>\n\n\n\n<div class=\"wp-block-columns is-layout-flex wp-container-core-columns-is-layout-9d6595d7 wp-block-columns-is-layout-flex\">\n<div class=\"wp-block-column is-layout-flow wp-block-column-is-layout-flow\" style=\"flex-basis:50%\">\n<figure class=\"wp-block-image size-full is-resized\"><img loading=\"lazy\" decoding=\"async\" width=\"974\" height=\"768\" src=\"https:\/\/www.alliancefrancaise.cz\/pardubice\/wp-content\/uploads\/2025\/04\/9-edited.png\" alt=\"\" class=\"wp-image-21041\" style=\"width:382px;height:auto\" srcset=\"https:\/\/www.alliancefrancaise.cz\/pardubice\/wp-content\/uploads\/2025\/04\/9-edited.png 974w, https:\/\/www.alliancefrancaise.cz\/pardubice\/wp-content\/uploads\/2025\/04\/9-edited-460x363.png 460w, https:\/\/www.alliancefrancaise.cz\/pardubice\/wp-content\/uploads\/2025\/04\/9-edited-768x606.png 768w\" sizes=\"auto, (max-width: 974px) 100vw, 974px\" \/><\/figure>\n<\/div>\n<\/div>\n\n\n\n<pre class=\"wp-block-code\"><code><\/code><\/pre>\n\n\n\n\n\n<p><\/p>\n","protected":false},"excerpt":{"rendered":"<p>Letn\u00ed p\u0159\u00edm\u011bstsk\u00fd t\u00e1bor s francouz\u0161tinou \u201cDovolen\u00e1 na jihu Francie\u201d V cen\u011b: Letn\u00ed kurzy francouz\u0161tiny 2026 \ud83c\udde8\ud83c\uddff L\u00e9to je synonymem odpo\u010dinku\u2026 ale tak\u00e9 nov\u00fdch v\u00fdzev! Pro\u010d toho tedy nevyu\u017e\u00edt&#8230;<\/p>\n","protected":false},"author":4,"featured_media":21635,"parent":0,"menu_order":1,"comment_status":"closed","ping_status":"closed","template":"","meta":{"_acf_changed":false,"footnotes":""},"class_list":["post-21010","page","type-page","status-publish","has-post-thumbnail","hentry"],"acf":[],"_links":{"self":[{"href":"https:\/\/www.alliancefrancaise.cz\/pardubice\/wp-json\/wp\/v2\/pages\/21010","targetHints":{"allow":["GET"]}}],"collection":[{"href":"https:\/\/www.alliancefrancaise.cz\/pardubice\/wp-json\/wp\/v2\/pages"}],"about":[{"href":"https:\/\/www.alliancefrancaise.cz\/pardubice\/wp-json\/wp\/v2\/types\/page"}],"author":[{"embeddable":true,"href":"https:\/\/www.alliancefrancaise.cz\/pardubice\/wp-json\/wp\/v2\/users\/4"}],"replies":[{"embeddable":true,"href":"https:\/\/www.alliancefrancaise.cz\/pardubice\/wp-json\/wp\/v2\/comments?post=21010"}],"version-history":[{"count":19,"href":"https:\/\/www.alliancefrancaise.cz\/pardubice\/wp-json\/wp\/v2\/pages\/21010\/revisions"}],"predecessor-version":[{"id":21753,"href":"https:\/\/www.alliancefrancaise.cz\/pardubice\/wp-json\/wp\/v2\/pages\/21010\/revisions\/21753"}],"wp:featuredmedia":[{"embeddable":true,"href":"https:\/\/www.alliancefrancaise.cz\/pardubice\/wp-json\/wp\/v2\/media\/21635"}],"wp:attachment":[{"href":"https:\/\/www.alliancefrancaise.cz\/pardubice\/wp-json\/wp\/v2\/media?parent=21010"}],"curies":[{"name":"wp","href":"https:\/\/api.w.org\/{rel}","templated":true}]}}

Letní aktivity

<figure class="wp-block-image size-large"><img loading="lazy" decoding="async" width="1360" height="765" src="https://www.alliancefrancaise.cz/pardubice/wp-content/uploads/2026/02/tele-ete-1360x765.png" alt="" class="wp-image-21635" srcset="https://www.alliancefrancaise.cz/pardubice/wp-content/uploads/2026/02/tele-ete-1360x765.png 1360w, https://www.alliancefrancaise.cz/pardubice/wp-content/uploads/2026/02/tele-ete-460x259.png 460w, https://www.alliancefrancaise.cz/pardubice/wp-content/uploads/2026/02/tele-ete-768x432.png 768w, https://www.alliancefrancaise.cz/pardubice/wp-content/uploads/2026/02/tele-ete.png 1920w" sizes="auto, (max-width: 1360px) 100vw, 1360px" /></figure>



<h2 class="wp-block-heading">Letní příměstský tábor s francouzštinou</h2>



<p><strong>“Dovolená na jihu Francie”</strong></p>



<ul class="wp-block-list">
<li>Pro děti ve věku od 8 do 15 let</li>



<li>Od pondělí do pátku (program 9:00–16:00)</li>



<li>4190 Kč/3990 Kč pro stávající studenty Alliance Française</li>
</ul>



<p><strong>V ceně:</strong></p>



<ul class="wp-block-list">
<li>Doprovod zkušených lektorek</li>



<li>Interaktivní a zábavná výuka francouzštiny – celkem <strong>12 hodin výuky</strong></li>



<li>Odpolední sportovní a kreativní aktivity</li>



<li>Strava (oběd, 2x svačina)</li>



<li>Pracovní sešit s aktivitami</li>
</ul>



<div class="wp-block-buttons is-content-justification-center is-layout-flex wp-container-core-buttons-is-layout-16018d1d wp-block-buttons-is-layout-flex">
<div class="wp-block-button"><a class="wp-block-button__link wp-element-button" href="https://www.alliancefrancaise.cz/pardubice/kurzy/primestsky-tabor-s-francouzstinou/">Přihláška ZDE</a></div>
</div>



<hr class="wp-block-separator has-alpha-channel-opacity"/>



<p></p>



<h3 class="wp-block-heading">Letní kurzy francouzštiny 2026</h3>



<p></p>



<div class="wp-block-group"><div class="wp-block-group__inner-container is-layout-constrained wp-block-group-is-layout-constrained">
<p>🇨🇿 Léto je synonymem odpočinku… ale také nových výzev! Proč toho tedy nevyužít k prohloubení vaší znalosti francouzštiny?</p>



<p>Díky našim letním aktivitám můžete navštěvovat intenzivní kurzy. Tyto kurzy jsou otevřeny všem bez ohledu na věk nebo úroveň francouzštiny!</p>



<p>Abychom vyhověli co největšímu počtu zájemců, Francouzská aliance pořádá dvě letní aktivity: první se uskuteční od 7. do 10. července a druhá od 24. do 29. srpna.</p>



<p>Kromě toho vám nabídneme týdenní kurz zaměřený na gastronomii. Pozor, jedná se o kurz francouzštiny, nikoli o kuchařský workshop.</p>



<p>Toto téma bude nabízeno <u>pouze od 13. do 17. července.</u></p>



<p>Aktivity budou probíhat každý den po dobu 2 hodin.</p>
</div></div>



<div class="wp-block-buttons is-content-justification-center is-layout-flex wp-container-core-buttons-is-layout-16018d1d wp-block-buttons-is-layout-flex">
<div class="wp-block-button"><a class="wp-block-button__link wp-element-button">registrace</a></div>
</div>



<div class="wp-block-columns is-layout-flex wp-container-core-columns-is-layout-9d6595d7 wp-block-columns-is-layout-flex">
<div class="wp-block-column is-layout-flow wp-block-column-is-layout-flow" style="flex-basis:50%">
<figure class="wp-block-image size-full is-resized"><img loading="lazy" decoding="async" width="974" height="768" src="https://www.alliancefrancaise.cz/pardubice/wp-content/uploads/2025/04/9-edited.png" alt="" class="wp-image-21041" style="width:382px;height:auto" srcset="https://www.alliancefrancaise.cz/pardubice/wp-content/uploads/2025/04/9-edited.png 974w, https://www.alliancefrancaise.cz/pardubice/wp-content/uploads/2025/04/9-edited-460x363.png 460w, https://www.alliancefrancaise.cz/pardubice/wp-content/uploads/2025/04/9-edited-768x606.png 768w" sizes="auto, (max-width: 974px) 100vw, 974px" /></figure>
</div>
</div>



<pre class="wp-block-code"><code></code></pre>





<p></p>

<p>Letní příměstský tábor s francouzštinou “Dovolená na jihu Francie” V ceně: Letní kurzy francouzštiny 2026 🇨🇿 Léto je synonymem odpočinku… ale také nových výzev! Proč toho tedy nevyužít&#8230;</p>
