{"id":6210,"date":"2023-06-20T16:07:16","date_gmt":"2023-06-20T14:07:16","guid":{"rendered":"https:\/\/www.alliancefrancaise.cz\/pardubice\/?page_id=6210"},"modified":"2025-12-08T13:58:25","modified_gmt":"2025-12-08T12:58:25","slug":"terminy-registrace-cenik","status":"publish","type":"page","link":"https:\/\/www.alliancefrancaise.cz\/pardubice\/terminy-registrace-cenik\/","title":{"rendered":"Term\u00edny, registrace a cen\u00edk"},"content":{"rendered":"\n<p>Ke zkou\u0161k\u00e1m DELF JUNIOR a DELF\/ DALF TOUT PUBLIC se m\u016f\u017eete p\u0159ihl\u00e1sit vypln\u011bn\u00edm n\u00ed\u017ee uveden\u00e9ho formul\u00e1\u0159e. Informace o zp\u016fsobu platby obdr\u017e\u00edte po registraci. Va\u0161e registrace bude dokon\u010dena po obdr\u017een\u00ed platby.<\/p>\n\n\n\n<div class=\"wp-block-buttons is-layout-flex wp-block-buttons-is-layout-flex\">\n<div class=\"wp-block-button\"><a class=\"wp-block-button__link wp-element-button\" href=\"https:\/\/inscrire.hanaf.net\/delfdalf\/pardubice.php\" target=\"_blank\" rel=\"noopener\">Registra\u010dn\u00ed formul\u00e1\u0159 DELF \/ DALF<\/a><\/div>\n<\/div>\n\n\n\n<div class=\"wp-block-group\"><div class=\"wp-block-group__inner-container is-layout-constrained wp-block-group-is-layout-constrained\">\n<p><\/p>\n\n\n\n<h2 class=\"wp-block-heading\"><mark style=\"background-color:rgba(0, 0, 0, 0)\" class=\"has-inline-color has-color-text-color\">Cen\u00edk zkou\u0161ek<\/mark><\/h2>\n\n\n\n<p>Aktualizovan\u00fd cen\u00edk zkou\u0161ek konan\u00fdch v roce 2026.<\/p>\n<\/div><\/div>\n\n\n\n<figure class=\"wp-block-table is-style-stripes\"><table><tbody><tr><td><strong><mark style=\"background-color:rgba(0, 0, 0, 0)\" class=\"has-inline-color has-red-color\">Zkou\u0161ka<\/mark><\/strong><\/td><td class=\"has-text-align-center\" data-align=\"center\"><strong><mark style=\"background-color:rgba(0, 0, 0, 0)\" class=\"has-inline-color has-red-color\">A1<\/mark><\/strong><\/td><td class=\"has-text-align-center\" data-align=\"center\"><strong><mark style=\"background-color:rgba(0, 0, 0, 0)\" class=\"has-inline-color has-red-color\">A2<\/mark><\/strong><\/td><td class=\"has-text-align-center\" data-align=\"center\"><strong><mark style=\"background-color:rgba(0, 0, 0, 0)\" class=\"has-inline-color has-red-color\">B1<\/mark><\/strong><\/td><td class=\"has-text-align-center\" data-align=\"center\"><strong><mark style=\"background-color:rgba(0, 0, 0, 0)\" class=\"has-inline-color has-red-color\">B2<\/mark><\/strong><\/td><td class=\"has-text-align-center\" data-align=\"center\"><strong><mark style=\"background-color:rgba(0, 0, 0, 0)\" class=\"has-inline-color has-red-color\">C1<\/mark><\/strong><\/td><td class=\"has-text-align-center\" data-align=\"center\"><strong><mark style=\"background-color:rgba(0, 0, 0, 0)\" class=\"has-inline-color has-red-color\">C2<\/mark><\/strong><\/td><\/tr><tr><td><strong>DELF tout public<\/strong> (*)<\/td><td class=\"has-text-align-center\" data-align=\"center\">1600 K\u010d<\/td><td class=\"has-text-align-center\" data-align=\"center\">1700 K\u010d<\/td><td class=\"has-text-align-center\" data-align=\"center\">2900 K\u010d<\/td><td class=\"has-text-align-center\" data-align=\"center\">3100 K\u010d<\/td><td class=\"has-text-align-center\" data-align=\"center\">&#8211;<\/td><td class=\"has-text-align-center\" data-align=\"center\">&#8211;<\/td><\/tr><tr><td><strong>DELF junior\/scolaire<\/strong><\/td><td class=\"has-text-align-center\" data-align=\"center\">1300 K\u010d<\/td><td class=\"has-text-align-center\" data-align=\"center\">1400 K\u010d<\/td><td class=\"has-text-align-center\" data-align=\"center\">2000 K\u010d<\/td><td class=\"has-text-align-center\" data-align=\"center\">2200 K\u010d<\/td><td class=\"has-text-align-center\" data-align=\"center\">&#8211;<\/td><td class=\"has-text-align-center\" data-align=\"center\">&#8211;<\/td><\/tr><tr><td><strong>DALF<\/strong> (*)<\/td><td class=\"has-text-align-center\" data-align=\"center\">&#8211;<\/td><td class=\"has-text-align-center\" data-align=\"center\">&#8211;<\/td><td class=\"has-text-align-center\" data-align=\"center\">&#8211;<\/td><td class=\"has-text-align-center\" data-align=\"center\">&#8211;<\/td><td class=\"has-text-align-center\" data-align=\"center\">4000 K\u010d<\/td><td class=\"has-text-align-center\" data-align=\"center\">4200 K\u010d<\/td><\/tr><\/tbody><\/table><\/figure>\n\n\n\n<p><\/p>\n\n\n\n<h2 class=\"wp-block-heading has-color-text-color has-text-color has-link-color wp-elements-1a5f5aa51f1f7c6679d48492e67aa7e1\">Kalend\u00e1\u0159 2026<\/h2>\n\n\n\n<figure class=\"wp-block-table is-style-stripes\"><table><thead><tr><th><strong>Zkou\u0161ky<\/strong><\/th><th><strong>Term\u00edn<\/strong><\/th><th><strong>Obdob\u00ed z\u00e1pisu<\/strong><\/th><\/tr><\/thead><tbody><tr><td>DELF-DALF tout public<\/td><td>2. 2. \u2013 6. 2. 2026<\/td><td>16. 12. 2025 \u2013 17. 1. 2026<\/td><\/tr><tr><td>DELF junior<\/td><td>16. 3. \u2013 18. 3. 2026<\/td><td>2. 2. \u2013 28. 2. 2026<\/td><\/tr><tr><td>DELF Prim<\/td><td>27. 5. \u2013 28. 5. 2026<\/td><td>7. 4. \u2013 15. 5. 2026<\/td><\/tr><tr><td>DELF junior<\/td><td>2. 6. \u2013 5. 6. 2026<\/td><td>20. 4. \u2013 15. 5. 2026<\/td><\/tr><tr><td>DELF-DALF tout public<\/td><td>15. 6. \u2013 19. 6. 2026<\/td><td>20. 4. \u2013 29. 5. 2026<\/td><\/tr><tr><td>DELF-DALF tout public<\/td><td>21. 9. \u2013 25. 9. 2026<\/td><td>6. 7. \u2013 31. 8. 2026<\/td><\/tr><tr><td>DELF scolaire<\/td><td>10. 11. \u2013 13. 11. 2026<\/td><td>14. 9. \u2013 23. 10. 2026<\/td><\/tr><\/tbody><\/table><\/figure>\n\n\n\n<p><\/p>\n\n\n\n<h2 class=\"wp-block-heading\"><mark style=\"background-color:rgba(0, 0, 0, 0)\" class=\"has-inline-color has-color-text-color\">P\u0159\u00edpravn\u00e9 kurzy DELF a DALF<\/mark><\/h2>\n\n\n\n<p>Pokud si p\u0159ejete potvrdit va\u0161\u00ed \u00farove\u0148 jazyka ofici\u00e1ln\u00edm ve\u0159ejn\u00fdm francouzsk\u00fdm diplomem nebo pokud pot\u0159ebujete pomoci s p\u0159\u00edpravou na va\u0161e p\u0159ij\u00edmac\u00ed nebo st\u00e1tn\u00ed zkou\u0161ky, pak jsou tyto kurzy p\u0159\u00edmo pro v\u00e1s! <\/p>\n\n\n\n<div class=\"wp-block-buttons is-layout-flex wp-block-buttons-is-layout-flex\">\n<div class=\"wp-block-button\"><a class=\"wp-block-button__link wp-element-button\" href=\"https:\/\/www.alliancefrancaise.cz\/pardubice\/skupinove-kurzy-2\/kurzy-pripravy-na-delf-a-dalf\/\"><strong>Kurzy p\u0159\u00edpravy na DELF a DALF<\/strong><\/a><\/div>\n<\/div>\n\n\n\n<p><\/p>\n\n\n\n<h2 class=\"wp-block-heading\"><mark style=\"background-color:rgba(0, 0, 0, 0)\" class=\"has-inline-color has-color-text-color\">Dal\u0161\u00ed informace<\/mark><\/h2>\n\n\n\n<p>Bli\u017e\u0161\u00ed informace o zkou\u0161k\u00e1ch DELF a DALF z\u00edsk\u00e1te na webov\u00fdch str\u00e1nk\u00e1ch poskytovatele zkou\u0161ek <a href=\"https:\/\/www.france-education-international.fr\" target=\"_blank\" rel=\"noreferrer noopener\">France \u00c9ducation international<\/a> (p\u0159\u00edsp\u011bvkov\u00e1 organizace francouzsk\u00e9ho ministerstva \u0161kolstv\u00ed):<\/p>\n\n\n\n<ul class=\"wp-block-list\">\n<li><a href=\"https:\/\/www.france-education-international.fr\/diplome\/delf-tout-public\" target=\"_blank\" rel=\"noreferrer noopener\">DELF tout public<\/a><\/li>\n\n\n\n<li><a href=\"https:\/\/www.france-education-international.fr\/diplome\/delf-junior-scolaire\" target=\"_blank\" rel=\"noreferrer noopener\">DELF junior<\/a><\/li>\n\n\n\n<li><a href=\"https:\/\/www.france-education-international.fr\/diplome\/delf-junior-scolaire\" target=\"_blank\" rel=\"noreferrer noopener\">DELF scolaire<\/a><\/li>\n\n\n\n<li><a href=\"https:\/\/www.france-education-international.fr\/diplome\/dalf\" target=\"_blank\" rel=\"noreferrer noopener\">DALF<\/a><\/li>\n<\/ul>\n\n\n\n<hr class=\"wp-block-separator has-alpha-channel-opacity\"\/>\n","protected":false},"excerpt":{"rendered":"<p>Ke zkou\u0161k\u00e1m DELF JUNIOR a DELF\/ DALF TOUT PUBLIC se m\u016f\u017eete p\u0159ihl\u00e1sit vypln\u011bn\u00edm n\u00ed\u017ee uveden\u00e9ho formul\u00e1\u0159e. Informace o zp\u016fsobu platby obdr\u017e\u00edte po registraci. Va\u0161e registrace bude dokon\u010dena po&#8230;<\/p>\n","protected":false},"author":1,"featured_media":0,"parent":0,"menu_order":0,"comment_status":"closed","ping_status":"closed","template":"","meta":{"_acf_changed":false,"footnotes":""},"class_list":["post-6210","page","type-page","status-publish","hentry"],"acf":[],"_links":{"self":[{"href":"https:\/\/www.alliancefrancaise.cz\/pardubice\/wp-json\/wp\/v2\/pages\/6210","targetHints":{"allow":["GET"]}}],"collection":[{"href":"https:\/\/www.alliancefrancaise.cz\/pardubice\/wp-json\/wp\/v2\/pages"}],"about":[{"href":"https:\/\/www.alliancefrancaise.cz\/pardubice\/wp-json\/wp\/v2\/types\/page"}],"author":[{"embeddable":true,"href":"https:\/\/www.alliancefrancaise.cz\/pardubice\/wp-json\/wp\/v2\/users\/1"}],"replies":[{"embeddable":true,"href":"https:\/\/www.alliancefrancaise.cz\/pardubice\/wp-json\/wp\/v2\/comments?post=6210"}],"version-history":[{"count":20,"href":"https:\/\/www.alliancefrancaise.cz\/pardubice\/wp-json\/wp\/v2\/pages\/6210\/revisions"}],"predecessor-version":[{"id":21590,"href":"https:\/\/www.alliancefrancaise.cz\/pardubice\/wp-json\/wp\/v2\/pages\/6210\/revisions\/21590"}],"wp:attachment":[{"href":"https:\/\/www.alliancefrancaise.cz\/pardubice\/wp-json\/wp\/v2\/media?parent=6210"}],"curies":[{"name":"wp","href":"https:\/\/api.w.org\/{rel}","templated":true}]}}

Termíny, registrace a ceník

<p>Ke zkouškám DELF JUNIOR a DELF/ DALF TOUT PUBLIC se můžete přihlásit vyplněním níže uvedeného formuláře. Informace o způsobu platby obdržíte po registraci. Vaše registrace bude dokončena po obdržení platby.</p>



<div class="wp-block-buttons is-layout-flex wp-block-buttons-is-layout-flex">
<div class="wp-block-button"><a class="wp-block-button__link wp-element-button" href="https://inscrire.hanaf.net/delfdalf/pardubice.php" target="_blank" rel="noopener">Registrační formulář DELF / DALF</a></div>
</div>



<div class="wp-block-group"><div class="wp-block-group__inner-container is-layout-constrained wp-block-group-is-layout-constrained">
<p></p>



<h2 class="wp-block-heading"><mark style="background-color:rgba(0, 0, 0, 0)" class="has-inline-color has-color-text-color">Ceník zkoušek</mark></h2>



<p>Aktualizovaný ceník zkoušek konaných v roce 2026.</p>
</div></div>



<figure class="wp-block-table is-style-stripes"><table><tbody><tr><td><strong><mark style="background-color:rgba(0, 0, 0, 0)" class="has-inline-color has-red-color">Zkouška</mark></strong></td><td class="has-text-align-center" data-align="center"><strong><mark style="background-color:rgba(0, 0, 0, 0)" class="has-inline-color has-red-color">A1</mark></strong></td><td class="has-text-align-center" data-align="center"><strong><mark style="background-color:rgba(0, 0, 0, 0)" class="has-inline-color has-red-color">A2</mark></strong></td><td class="has-text-align-center" data-align="center"><strong><mark style="background-color:rgba(0, 0, 0, 0)" class="has-inline-color has-red-color">B1</mark></strong></td><td class="has-text-align-center" data-align="center"><strong><mark style="background-color:rgba(0, 0, 0, 0)" class="has-inline-color has-red-color">B2</mark></strong></td><td class="has-text-align-center" data-align="center"><strong><mark style="background-color:rgba(0, 0, 0, 0)" class="has-inline-color has-red-color">C1</mark></strong></td><td class="has-text-align-center" data-align="center"><strong><mark style="background-color:rgba(0, 0, 0, 0)" class="has-inline-color has-red-color">C2</mark></strong></td></tr><tr><td><strong>DELF tout public</strong> (*)</td><td class="has-text-align-center" data-align="center">1600 Kč</td><td class="has-text-align-center" data-align="center">1700 Kč</td><td class="has-text-align-center" data-align="center">2900 Kč</td><td class="has-text-align-center" data-align="center">3100 Kč</td><td class="has-text-align-center" data-align="center">&#8211;</td><td class="has-text-align-center" data-align="center">&#8211;</td></tr><tr><td><strong>DELF junior/scolaire</strong></td><td class="has-text-align-center" data-align="center">1300 Kč</td><td class="has-text-align-center" data-align="center">1400 Kč</td><td class="has-text-align-center" data-align="center">2000 Kč</td><td class="has-text-align-center" data-align="center">2200 Kč</td><td class="has-text-align-center" data-align="center">&#8211;</td><td class="has-text-align-center" data-align="center">&#8211;</td></tr><tr><td><strong>DALF</strong> (*)</td><td class="has-text-align-center" data-align="center">&#8211;</td><td class="has-text-align-center" data-align="center">&#8211;</td><td class="has-text-align-center" data-align="center">&#8211;</td><td class="has-text-align-center" data-align="center">&#8211;</td><td class="has-text-align-center" data-align="center">4000 Kč</td><td class="has-text-align-center" data-align="center">4200 Kč</td></tr></tbody></table></figure>



<p></p>



<h2 class="wp-block-heading has-color-text-color has-text-color has-link-color wp-elements-1a5f5aa51f1f7c6679d48492e67aa7e1">Kalendář 2026</h2>



<figure class="wp-block-table is-style-stripes"><table><thead><tr><th><strong>Zkoušky</strong></th><th><strong>Termín</strong></th><th><strong>Období zápisu</strong></th></tr></thead><tbody><tr><td>DELF-DALF tout public</td><td>2. 2. – 6. 2. 2026</td><td>16. 12. 2025 – 17. 1. 2026</td></tr><tr><td>DELF junior</td><td>16. 3. – 18. 3. 2026</td><td>2. 2. – 28. 2. 2026</td></tr><tr><td>DELF Prim</td><td>27. 5. – 28. 5. 2026</td><td>7. 4. – 15. 5. 2026</td></tr><tr><td>DELF junior</td><td>2. 6. – 5. 6. 2026</td><td>20. 4. – 15. 5. 2026</td></tr><tr><td>DELF-DALF tout public</td><td>15. 6. – 19. 6. 2026</td><td>20. 4. – 29. 5. 2026</td></tr><tr><td>DELF-DALF tout public</td><td>21. 9. – 25. 9. 2026</td><td>6. 7. – 31. 8. 2026</td></tr><tr><td>DELF scolaire</td><td>10. 11. – 13. 11. 2026</td><td>14. 9. – 23. 10. 2026</td></tr></tbody></table></figure>



<p></p>



<h2 class="wp-block-heading"><mark style="background-color:rgba(0, 0, 0, 0)" class="has-inline-color has-color-text-color">Přípravné kurzy DELF a DALF</mark></h2>



<p>Pokud si přejete potvrdit vaší úroveň jazyka oficiálním veřejným francouzským diplomem nebo pokud potřebujete pomoci s přípravou na vaše přijímací nebo státní zkoušky, pak jsou tyto kurzy přímo pro vás! </p>



<div class="wp-block-buttons is-layout-flex wp-block-buttons-is-layout-flex">
<div class="wp-block-button"><a class="wp-block-button__link wp-element-button" href="https://www.alliancefrancaise.cz/pardubice/skupinove-kurzy-2/kurzy-pripravy-na-delf-a-dalf/"><strong>Kurzy přípravy na DELF a DALF</strong></a></div>
</div>



<p></p>



<h2 class="wp-block-heading"><mark style="background-color:rgba(0, 0, 0, 0)" class="has-inline-color has-color-text-color">Další informace</mark></h2>



<p>Bližší informace o zkouškách DELF a DALF získáte na webových stránkách poskytovatele zkoušek <a href="https://www.france-education-international.fr" target="_blank" rel="noreferrer noopener">France Éducation international</a> (příspěvková organizace francouzského ministerstva školství):</p>



<ul class="wp-block-list">
<li><a href="https://www.france-education-international.fr/diplome/delf-tout-public" target="_blank" rel="noreferrer noopener">DELF tout public</a></li>



<li><a href="https://www.france-education-international.fr/diplome/delf-junior-scolaire" target="_blank" rel="noreferrer noopener">DELF junior</a></li>



<li><a href="https://www.france-education-international.fr/diplome/delf-junior-scolaire" target="_blank" rel="noreferrer noopener">DELF scolaire</a></li>



<li><a href="https://www.france-education-international.fr/diplome/dalf" target="_blank" rel="noreferrer noopener">DALF</a></li>
</ul>



<hr class="wp-block-separator has-alpha-channel-opacity"/>

<p>Ke zkouškám DELF JUNIOR a DELF/ DALF TOUT PUBLIC se můžete přihlásit vyplněním níže uvedeného formuláře. Informace o způsobu platby obdržíte po registraci. Vaše registrace bude dokončena po&#8230;</p>
