{"id":6281,"date":"2023-06-26T10:30:53","date_gmt":"2023-06-26T08:30:53","guid":{"rendered":"https:\/\/www.alliancefrancaise.cz\/pardubice\/?page_id=6281"},"modified":"2024-04-03T11:04:08","modified_gmt":"2024-04-03T09:04:08","slug":"kdo-jsme","status":"publish","type":"page","link":"https:\/\/www.alliancefrancaise.cz\/pardubice\/kdo-jsme\/","title":{"rendered":"Kdo jsme"},"content":{"rendered":"\n<p>Alliance Fran\u00e7aise de Pardubice je jedn\u00edm z 800 sdru\u017een\u00ed mezin\u00e1rodn\u00ed s\u00edt\u011b nadace Alliance Fran\u00e7aise, kter\u00e1 podporuje vizi francouzsk\u00e9 kultury jako kultury pat\u0159\u00edc\u00ed lidstvu t\u00edm, \u017ee vytv\u00e1\u0159\u00ed prostor pro diskuzi a v\u00fdm\u011bnu informac\u00ed o t\u00e9to kultu\u0159e. Byla zalo\u017eena v roce 1999 a je neziskov\u00fdm sdru\u017een\u00edm, kter\u00e9 organizuje sv\u00e9 mise autonomn\u011b, bez politick\u00fdch \u010di n\u00e1bo\u017eensk\u00fdch z\u00e1vazk\u016f a bez diskriminace.<\/p>\n\n\n\n<p>Alliance Fran\u00e7aise de Pardubice je \u0159\u00edzena dobrovolnou spr\u00e1vn\u00ed radou.<\/p>\n\n\n\n<p>Na\u0161e \u010dinnost se zam\u011b\u0159uje na dv\u011b hlavn\u00ed posl\u00e1n\u00ed: v\u00fduku francouzsk\u00e9ho jazyka a po\u0159\u00e1d\u00e1n\u00ed kulturn\u00edch akc\u00ed. Tyto \u010dinnosti jsou zalo\u017eeny na na\u0161ich z\u00e1kladn\u00edch hodnot\u00e1ch:<\/p>\n\n\n\n<ul class=\"wp-block-list\">\n<li>Podpora francouzsk\u00e9 kultury a francouzsk\u00e9ho jazyka;<\/li>\n\n\n\n<li>Kulturn\u00ed dialog mezi m\u00edstn\u00ed a francouzsky mluv\u00edc\u00ed kulturou;<\/li>\n\n\n\n<li>Inkluzivita publika.<\/li>\n<\/ul>\n","protected":false},"excerpt":{"rendered":"<p>Alliance Fran\u00e7aise de Pardubice je jedn\u00edm z 800 sdru\u017een\u00ed mezin\u00e1rodn\u00ed s\u00edt\u011b nadace Alliance Fran\u00e7aise, kter\u00e1 podporuje vizi francouzsk\u00e9 kultury jako kultury pat\u0159\u00edc\u00ed lidstvu t\u00edm, \u017ee vytv\u00e1\u0159\u00ed prostor pro&#8230;<\/p>\n","protected":false},"author":1,"featured_media":0,"parent":0,"menu_order":0,"comment_status":"closed","ping_status":"closed","template":"","meta":{"_acf_changed":false,"footnotes":""},"class_list":["post-6281","page","type-page","status-publish","hentry"],"acf":[],"_links":{"self":[{"href":"https:\/\/www.alliancefrancaise.cz\/pardubice\/wp-json\/wp\/v2\/pages\/6281","targetHints":{"allow":["GET"]}}],"collection":[{"href":"https:\/\/www.alliancefrancaise.cz\/pardubice\/wp-json\/wp\/v2\/pages"}],"about":[{"href":"https:\/\/www.alliancefrancaise.cz\/pardubice\/wp-json\/wp\/v2\/types\/page"}],"author":[{"embeddable":true,"href":"https:\/\/www.alliancefrancaise.cz\/pardubice\/wp-json\/wp\/v2\/users\/1"}],"replies":[{"embeddable":true,"href":"https:\/\/www.alliancefrancaise.cz\/pardubice\/wp-json\/wp\/v2\/comments?post=6281"}],"version-history":[{"count":4,"href":"https:\/\/www.alliancefrancaise.cz\/pardubice\/wp-json\/wp\/v2\/pages\/6281\/revisions"}],"predecessor-version":[{"id":19509,"href":"https:\/\/www.alliancefrancaise.cz\/pardubice\/wp-json\/wp\/v2\/pages\/6281\/revisions\/19509"}],"wp:attachment":[{"href":"https:\/\/www.alliancefrancaise.cz\/pardubice\/wp-json\/wp\/v2\/media?parent=6281"}],"curies":[{"name":"wp","href":"https:\/\/api.w.org\/{rel}","templated":true}]}}

<p>Alliance Française de Pardubice je jedním z 800 sdružení mezinárodní sítě nadace Alliance Française, která podporuje vizi francouzské kultury jako kultury patřící lidstvu tím, že vytváří prostor pro diskuzi a výměnu informací o této kultuře. Byla založena v roce 1999 a je neziskovým sdružením, které organizuje své mise autonomně, bez politických či náboženských závazků a bez diskriminace.</p>



<p>Alliance Française de Pardubice je řízena dobrovolnou správní radou.</p>



<p>Naše činnost se zaměřuje na dvě hlavní poslání: výuku francouzského jazyka a pořádání kulturních akcí. Tyto činnosti jsou založeny na našich základních hodnotách:</p>



<ul class="wp-block-list">
<li>Podpora francouzské kultury a francouzského jazyka;</li>



<li>Kulturní dialog mezi místní a francouzsky mluvící kulturou;</li>



<li>Inkluzivita publika.</li>
</ul>

<p>Alliance Française de Pardubice je jedním z 800 sdružení mezinárodní sítě nadace Alliance Française, která podporuje vizi francouzské kultury jako kultury patřící lidstvu tím, že vytváří prostor pro&#8230;</p>
