{"id":6427,"date":"2023-10-09T13:14:02","date_gmt":"2023-10-09T11:14:02","guid":{"rendered":"https:\/\/www.alliancefrancaise.cz\/pardubice\/?page_id=6427"},"modified":"2025-02-17T14:39:30","modified_gmt":"2025-02-17T13:39:30","slug":"pripravne-kurzy-na-delf-a-dalf","status":"publish","type":"page","link":"https:\/\/www.alliancefrancaise.cz\/pardubice\/pripravne-kurzy-na-delf-a-dalf\/","title":{"rendered":"Zkou\u0161ky DELF a DALF"},"content":{"rendered":"\n<p>Alliance Fran\u00e7aise de Pardubice je jedin\u00fdm zku\u0161ebn\u00edm centrem DELF a DALF ve v\u00fdchodn\u00edch \u010cech\u00e1ch. Nab\u00edz\u00ed tak\u00e9 specializovan\u00e9 p\u0159\u00edpravn\u00e9 kurzy ke zkou\u0161ce DELF.<br>DELF (\u201eDipl\u00f4me d\u2019\u00c9tudes en Langue Fran\u00e7aise\u201c) a DALF (\u201eDipl\u00f4me Approfondi de Langue Fran\u00e7aise\u201c) jsou diplomy osv\u011bd\u010duj\u00edc\u00ed znalost francouzsk\u00e9ho jazyka. Ud\u011bluje je francouzsk\u00e9 ministerstvo \u0161kolstv\u00ed a odpov\u00eddaj\u00ed krit\u00e9ri\u00edm Spole\u010dn\u00e9ho evropsk\u00e9ho referen\u010dn\u00edho r\u00e1mce pro jazyky, kter\u00fd rozd\u011bluje v\u00fduku do \u0161esti \u00farovn\u00ed: A1-A2-B1-B2-C1-C2.<\/p>\n\n\n\n<p>Hodnot\u00ed se \u010dty\u0159i jazykov\u00e9 dovednosti: \u00fastn\u00ed porozum\u011bn\u00ed, p\u00edsemn\u00e9 porozum\u011bn\u00ed, \u00fastn\u00ed projev a p\u00edsemn\u00fd projev.<br>Chcete se p\u0159ipravit na zkou\u0161ku? P\u0159ihlaste se do p\u0159\u00edpravn\u00fdch kurz\u016f DELF a DALF, kter\u00e9 nab\u00edz\u00ed Francouzsk\u00e1 aliance Pardubice.<\/p>\n\n\n\n<div class=\"wp-block-buttons is-layout-flex wp-block-buttons-is-layout-flex\">\n<div class=\"wp-block-button\"><a class=\"wp-block-button__link wp-element-button\" href=\"https:\/\/www.alliancefrancaise.cz\/pardubice\/skupinove-kurzy-2\/kurzy-pripravy-na-delf-a-dalf\/\"><strong>Kurzy p\u0159\u00edpravy na DELF a DALF<\/strong><\/a><\/div>\n<\/div>\n\n\n\n<div style=\"height:29px\" aria-hidden=\"true\" class=\"wp-block-spacer\"><\/div>\n\n\n\n<p class=\"has-medium-font-size\"><strong>DELF Tout Public (DELF pro \u0161irokou ve\u0159ejnost)<\/strong><\/p>\n\n\n\n<figure class=\"wp-block-image size-large is-resized\"><img loading=\"lazy\" decoding=\"async\" width=\"1360\" height=\"262\" src=\"https:\/\/afpardubice.propagondesign.cz\/wp-content\/uploads\/2024\/02\/FEI_DELF_RVB-1360x262.png\" alt=\"\" class=\"wp-image-7171\" style=\"width:188px;height:auto\" srcset=\"https:\/\/www.alliancefrancaise.cz\/pardubice\/wp-content\/uploads\/2024\/02\/FEI_DELF_RVB-1360x262.png 1360w, https:\/\/www.alliancefrancaise.cz\/pardubice\/wp-content\/uploads\/2024\/02\/FEI_DELF_RVB-460x89.png 460w, https:\/\/www.alliancefrancaise.cz\/pardubice\/wp-content\/uploads\/2024\/02\/FEI_DELF_RVB-768x148.png 768w\" sizes=\"auto, (max-width: 1360px) 100vw, 1360px\" \/><\/figure>\n\n\n\n<p>Zkou\u0161ka je ur\u010dena pro \u0161irokou ve\u0159ejnost.<br>Zkou\u0161ka zahrnuje \u00farovn\u011b A1 a\u017e B2.<\/p>\n\n\n\n<p><\/p>\n\n\n\n<p class=\"has-medium-font-size\"><strong>DELF Scolaire (\u0160koln\u00ed DELF)<\/strong><\/p>\n\n\n\n<figure class=\"wp-block-image size-large is-resized\"><img loading=\"lazy\" decoding=\"async\" width=\"1360\" height=\"310\" src=\"https:\/\/afpardubice.propagondesign.cz\/wp-content\/uploads\/2024\/02\/FEI_DELF_Scolaire_RVB-1360x310.png\" alt=\"\" class=\"wp-image-7174\" style=\"width:195px;height:auto\" srcset=\"https:\/\/www.alliancefrancaise.cz\/pardubice\/wp-content\/uploads\/2024\/02\/FEI_DELF_Scolaire_RVB-1360x310.png 1360w, https:\/\/www.alliancefrancaise.cz\/pardubice\/wp-content\/uploads\/2024\/02\/FEI_DELF_Scolaire_RVB-460x105.png 460w, https:\/\/www.alliancefrancaise.cz\/pardubice\/wp-content\/uploads\/2024\/02\/FEI_DELF_Scolaire_RVB-768x175.png 768w, https:\/\/www.alliancefrancaise.cz\/pardubice\/wp-content\/uploads\/2024\/02\/FEI_DELF_Scolaire_RVB.png 1734w\" sizes=\"auto, (max-width: 1360px) 100vw, 1360px\" \/><\/figure>\n\n\n\n<p>Zkou\u0161ku DELF scolaire konaj\u00ed \u017e\u00e1ci 2. stupn\u011b Z\u0160 a \u017e\u00e1ci st\u0159edn\u00edch \u0161kol. Zad\u00e1n\u00ed zkou\u0161ek je p\u0159izp\u016fsobeno pro tento \u0161koln\u00ed<br>v\u011bk.<br>Zkou\u0161ka zahrnuje \u00farovn\u011b A1 a\u017e B2.<\/p>\n\n\n\n<p><\/p>\n\n\n\n<p class=\"has-medium-font-size\"><strong>DELF Junior<\/strong><\/p>\n\n\n\n<figure class=\"wp-block-image size-large is-resized\"><img loading=\"lazy\" decoding=\"async\" width=\"1360\" height=\"317\" src=\"https:\/\/afpardubice.propagondesign.cz\/wp-content\/uploads\/2024\/02\/FEI_DELF_junior_RVB-1360x317.png\" alt=\"\" class=\"wp-image-7176\" style=\"width:193px;height:auto\" srcset=\"https:\/\/www.alliancefrancaise.cz\/pardubice\/wp-content\/uploads\/2024\/02\/FEI_DELF_junior_RVB-1360x317.png 1360w, https:\/\/www.alliancefrancaise.cz\/pardubice\/wp-content\/uploads\/2024\/02\/FEI_DELF_junior_RVB-460x107.png 460w, https:\/\/www.alliancefrancaise.cz\/pardubice\/wp-content\/uploads\/2024\/02\/FEI_DELF_junior_RVB-768x179.png 768w, https:\/\/www.alliancefrancaise.cz\/pardubice\/wp-content\/uploads\/2024\/02\/FEI_DELF_junior_RVB.png 1696w\" sizes=\"auto, (max-width: 1360px) 100vw, 1360px\" \/><\/figure>\n\n\n\n<p>Zkou\u0161ky DELF junior jsou podobn\u011b jako zkou\u0161ky DELF scolaire ur\u010deny specificky pro \u017e\u00e1ky 2. stupn\u011b Z\u0160 a \u017e\u00e1ky st\u0159edn\u00edch<br>\u0161kol.<br>Zkou\u0161ka zahrnuje \u00farovn\u011b A1 a\u017e B2.<\/p>\n\n\n\n<p><\/p>\n\n\n\n<p class=\"has-medium-font-size\"><strong>DELF Prim<\/strong><\/p>\n\n\n\n<figure class=\"wp-block-image size-large is-resized\"><img loading=\"lazy\" decoding=\"async\" width=\"1360\" height=\"316\" src=\"https:\/\/afpardubice.propagondesign.cz\/wp-content\/uploads\/2024\/02\/FEI_DELF_Prim_RVB-1360x316.png\" alt=\"\" class=\"wp-image-7178\" style=\"width:190px;height:auto\" srcset=\"https:\/\/www.alliancefrancaise.cz\/pardubice\/wp-content\/uploads\/2024\/02\/FEI_DELF_Prim_RVB-1360x316.png 1360w, https:\/\/www.alliancefrancaise.cz\/pardubice\/wp-content\/uploads\/2024\/02\/FEI_DELF_Prim_RVB-460x107.png 460w, https:\/\/www.alliancefrancaise.cz\/pardubice\/wp-content\/uploads\/2024\/02\/FEI_DELF_Prim_RVB-768x178.png 768w, https:\/\/www.alliancefrancaise.cz\/pardubice\/wp-content\/uploads\/2024\/02\/FEI_DELF_Prim_RVB.png 1700w\" sizes=\"auto, (max-width: 1360px) 100vw, 1360px\" \/><\/figure>\n\n\n\n<p>Zkou\u0161ky DELF Prim jsou ur\u010deny pro \u017e\u00e1ky na 1. stupni Z\u0160.<br>Zkou\u0161ka zahrnuje \u00farovn\u011b A1.1, A1 a A2.<\/p>\n\n\n\n<p><\/p>\n\n\n\n<p class=\"has-medium-font-size\"><strong>DALF<\/strong><\/p>\n\n\n\n<figure class=\"wp-block-image size-large is-resized\"><img loading=\"lazy\" decoding=\"async\" width=\"1360\" height=\"264\" src=\"https:\/\/www.alliancefrancaise.cz\/pardubice\/wp-content\/uploads\/2024\/04\/DALF-1360x264.png\" alt=\"\" class=\"wp-image-19700\" style=\"width:200px;height:auto\" srcset=\"https:\/\/www.alliancefrancaise.cz\/pardubice\/wp-content\/uploads\/2024\/04\/DALF-1360x264.png 1360w, https:\/\/www.alliancefrancaise.cz\/pardubice\/wp-content\/uploads\/2024\/04\/DALF-460x89.png 460w, https:\/\/www.alliancefrancaise.cz\/pardubice\/wp-content\/uploads\/2024\/04\/DALF-768x149.png 768w\" sizes=\"auto, (max-width: 1360px) 100vw, 1360px\" \/><\/figure>\n\n\n\n<p>Zkou\u0161ka je ur\u010dena pro \u0161irokou ve\u0159ejnost.<br>Zkou\u0161ka zahrnuje \u00farovn\u011b C1 a C2.<\/p>\n\n\n\n<p>Ke zkou\u0161k\u00e1m DELF JUNIOR a DELF\/ DALF TOUT PUBLIC se m\u016f\u017eete p\u0159ihl\u00e1sit vypln\u011bn\u00edm n\u00ed\u017ee uveden\u00e9ho formul\u00e1\u0159e. Informace o zp\u016fsobu platby obdr\u017e\u00edte po registraci. Va\u0161e registrace bude dokon\u010dena po obdr\u017een\u00ed platby.<\/p>\n\n\n\n<div class=\"wp-block-buttons is-layout-flex wp-block-buttons-is-layout-flex\">\n<div class=\"wp-block-button\"><a class=\"wp-block-button__link wp-element-button\" href=\"https:\/\/inscrire.hanaf.net\/delfdalf\/pardubice.php\" target=\"_blank\" rel=\"noopener\">Formul\u00e1\u0159<\/a><\/div>\n<\/div>\n\n\n\n<div style=\"height:24px\" aria-hidden=\"true\" class=\"wp-block-spacer\"><\/div>\n","protected":false},"excerpt":{"rendered":"<p>Alliance Fran\u00e7aise de Pardubice je jedin\u00fdm zku\u0161ebn\u00edm centrem DELF a DALF ve v\u00fdchodn\u00edch \u010cech\u00e1ch. Nab\u00edz\u00ed tak\u00e9 specializovan\u00e9 p\u0159\u00edpravn\u00e9 kurzy ke zkou\u0161ce DELF.DELF (\u201eDipl\u00f4me d\u2019\u00c9tudes en Langue Fran\u00e7aise\u201c) a&#8230;<\/p>\n","protected":false},"author":4,"featured_media":0,"parent":0,"menu_order":0,"comment_status":"closed","ping_status":"closed","template":"","meta":{"_acf_changed":false,"footnotes":""},"class_list":["post-6427","page","type-page","status-publish","hentry"],"acf":[],"_links":{"self":[{"href":"https:\/\/www.alliancefrancaise.cz\/pardubice\/wp-json\/wp\/v2\/pages\/6427","targetHints":{"allow":["GET"]}}],"collection":[{"href":"https:\/\/www.alliancefrancaise.cz\/pardubice\/wp-json\/wp\/v2\/pages"}],"about":[{"href":"https:\/\/www.alliancefrancaise.cz\/pardubice\/wp-json\/wp\/v2\/types\/page"}],"author":[{"embeddable":true,"href":"https:\/\/www.alliancefrancaise.cz\/pardubice\/wp-json\/wp\/v2\/users\/4"}],"replies":[{"embeddable":true,"href":"https:\/\/www.alliancefrancaise.cz\/pardubice\/wp-json\/wp\/v2\/comments?post=6427"}],"version-history":[{"count":17,"href":"https:\/\/www.alliancefrancaise.cz\/pardubice\/wp-json\/wp\/v2\/pages\/6427\/revisions"}],"predecessor-version":[{"id":20857,"href":"https:\/\/www.alliancefrancaise.cz\/pardubice\/wp-json\/wp\/v2\/pages\/6427\/revisions\/20857"}],"wp:attachment":[{"href":"https:\/\/www.alliancefrancaise.cz\/pardubice\/wp-json\/wp\/v2\/media?parent=6427"}],"curies":[{"name":"wp","href":"https:\/\/api.w.org\/{rel}","templated":true}]}}