{"id":6877,"date":"2024-02-06T11:52:58","date_gmt":"2024-02-06T10:52:58","guid":{"rendered":"https:\/\/www.alliancefrancaise.cz\/pardubice\/?page_id=6877"},"modified":"2025-05-13T14:45:39","modified_gmt":"2025-05-13T12:45:39","slug":"individualny","status":"publish","type":"page","link":"https:\/\/www.alliancefrancaise.cz\/pardubice\/kurzy-a-zluzby\/individualny\/","title":{"rendered":"Individu\u00e1ln\u00ed lekce"},"content":{"rendered":"\n<div class=\"wp-block-cover alignfull is-light wp-duotone-unset-1\" style=\"margin-top:0;padding-top:4vw;padding-right:4vw;padding-bottom:4vw;padding-left:4vw;min-height:50vh;aspect-ratio:unset;\"><span aria-hidden=\"true\" class=\"wp-block-cover__background has-white-background-color has-background-dim-0 has-background-dim\"><\/span><img loading=\"lazy\" decoding=\"async\" width=\"1707\" height=\"2560\" class=\"wp-block-cover__image-background wp-image-19570\" alt=\"\" src=\"https:\/\/www.alliancefrancaise.cz\/pardubice\/wp-content\/uploads\/2024\/04\/pexels-mizuno-k-12903038-scaled.jpg\" style=\"object-position:48% 28%\" data-object-fit=\"cover\" data-object-position=\"48% 28%\" srcset=\"https:\/\/www.alliancefrancaise.cz\/pardubice\/wp-content\/uploads\/2024\/04\/pexels-mizuno-k-12903038-scaled.jpg 1707w, https:\/\/www.alliancefrancaise.cz\/pardubice\/wp-content\/uploads\/2024\/04\/pexels-mizuno-k-12903038-307x460.jpg 307w, https:\/\/www.alliancefrancaise.cz\/pardubice\/wp-content\/uploads\/2024\/04\/pexels-mizuno-k-12903038-907x1360.jpg 907w, https:\/\/www.alliancefrancaise.cz\/pardubice\/wp-content\/uploads\/2024\/04\/pexels-mizuno-k-12903038-768x1152.jpg 768w\" sizes=\"auto, (max-width: 1707px) 100vw, 1707px\" \/><div class=\"wp-block-cover__inner-container is-layout-flow wp-block-cover-is-layout-flow\">\n<p class=\"has-text-align-center has-large-font-size\"><\/p>\n<\/div><\/div>\n\n\n\n<h4 class=\"wp-block-heading\">Ne\u017e za\u010dneme&#8230;<\/h4>\n\n\n\n<div class=\"wp-block-columns is-layout-flex wp-container-core-columns-is-layout-9d6595d7 wp-block-columns-is-layout-flex\">\n<div class=\"wp-block-column is-layout-flow wp-block-column-is-layout-flow\">\n<p>Nab\u00edz\u00edme individu\u00e1ln\u00ed nebo polosoukrom\u00e9 kurzy (pro 2\u20133 studenty stejn\u00e9 jazykov\u00e9 \u00farovn\u011b) pro d\u011bti, ml\u00e1de\u017e i dosp\u011bl\u00e9 \u2013 od \u00fapln\u00fdch za\u010d\u00e1te\u010dn\u00edk\u016f po pokro\u010dil\u00e9.<\/p>\n<\/div>\n\n\n\n<div class=\"wp-block-column is-layout-flow wp-block-column-is-layout-flow\">\n<p>V\u00fduka m\u016f\u017ee prob\u00edhat bu\u010f v prostor\u00e1ch Alliance Fran\u00e7aise v Pardubic\u00edch, nebo online, v z\u00e1vislosti na dostupnosti vyu\u010duj\u00edc\u00edch a u\u010deben. V p\u0159\u00edpad\u011b firemn\u00ed v\u00fduky mimo na\u0161i instituci se cena bude vyv\u00edjet dle dohody.<\/p>\n<\/div>\n\n\n\n<div class=\"wp-block-column is-layout-flow wp-block-column-is-layout-flow\">\n<p>V\u0161ichni na\u0161i lekto\u0159i maj\u00ed zku\u0161enosti s v\u00fdukou francouz\u0161tiny jako ciz\u00edho jazyka (FLE \u2013 fran\u00e7ais langue \u00e9trang\u00e8re).<\/p>\n<\/div>\n<\/div>\n\n\n\n<div class=\"wp-block-columns is-layout-flex wp-container-core-columns-is-layout-9d6595d7 wp-block-columns-is-layout-flex\">\n<div class=\"wp-block-column is-layout-flow wp-block-column-is-layout-flow\">\n<p>Minim\u00e1ln\u00ed d\u00e9lka jedn\u00e9 lekce je 60 minut. Upozor\u0148ujeme, \u017ee b\u011bhem \u0161koln\u00edho roku m\u016f\u017ee b\u00fdt obt\u00ed\u017en\u00e9 zajistit v\u00fduku v \u010dasech mezi 16:00 a 20:00, proto\u017ee na\u0161i lekto\u0159i v t\u00e9to dob\u011b \u010dasto vyu\u010duj\u00ed skupinov\u00e9 kurzy.<\/p>\n<\/div>\n\n\n\n<div class=\"wp-block-column is-layout-flow wp-block-column-is-layout-flow\">\n<p>Zru\u0161en\u00ed nebo p\u0159esunut\u00ed lekc\u00ed na posledn\u00ed chv\u00edli se \u0159\u00edd\u00ed na\u0161imi storno podm\u00ednkami. Podrobnosti najdete ve V\u0161eobecn\u00fdch obchodn\u00edch podm\u00ednk\u00e1ch.<\/p>\n<\/div>\n\n\n\n<div class=\"wp-block-column is-layout-flow wp-block-column-is-layout-flow\">\n<p>Pro zakoupen\u00ed bal\u00ed\u010dku individu\u00e1ln\u00edch lekc\u00ed je nutn\u00e9 b\u00fdt \u010dlenem na\u0161eho spolku. \u010clenstv\u00ed si m\u016f\u017eete snadno sjednat [zde].<\/p>\n<\/div>\n<\/div>\n\n\n\n<p class=\"has-text-align-left\"><\/p>\n\n\n\n<div class=\"wp-block-columns is-layout-flex wp-container-core-columns-is-layout-9d6595d7 wp-block-columns-is-layout-flex\">\n<div class=\"wp-block-column is-layout-flow wp-block-column-is-layout-flow\">\n<h3 class=\"wp-block-heading\">Individu\u00e1ln\u00edch lekc\u00ed<\/h3>\n\n\n\n<figure class=\"wp-block-table is-style-stripes\"><table><thead><tr><th><strong>Po\u010det hodin<\/strong><\/th><th><strong>Cena<\/strong><\/th><\/tr><\/thead><tbody><tr><td>1h<\/td><td>600 K\u010d<\/td><\/tr><tr><td>10h<\/td><td>6 000 K\u010d<\/td><\/tr><tr><td>15h<\/td><td>8 700 K\u010d<\/td><\/tr><tr><td>20h<\/td><td>11 200 K\u010d<\/td><\/tr><\/tbody><\/table><\/figure>\n<\/div>\n\n\n\n<div class=\"wp-block-column is-layout-flow wp-block-column-is-layout-flow\">\n<h3 class=\"wp-block-heading\">Individu\u00e1ln\u00edch lekc\u00ed pro 2-3 osob<\/h3>\n\n\n\n<figure class=\"wp-block-table is-style-stripes\"><table class=\"has-fixed-layout\"><thead><tr><th><strong>Po\u010det hodin<\/strong><\/th><th><strong>Cena<\/strong><\/th><\/tr><\/thead><tbody><tr><td>1h<\/td><td>420 K\u010d<\/td><\/tr><tr><td>10h<\/td><td>4 200 K\u010d<\/td><\/tr><tr><td>15h<\/td><td>6 000 K\u010d<\/td><\/tr><tr><td>20h<\/td><td>7 600 K\u010d<\/td><\/tr><\/tbody><\/table><\/figure>\n<\/div>\n<\/div>\n\n\n\n<iframe loading=\"lazy\" src=\"https:\/\/docs.google.com\/forms\/d\/e\/1FAIpQLSecd_I-ck9rq7w9S31qxEnI2PNDh7xfUheJy8aRLqnI0qmB4w\/viewform?embedded=true\" width=\"640\" height=\"4265\" frameborder=\"0\" marginheight=\"0\" marginwidth=\"0\">Chargement\u2026<\/iframe>\n","protected":false},"excerpt":{"rendered":"<p>Ne\u017e za\u010dneme&#8230; Nab\u00edz\u00edme individu\u00e1ln\u00ed nebo polosoukrom\u00e9 kurzy (pro 2\u20133 studenty stejn\u00e9 jazykov\u00e9 \u00farovn\u011b) pro d\u011bti, ml\u00e1de\u017e i dosp\u011bl\u00e9 \u2013 od \u00fapln\u00fdch za\u010d\u00e1te\u010dn\u00edk\u016f po pokro\u010dil\u00e9. V\u00fduka m\u016f\u017ee prob\u00edhat bu\u010f&#8230;<\/p>\n","protected":false},"author":4,"featured_media":0,"parent":6913,"menu_order":1,"comment_status":"closed","ping_status":"closed","template":"","meta":{"_acf_changed":false,"footnotes":""},"class_list":["post-6877","page","type-page","status-publish","hentry"],"acf":[],"_links":{"self":[{"href":"https:\/\/www.alliancefrancaise.cz\/pardubice\/wp-json\/wp\/v2\/pages\/6877","targetHints":{"allow":["GET"]}}],"collection":[{"href":"https:\/\/www.alliancefrancaise.cz\/pardubice\/wp-json\/wp\/v2\/pages"}],"about":[{"href":"https:\/\/www.alliancefrancaise.cz\/pardubice\/wp-json\/wp\/v2\/types\/page"}],"author":[{"embeddable":true,"href":"https:\/\/www.alliancefrancaise.cz\/pardubice\/wp-json\/wp\/v2\/users\/4"}],"replies":[{"embeddable":true,"href":"https:\/\/www.alliancefrancaise.cz\/pardubice\/wp-json\/wp\/v2\/comments?post=6877"}],"version-history":[{"count":19,"href":"https:\/\/www.alliancefrancaise.cz\/pardubice\/wp-json\/wp\/v2\/pages\/6877\/revisions"}],"predecessor-version":[{"id":21131,"href":"https:\/\/www.alliancefrancaise.cz\/pardubice\/wp-json\/wp\/v2\/pages\/6877\/revisions\/21131"}],"up":[{"embeddable":true,"href":"https:\/\/www.alliancefrancaise.cz\/pardubice\/wp-json\/wp\/v2\/pages\/6913"}],"wp:attachment":[{"href":"https:\/\/www.alliancefrancaise.cz\/pardubice\/wp-json\/wp\/v2\/media?parent=6877"}],"curies":[{"name":"wp","href":"https:\/\/api.w.org\/{rel}","templated":true}]}}