{"id":7242,"date":"2024-02-19T18:29:01","date_gmt":"2024-02-19T17:29:01","guid":{"rendered":"https:\/\/www.alliancefrancaise.cz\/pardubice\/?page_id=7242"},"modified":"2024-02-20T13:56:18","modified_gmt":"2024-02-20T12:56:18","slug":"skupinove-kurzy-2","status":"publish","type":"page","link":"https:\/\/www.alliancefrancaise.cz\/pardubice\/skupinove-kurzy-2\/","title":{"rendered":"Skupinov\u00e9 kurzy"},"content":{"rendered":"\n<div class=\"wp-block-media-text has-media-on-the-right is-stacked-on-mobile\"><div class=\"wp-block-media-text__content\">\n<p><\/p>\n\n\n\n<p><\/p>\n\n\n\n<p>Na\u0161e skupinov\u00e9 kurzy pro dosp\u011bl\u00e9 v\u00e1m nab\u00edzej\u00ed p\u0159\u00edle\u017eitost u\u010dit se francouzsky ve skupin\u011b pod veden\u00edm na\u0161ich zku\u0161en\u00fdch lektor\u016f. P\u0159ipojte se k n\u00e1m a objevte radost z u\u010den\u00ed se ve skupin\u011b spolu s ostatn\u00edmi nad\u0161en\u00fdmi studenty!<\/p>\n\n\n\n<p><\/p>\n\n\n\n<p>Infos sur les groupes les tarifs etc.<\/p>\n<\/div><figure class=\"wp-block-media-text__media\"><img loading=\"lazy\" decoding=\"async\" width=\"1150\" height=\"392\" src=\"https:\/\/www.alliancefrancaise.cz\/pardubice\/wp-content\/uploads\/2024\/02\/image-2.png\" alt=\"\" class=\"wp-image-7161 size-full\" srcset=\"https:\/\/www.alliancefrancaise.cz\/pardubice\/wp-content\/uploads\/2024\/02\/image-2.png 1150w, https:\/\/www.alliancefrancaise.cz\/pardubice\/wp-content\/uploads\/2024\/02\/image-2-460x157.png 460w, https:\/\/www.alliancefrancaise.cz\/pardubice\/wp-content\/uploads\/2024\/02\/image-2-768x262.png 768w\" sizes=\"auto, (max-width: 1150px) 100vw, 1150px\" \/><\/figure><\/div>\n\n\n\n<div class=\"wp-block-buttons is-layout-flex wp-block-buttons-is-layout-flex\">\n<div class=\"wp-block-button is-style-fill\"><a class=\"wp-block-button__link wp-element-button\">P\u0159ihlaste se<\/a><\/div>\n<\/div>\n","protected":false},"excerpt":{"rendered":"<p>Na\u0161e skupinov\u00e9 kurzy pro dosp\u011bl\u00e9 v\u00e1m nab\u00edzej\u00ed p\u0159\u00edle\u017eitost u\u010dit se francouzsky ve skupin\u011b pod veden\u00edm na\u0161ich zku\u0161en\u00fdch lektor\u016f. P\u0159ipojte se k n\u00e1m a objevte radost z u\u010den\u00ed se&#8230;<\/p>\n","protected":false},"author":4,"featured_media":0,"parent":0,"menu_order":0,"comment_status":"closed","ping_status":"closed","template":"","meta":{"_acf_changed":false,"footnotes":""},"class_list":["post-7242","page","type-page","status-publish","hentry"],"acf":[],"_links":{"self":[{"href":"https:\/\/www.alliancefrancaise.cz\/pardubice\/wp-json\/wp\/v2\/pages\/7242","targetHints":{"allow":["GET"]}}],"collection":[{"href":"https:\/\/www.alliancefrancaise.cz\/pardubice\/wp-json\/wp\/v2\/pages"}],"about":[{"href":"https:\/\/www.alliancefrancaise.cz\/pardubice\/wp-json\/wp\/v2\/types\/page"}],"author":[{"embeddable":true,"href":"https:\/\/www.alliancefrancaise.cz\/pardubice\/wp-json\/wp\/v2\/users\/4"}],"replies":[{"embeddable":true,"href":"https:\/\/www.alliancefrancaise.cz\/pardubice\/wp-json\/wp\/v2\/comments?post=7242"}],"version-history":[{"count":4,"href":"https:\/\/www.alliancefrancaise.cz\/pardubice\/wp-json\/wp\/v2\/pages\/7242\/revisions"}],"predecessor-version":[{"id":7350,"href":"https:\/\/www.alliancefrancaise.cz\/pardubice\/wp-json\/wp\/v2\/pages\/7242\/revisions\/7350"}],"wp:attachment":[{"href":"https:\/\/www.alliancefrancaise.cz\/pardubice\/wp-json\/wp\/v2\/media?parent=7242"}],"curies":[{"name":"wp","href":"https:\/\/api.w.org\/{rel}","templated":true}]}}