{"id":7915,"date":"2023-06-20T16:07:16","date_gmt":"2023-06-20T14:07:16","guid":{"rendered":"https:\/\/www.alliancefrancaise.cz\/plzen\/terminy-registrace-cenik-delf\/"},"modified":"2025-12-15T13:08:10","modified_gmt":"2025-12-15T12:08:10","slug":"date-inscription-prix-delf","status":"publish","type":"page","link":"https:\/\/www.alliancefrancaise.cz\/plzen\/fr\/date-inscription-prix-delf\/","title":{"rendered":"Date, inscription et prix"},"content":{"rendered":"\n<div class=\"wp-block-group alignfull has-background\" style=\"background:linear-gradient(135deg,rgb(243,243,243) 0%,rgb(243,243,243) 100%)\"><div class=\"wp-block-group__inner-container is-layout-constrained wp-block-group-is-layout-constrained\">\n<div style=\"height:30px\" aria-hidden=\"true\" class=\"wp-block-spacer\"><\/div>\n\n\n\n<h2 class=\"wp-block-heading\"><mark style=\"background-color:rgba(0, 0, 0, 0)\" class=\"has-inline-color has-red-color\">Date<\/mark> et inscription<\/h2>\n\n\n\n<figure class=\"wp-block-table is-style-stripes\"><table><tbody><tr><td><strong><mark style=\"background-color:rgba(0, 0, 0, 0)\" class=\"has-inline-color has-red-color\"><strong><mark style=\"background-color:rgba(0, 0, 0, 0)\" class=\"has-inline-color has-red-color\">Examen<\/mark><\/strong><\/mark><\/strong><\/td><td class=\"has-text-align-center\" data-align=\"center\"><strong><mark style=\"background-color:rgba(0, 0, 0, 0)\" class=\"has-inline-color has-red-color\">DELF\/DALF <br>TOUT PUBLIC<\/mark><\/strong><br><strong>202602T<\/strong><\/td><td class=\"has-text-align-center\" data-align=\"center\"><strong><mark style=\"background-color:rgba(0, 0, 0, 0)\" class=\"has-inline-color has-red-color\">DELF<br>JUNIOR<\/mark><\/strong><br><strong>202603J<\/strong><\/td><td class=\"has-text-align-center\" data-align=\"center\"><strong><mark style=\"background-color:rgba(0, 0, 0, 0)\" class=\"has-inline-color has-red-color\">DELF <br>JUNIOR<\/mark><\/strong><br><strong>202606J<\/strong><\/td><td class=\"has-text-align-center\" data-align=\"center\"><strong><mark style=\"background-color:rgba(0, 0, 0, 0)\" class=\"has-inline-color has-red-color\">DELF\/DALF <br>TOUT PUBLIC<\/mark><\/strong><br><strong>202606T<\/strong><\/td><td class=\"has-text-align-center\" data-align=\"center\"><strong><mark style=\"background-color:rgba(0, 0, 0, 0)\" class=\"has-inline-color has-red-color\">DELF <br>SCOLAIRE<\/mark><\/strong><br><strong>202611S<\/strong><\/td><\/tr><tr><td><strong><strong>Dates<\/strong><\/strong><\/td><td class=\"has-text-align-center\" data-align=\"center\">A1| 2. 2. 2026<br>A2| 2. 2. 2026<br>B1| 3. 2. 2026<br>B2| 4. 2. 2026<br>C1| 5. 2. 2026<\/td><td class=\"has-text-align-center\" data-align=\"center\">A1| 16. 3. 2026<br>A2| 16. 3. 2026<br>B1| 17. 3. 2026<br>B2| 18. 3. 2026<\/td><td class=\"has-text-align-center\" data-align=\"center\">A1| 2. 6. 2026<br>A2| 3. 6. 2026<br>B1| 4. 6. 2026<br>B2| 5. 6. 2026<\/td><td class=\"has-text-align-center\" data-align=\"center\">A1| 15. 6. 2026<br>A2| 15. 6. 2026<br>B1| 16. 6. 2026<br>B2| 17. 6. 2026<br>C1| 18. 6. 2026<\/td><td class=\"has-text-align-center\" data-align=\"center\">A1| 10. 11. 2026<br>A2| 11. 11. 2026<br>B1| 12. 11. 2026<br>B2| 13. 11. 2026<\/td><\/tr><tr><td><strong><strong>Date d&rsquo;inscription<\/strong><\/strong><\/td><td class=\"has-text-align-center\" data-align=\"center\">15. 12. 2025- 9. 1. 2026<\/td><td class=\"has-text-align-center\" data-align=\"center\">26. 1.-20. 2. 2026<\/td><td class=\"has-text-align-center\" data-align=\"center\">13. 4.-8. 5. 2026<\/td><td class=\"has-text-align-center\" data-align=\"center\">27. 4.-22. 5. 2026<\/td><td class=\"has-text-align-center\" data-align=\"center\">14. 9.-9. 10. 2026<\/td><\/tr><\/tbody><\/table><figcaption class=\"wp-element-caption\"><em>Liste actualis\u00e9e des dates d&rsquo;examens <strong>en 2026<\/strong>.<\/em><\/figcaption><\/figure>\n\n\n\n<figure class=\"wp-block-table is-style-regular\"><table><tbody><tr><td class=\"has-text-align-center\" data-align=\"center\"><strong>Lien pour inscription<\/strong> (inscription possible pendant les p\u00e9riodes d&rsquo;inscription)<\/td><td class=\"has-text-align-center\" data-align=\"center\"><a href=\"https:\/\/inscrire.hanaf.net\/delfdalf\/plzen.php\" target=\"_blank\" rel=\"noopener\"><\/a><a href=\"https:\/\/inscrire.hanaf.net\/delfdalf\/plzen.php\" target=\"_blank\" rel=\"noopener\">inscription<\/a><\/td><\/tr><\/tbody><\/table><\/figure>\n\n\n\n<ul class=\"wp-block-list\">\n<li>Les inscriptions pour les examens DELF se font en ligne sur notre site internet. Le lien vers l&rsquo;inscription sera disponible dans le tableau ci dessus (Lien pour inscription) pendant les dates d&rsquo;inscription.<\/li>\n\n\n\n<li>Les examens individuels ont lieu le m\u00eame jour, l&rsquo;apr\u00e8s-midi, apr\u00e8s les \u00e9preuves collectives.<\/li>\n\n\n\n<li><strong>Les \u00e9tudiants ayant des besoins particuliers ou des handicaps (dysgraphie, dysortographie, dyslexie\u2026) sont les bienvenus aux examens et les conditions d&rsquo;examen seront adapt\u00e9es. Veuillez nous informer \u00e0 l&rsquo;avance si vous avez un rapport du centre de conseil psychologique \u00e9ducatif pour adapter les conditions.<\/strong><\/li>\n<\/ul>\n\n\n\n<div style=\"height:30px\" aria-hidden=\"true\" class=\"wp-block-spacer\"><\/div>\n<\/div><\/div>\n\n\n\n<div class=\"wp-block-group alignfull\"><div class=\"wp-block-group__inner-container is-layout-constrained wp-block-group-is-layout-constrained\">\n<h2 class=\"wp-block-heading\"><mark style=\"background-color:rgba(0, 0, 0, 0)\" class=\"has-inline-color has-red-color\">Prix<\/mark><\/h2>\n\n\n\n<figure class=\"wp-block-table is-style-stripes\"><table><tbody><tr><td><strong><mark style=\"background-color:rgba(0, 0, 0, 0)\" class=\"has-inline-color has-red-color\">Examen<\/mark><\/strong><\/td><td class=\"has-text-align-center\" data-align=\"center\"><strong><mark style=\"background-color:rgba(0, 0, 0, 0)\" class=\"has-inline-color has-red-color\">A1<\/mark><\/strong><\/td><td class=\"has-text-align-center\" data-align=\"center\"><strong><mark style=\"background-color:rgba(0, 0, 0, 0)\" class=\"has-inline-color has-red-color\">A2<\/mark><\/strong><\/td><td class=\"has-text-align-center\" data-align=\"center\"><strong><mark style=\"background-color:rgba(0, 0, 0, 0)\" class=\"has-inline-color has-red-color\">B1<\/mark><\/strong><\/td><td class=\"has-text-align-center\" data-align=\"center\"><strong><mark style=\"background-color:rgba(0, 0, 0, 0)\" class=\"has-inline-color has-red-color\">B2<\/mark><\/strong><\/td><td class=\"has-text-align-center\" data-align=\"center\"><strong><mark style=\"background-color:rgba(0, 0, 0, 0)\" class=\"has-inline-color has-red-color\">C1<\/mark><\/strong><\/td><td class=\"has-text-align-center\" data-align=\"center\"><strong><mark style=\"background-color:rgba(0, 0, 0, 0)\" class=\"has-inline-color has-red-color\">C2<\/mark><\/strong><\/td><\/tr><tr><td><strong>DELF\/DALF Tout public<\/strong><br><em>R\u00e9duction pour apprenant de notre structure<\/em>*<\/td><td class=\"has-text-align-center\" data-align=\"center\">1600 K\u010d<br><em>1400 K\u010d<\/em><\/td><td class=\"has-text-align-center\" data-align=\"center\">1700 K\u010d<br><em>1500 K\u010d<\/em><\/td><td class=\"has-text-align-center\" data-align=\"center\">2900 K\u010d<br><em>2700 K\u010d<\/em><\/td><td class=\"has-text-align-center\" data-align=\"center\">3100 K\u010d<br><em>2900 K\u010d<\/em><\/td><td class=\"has-text-align-center\" data-align=\"center\">4000 K\u010d<br><em>3800 K\u010d<\/em><\/td><td class=\"has-text-align-center\" data-align=\"center\">4200 K\u010d<br><em>4000 K\u010d<\/em><\/td><\/tr><tr><td><strong>DELF Junior\/Scolaire<\/strong><\/td><td class=\"has-text-align-center\" data-align=\"center\">1300 K\u010d<\/td><td class=\"has-text-align-center\" data-align=\"center\">1400 K\u010d<\/td><td class=\"has-text-align-center\" data-align=\"center\">2000 K\u010d<\/td><td class=\"has-text-align-center\" data-align=\"center\">2200 K\u010d<\/td><td class=\"has-text-align-center\" data-align=\"center\">&#8211;<\/td><td class=\"has-text-align-center\" data-align=\"center\">&#8211;<\/td><\/tr><\/tbody><\/table><figcaption class=\"wp-element-caption\"><em>Liste de prix actualis\u00e9e pour les examens organis\u00e9s <strong>en 2026<\/strong>.<\/em><\/figcaption><\/figure>\n<\/div><\/div>\n\n\n\n<p><em>*Valable pour les \u00e9tudiants inscrits \u00e0 un cours collectif ou individuel le jour de l&rsquo;inscription \u00e0 l&rsquo;examen.<\/em><\/p>\n","protected":false},"excerpt":{"rendered":"<p>Date et inscription Examen DELF\/DALF TOUT PUBLIC202602T DELFJUNIOR202603J DELF JUNIOR202606J DELF\/DALF TOUT PUBLIC202606T DELF SCOLAIRE202611S Dates A1| 2. 2. 2026A2| 2. 2. 2026B1| 3. 2. 2026B2| 4. 2&#8230;.<\/p>\n","protected":false},"author":4,"featured_media":7122,"parent":0,"menu_order":0,"comment_status":"closed","ping_status":"closed","template":"","meta":{"_acf_changed":false,"footnotes":""},"class_list":["post-7915","page","type-page","status-publish","has-post-thumbnail","hentry"],"acf":[],"_links":{"self":[{"href":"https:\/\/www.alliancefrancaise.cz\/plzen\/fr\/wp-json\/wp\/v2\/pages\/7915","targetHints":{"allow":["GET"]}}],"collection":[{"href":"https:\/\/www.alliancefrancaise.cz\/plzen\/fr\/wp-json\/wp\/v2\/pages"}],"about":[{"href":"https:\/\/www.alliancefrancaise.cz\/plzen\/fr\/wp-json\/wp\/v2\/types\/page"}],"author":[{"embeddable":true,"href":"https:\/\/www.alliancefrancaise.cz\/plzen\/fr\/wp-json\/wp\/v2\/users\/4"}],"replies":[{"embeddable":true,"href":"https:\/\/www.alliancefrancaise.cz\/plzen\/fr\/wp-json\/wp\/v2\/comments?post=7915"}],"version-history":[{"count":20,"href":"https:\/\/www.alliancefrancaise.cz\/plzen\/fr\/wp-json\/wp\/v2\/pages\/7915\/revisions"}],"predecessor-version":[{"id":16223,"href":"https:\/\/www.alliancefrancaise.cz\/plzen\/fr\/wp-json\/wp\/v2\/pages\/7915\/revisions\/16223"}],"wp:featuredmedia":[{"embeddable":true,"href":"https:\/\/www.alliancefrancaise.cz\/plzen\/fr\/wp-json\/wp\/v2\/media\/7122"}],"wp:attachment":[{"href":"https:\/\/www.alliancefrancaise.cz\/plzen\/fr\/wp-json\/wp\/v2\/media?parent=7915"}],"curies":[{"name":"wp","href":"https:\/\/api.w.org\/{rel}","templated":true}]}}

<div class="wp-block-group alignfull has-background" style="background:linear-gradient(135deg,rgb(243,243,243) 0%,rgb(243,243,243) 100%)"><div class="wp-block-group__inner-container is-layout-constrained wp-block-group-is-layout-constrained">
<div style="height:30px" aria-hidden="true" class="wp-block-spacer"></div>



<h2 class="wp-block-heading"><mark style="background-color:rgba(0, 0, 0, 0)" class="has-inline-color has-red-color">Date</mark> et inscription</h2>



<figure class="wp-block-table is-style-stripes"><table><tbody><tr><td><strong><mark style="background-color:rgba(0, 0, 0, 0)" class="has-inline-color has-red-color"><strong><mark style="background-color:rgba(0, 0, 0, 0)" class="has-inline-color has-red-color">Examen</mark></strong></mark></strong></td><td class="has-text-align-center" data-align="center"><strong><mark style="background-color:rgba(0, 0, 0, 0)" class="has-inline-color has-red-color">DELF/DALF <br>TOUT PUBLIC</mark></strong><br><strong>202602T</strong></td><td class="has-text-align-center" data-align="center"><strong><mark style="background-color:rgba(0, 0, 0, 0)" class="has-inline-color has-red-color">DELF<br>JUNIOR</mark></strong><br><strong>202603J</strong></td><td class="has-text-align-center" data-align="center"><strong><mark style="background-color:rgba(0, 0, 0, 0)" class="has-inline-color has-red-color">DELF <br>JUNIOR</mark></strong><br><strong>202606J</strong></td><td class="has-text-align-center" data-align="center"><strong><mark style="background-color:rgba(0, 0, 0, 0)" class="has-inline-color has-red-color">DELF/DALF <br>TOUT PUBLIC</mark></strong><br><strong>202606T</strong></td><td class="has-text-align-center" data-align="center"><strong><mark style="background-color:rgba(0, 0, 0, 0)" class="has-inline-color has-red-color">DELF <br>SCOLAIRE</mark></strong><br><strong>202611S</strong></td></tr><tr><td><strong><strong>Dates</strong></strong></td><td class="has-text-align-center" data-align="center">A1| 2. 2. 2026<br>A2| 2. 2. 2026<br>B1| 3. 2. 2026<br>B2| 4. 2. 2026<br>C1| 5. 2. 2026</td><td class="has-text-align-center" data-align="center">A1| 16. 3. 2026<br>A2| 16. 3. 2026<br>B1| 17. 3. 2026<br>B2| 18. 3. 2026</td><td class="has-text-align-center" data-align="center">A1| 2. 6. 2026<br>A2| 3. 6. 2026<br>B1| 4. 6. 2026<br>B2| 5. 6. 2026</td><td class="has-text-align-center" data-align="center">A1| 15. 6. 2026<br>A2| 15. 6. 2026<br>B1| 16. 6. 2026<br>B2| 17. 6. 2026<br>C1| 18. 6. 2026</td><td class="has-text-align-center" data-align="center">A1| 10. 11. 2026<br>A2| 11. 11. 2026<br>B1| 12. 11. 2026<br>B2| 13. 11. 2026</td></tr><tr><td><strong><strong>Date d&rsquo;inscription</strong></strong></td><td class="has-text-align-center" data-align="center">15. 12. 2025- 9. 1. 2026</td><td class="has-text-align-center" data-align="center">26. 1.-20. 2. 2026</td><td class="has-text-align-center" data-align="center">13. 4.-8. 5. 2026</td><td class="has-text-align-center" data-align="center">27. 4.-22. 5. 2026</td><td class="has-text-align-center" data-align="center">14. 9.-9. 10. 2026</td></tr></tbody></table><figcaption class="wp-element-caption"><em>Liste actualisée des dates d&rsquo;examens <strong>en 2026</strong>.</em></figcaption></figure>



<figure class="wp-block-table is-style-regular"><table><tbody><tr><td class="has-text-align-center" data-align="center"><strong>Lien pour inscription</strong> (inscription possible pendant les périodes d&rsquo;inscription)</td><td class="has-text-align-center" data-align="center"><a href="https://inscrire.hanaf.net/delfdalf/plzen.php" target="_blank" rel="noopener"></a><a href="https://inscrire.hanaf.net/delfdalf/plzen.php" target="_blank" rel="noopener">inscription</a></td></tr></tbody></table></figure>



<ul class="wp-block-list">
<li>Les inscriptions pour les examens DELF se font en ligne sur notre site internet. Le lien vers l&rsquo;inscription sera disponible dans le tableau ci dessus (Lien pour inscription) pendant les dates d&rsquo;inscription.</li>



<li>Les examens individuels ont lieu le même jour, l&rsquo;après-midi, après les épreuves collectives.</li>



<li><strong>Les étudiants ayant des besoins particuliers ou des handicaps (dysgraphie, dysortographie, dyslexie…) sont les bienvenus aux examens et les conditions d&rsquo;examen seront adaptées. Veuillez nous informer à l&rsquo;avance si vous avez un rapport du centre de conseil psychologique éducatif pour adapter les conditions.</strong></li>
</ul>



<div style="height:30px" aria-hidden="true" class="wp-block-spacer"></div>
</div></div>



<div class="wp-block-group alignfull"><div class="wp-block-group__inner-container is-layout-constrained wp-block-group-is-layout-constrained">
<h2 class="wp-block-heading"><mark style="background-color:rgba(0, 0, 0, 0)" class="has-inline-color has-red-color">Prix</mark></h2>



<figure class="wp-block-table is-style-stripes"><table><tbody><tr><td><strong><mark style="background-color:rgba(0, 0, 0, 0)" class="has-inline-color has-red-color">Examen</mark></strong></td><td class="has-text-align-center" data-align="center"><strong><mark style="background-color:rgba(0, 0, 0, 0)" class="has-inline-color has-red-color">A1</mark></strong></td><td class="has-text-align-center" data-align="center"><strong><mark style="background-color:rgba(0, 0, 0, 0)" class="has-inline-color has-red-color">A2</mark></strong></td><td class="has-text-align-center" data-align="center"><strong><mark style="background-color:rgba(0, 0, 0, 0)" class="has-inline-color has-red-color">B1</mark></strong></td><td class="has-text-align-center" data-align="center"><strong><mark style="background-color:rgba(0, 0, 0, 0)" class="has-inline-color has-red-color">B2</mark></strong></td><td class="has-text-align-center" data-align="center"><strong><mark style="background-color:rgba(0, 0, 0, 0)" class="has-inline-color has-red-color">C1</mark></strong></td><td class="has-text-align-center" data-align="center"><strong><mark style="background-color:rgba(0, 0, 0, 0)" class="has-inline-color has-red-color">C2</mark></strong></td></tr><tr><td><strong>DELF/DALF Tout public</strong><br><em>Réduction pour apprenant de notre structure</em>*</td><td class="has-text-align-center" data-align="center">1600 Kč<br><em>1400 Kč</em></td><td class="has-text-align-center" data-align="center">1700 Kč<br><em>1500 Kč</em></td><td class="has-text-align-center" data-align="center">2900 Kč<br><em>2700 Kč</em></td><td class="has-text-align-center" data-align="center">3100 Kč<br><em>2900 Kč</em></td><td class="has-text-align-center" data-align="center">4000 Kč<br><em>3800 Kč</em></td><td class="has-text-align-center" data-align="center">4200 Kč<br><em>4000 Kč</em></td></tr><tr><td><strong>DELF Junior/Scolaire</strong></td><td class="has-text-align-center" data-align="center">1300 Kč</td><td class="has-text-align-center" data-align="center">1400 Kč</td><td class="has-text-align-center" data-align="center">2000 Kč</td><td class="has-text-align-center" data-align="center">2200 Kč</td><td class="has-text-align-center" data-align="center">&#8211;</td><td class="has-text-align-center" data-align="center">&#8211;</td></tr></tbody></table><figcaption class="wp-element-caption"><em>Liste de prix actualisée pour les examens organisés <strong>en 2026</strong>.</em></figcaption></figure>
</div></div>



<p><em>*Valable pour les étudiants inscrits à un cours collectif ou individuel le jour de l&rsquo;inscription à l&rsquo;examen.</em></p>
