{"id":13724,"date":"2024-04-03T10:04:54","date_gmt":"2024-04-03T08:04:54","guid":{"rendered":"https:\/\/www.alliancefrancaise.cz\/plzen\/?page_id=13724"},"modified":"2024-04-03T10:04:56","modified_gmt":"2024-04-03T08:04:56","slug":"francouzsky-jazyk","status":"publish","type":"page","link":"https:\/\/www.alliancefrancaise.cz\/plzen\/francouzsky-jazyk\/","title":{"rendered":"Francouzsk\u00fd jazyk"},"content":{"rendered":"\n<div class=\"wp-block-columns is-layout-flex wp-container-core-columns-is-layout-9d6595d7 wp-block-columns-is-layout-flex\">\n<div class=\"wp-block-column is-vertically-aligned-center is-layout-flow wp-block-column-is-layout-flow\">\n<figure class=\"wp-block-image size-full mx-lg-5 animZoom\"><img loading=\"lazy\" decoding=\"async\" width=\"1000\" height=\"1200\" src=\"https:\/\/www.alliancefrancaise.cz\/plzen\/wp-content\/uploads\/2024\/03\/chiffre-accueil-cz-4.png\" alt=\"\" class=\"wp-image-13666\" srcset=\"https:\/\/www.alliancefrancaise.cz\/plzen\/wp-content\/uploads\/2024\/03\/chiffre-accueil-cz-4.png 1000w, https:\/\/www.alliancefrancaise.cz\/plzen\/wp-content\/uploads\/2024\/03\/chiffre-accueil-cz-4-383x460.png 383w, https:\/\/www.alliancefrancaise.cz\/plzen\/wp-content\/uploads\/2024\/03\/chiffre-accueil-cz-4-768x922.png 768w\" sizes=\"auto, (max-width: 1000px) 100vw, 1000px\" \/><\/figure>\n<\/div>\n\n\n\n<div class=\"wp-block-column is-vertically-aligned-center is-layout-flow wp-block-column-is-layout-flow\">\n<h1 class=\"wp-block-heading\">Francouzsk\u00fd jazyk nen\u00ed jen o romantick\u00e9m polibku, zraj\u00edc\u00edm s\u00fdru a dobr\u00e9m v\u00ednu\u2026<\/h1>\n\n\n\n<p><strong><mark style=\"background-color:rgba(0, 0, 0, 0)\" class=\"has-inline-color has-red-color\">&nbsp;Francouz\u0161tina je\u2026&nbsp;<\/mark><\/strong><\/p>\n\n\n\n<ul class=\"wp-block-list\">\n<li>ofici\u00e1ln\u00edm jazykem mezin\u00e1rodn\u00edch organizac\u00ed EU, NATO, OSN, UNESCO, \u2026<\/li>\n\n\n\n<li>jazykem pracovn\u00edch p\u0159\u00edle\u017eitost\u00ed na evropsk\u00e9ho trhu ve Francii, Belgii, \u0160v\u00fdcarsku, \u2026&nbsp;<\/li>\n\n\n\n<li>jazykem evropsk\u00fdch metropol\u00ed \u0160trasburku, Bruselu, Lucemburku<\/li>\n\n\n\n<li>jazykem, kter\u00fd otev\u00edr\u00e1 br\u00e1nu na presti\u017en\u00ed evropsk\u00e9 a sv\u011btov\u00e9 univerzity<\/li>\n\n\n\n<li>jazyk, kter\u00fd je roz\u0161\u00ed\u0159en\u00fd na v\u0161ech kontinentech<\/li>\n\n\n\n<li>jazykem kultury, gastronomie, m\u00f3dy, v\u00fdtvarn\u00e9ho um\u011bn\u00ed, filmu, architektury,&nbsp;diplomacie, \u2026&nbsp;&nbsp;<\/li>\n\n\n\n<li>jazykem analytick\u00fdm, kter\u00fd buduje a rozv\u00edj\u00ed kritick\u00e9 my\u0161len\u00ed<\/li>\n\n\n\n<li>pomocn\u00edkem p\u0159i studiu dal\u0161\u00edch rom\u00e1nsk\u00fdch jazyk\u016f<\/li>\n\n\n\n<li>jazyk, kter\u00fd z&nbsp;v\u00edce jak poloviny ovlivnil anglickou slovn\u00ed z\u00e1sobu<\/li>\n\n\n\n<li>jazykem, kter\u00fd zp\u0159\u00edjemn\u00ed cestov\u00e1n\u00ed ve frankofonn\u00edch zem\u00edch a umo\u017en\u00ed pochopen\u00ed mentality a kulturn\u00edch zvyk\u016f m\u00edstn\u00edch obyvatel<\/li>\n\n\n\n<li><strong><mark style=\"background-color:rgba(0, 0, 0, 0)\" class=\"has-inline-color has-red-color\">jazyk, kter\u00fd V\u00e1s r\u00e1di nau\u010d\u00edme s\u00a0t\u011bmi nejlep\u0161\u00edmi \u010desk\u00fdmi i francouzsk\u00fdmi lektory!<\/mark><\/strong><\/li>\n<\/ul>\n<\/div>\n<\/div>\n","protected":false},"excerpt":{"rendered":"<p>Francouzsk\u00fd jazyk nen\u00ed jen o romantick\u00e9m polibku, zraj\u00edc\u00edm s\u00fdru a dobr\u00e9m v\u00ednu\u2026 &nbsp;Francouz\u0161tina je\u2026&nbsp;<\/p>\n","protected":false},"author":4,"featured_media":0,"parent":0,"menu_order":0,"comment_status":"closed","ping_status":"closed","template":"","meta":{"_acf_changed":false,"footnotes":""},"class_list":["post-13724","page","type-page","status-publish","hentry"],"acf":[],"_links":{"self":[{"href":"https:\/\/www.alliancefrancaise.cz\/plzen\/wp-json\/wp\/v2\/pages\/13724","targetHints":{"allow":["GET"]}}],"collection":[{"href":"https:\/\/www.alliancefrancaise.cz\/plzen\/wp-json\/wp\/v2\/pages"}],"about":[{"href":"https:\/\/www.alliancefrancaise.cz\/plzen\/wp-json\/wp\/v2\/types\/page"}],"author":[{"embeddable":true,"href":"https:\/\/www.alliancefrancaise.cz\/plzen\/wp-json\/wp\/v2\/users\/4"}],"replies":[{"embeddable":true,"href":"https:\/\/www.alliancefrancaise.cz\/plzen\/wp-json\/wp\/v2\/comments?post=13724"}],"version-history":[{"count":2,"href":"https:\/\/www.alliancefrancaise.cz\/plzen\/wp-json\/wp\/v2\/pages\/13724\/revisions"}],"predecessor-version":[{"id":13726,"href":"https:\/\/www.alliancefrancaise.cz\/plzen\/wp-json\/wp\/v2\/pages\/13724\/revisions\/13726"}],"wp:attachment":[{"href":"https:\/\/www.alliancefrancaise.cz\/plzen\/wp-json\/wp\/v2\/media?parent=13724"}],"curies":[{"name":"wp","href":"https:\/\/api.w.org\/{rel}","templated":true}]}}