{"id":6210,"date":"2023-06-20T16:07:16","date_gmt":"2023-06-20T14:07:16","guid":{"rendered":"https:\/\/www.alliancefrancaise.cz\/plzen\/?page_id=6210"},"modified":"2025-12-15T13:07:47","modified_gmt":"2025-12-15T12:07:47","slug":"terminy-registrace-cenik-delf","status":"publish","type":"page","link":"https:\/\/www.alliancefrancaise.cz\/plzen\/terminy-registrace-cenik-delf\/","title":{"rendered":"Term\u00edny, registrace a cen\u00edk"},"content":{"rendered":"\n<div class=\"wp-block-group alignfull has-background\" style=\"background:linear-gradient(135deg,rgb(243,243,243) 0%,rgb(243,243,243) 100%)\"><div class=\"wp-block-group__inner-container is-layout-constrained wp-block-group-is-layout-constrained\">\n<div style=\"height:30px\" aria-hidden=\"true\" class=\"wp-block-spacer\"><\/div>\n\n\n\n<h2 class=\"wp-block-heading\"><mark style=\"background-color:rgba(0, 0, 0, 0)\" class=\"has-inline-color has-red-color\">Term\u00edny<\/mark> a registrace<\/h2>\n\n\n\n<figure class=\"wp-block-table is-style-stripes\"><table><tbody><tr><td><strong><mark style=\"background-color:rgba(0, 0, 0, 0)\" class=\"has-inline-color has-red-color\">Zkou\u0161ka<\/mark><\/strong><\/td><td class=\"has-text-align-center\" data-align=\"center\"><strong><mark style=\"background-color:rgba(0, 0, 0, 0)\" class=\"has-inline-color has-red-color\">DELF\/DALF <br>TOUT PUBLIC<\/mark><\/strong><br><strong>202602T<\/strong><\/td><td class=\"has-text-align-center\" data-align=\"center\"><strong><mark style=\"background-color:rgba(0, 0, 0, 0)\" class=\"has-inline-color has-red-color\">DELF<br>JUNIOR<\/mark><\/strong><br><strong>202603J<\/strong><\/td><td class=\"has-text-align-center\" data-align=\"center\"><strong><mark style=\"background-color:rgba(0, 0, 0, 0)\" class=\"has-inline-color has-red-color\">DELF <br>JUNIOR<\/mark><\/strong><br><strong>202606J<\/strong><\/td><td class=\"has-text-align-center\" data-align=\"center\"><strong><mark style=\"background-color:rgba(0, 0, 0, 0)\" class=\"has-inline-color has-red-color\">DELF\/DALF <br>TOUT PUBLIC<\/mark><\/strong><br><strong>202606T<\/strong><\/td><td class=\"has-text-align-center\" data-align=\"center\"><strong><mark style=\"background-color:rgba(0, 0, 0, 0)\" class=\"has-inline-color has-red-color\">DELF <br>SCOLAIRE<\/mark><\/strong><br><strong>202611S<\/strong><\/td><\/tr><tr><td><strong>Term\u00edn<\/strong><\/td><td class=\"has-text-align-center\" data-align=\"center\">A1| 2. 2. 2026<br>A2| 2. 2. 2026<br>B1| 3. 2. 2026<br>B2| 4. 2. 2026<br>C1| 5. 2. 2026<\/td><td class=\"has-text-align-center\" data-align=\"center\">A1| 16. 3. 2026<br>A2| 16. 3. 2026<br>B1| 17. 3. 2026<br>B2| 18. 3. 2026<\/td><td class=\"has-text-align-center\" data-align=\"center\">A1| 2. 6. 2026<br>A2| 3. 6. 2026<br>B1| 4. 6. 2026<br>B2| 5. 6. 2026<\/td><td class=\"has-text-align-center\" data-align=\"center\">A1| 15. 6. 2026<br>A2| 15. 6. 2026<br>B1| 16. 6. 2026<br>B2| 17. 6. 2026<br>C1| 18. 6. 2026<\/td><td class=\"has-text-align-center\" data-align=\"center\">A1| 10. 11. 2026<br>A2| 11. 11. 2026<br>B1| 12. 11. 2026<br>B2| 13. 11. 2026<\/td><\/tr><tr><td><strong>Registrace<\/strong><\/td><td class=\"has-text-align-center\" data-align=\"center\">15. 12. 2025- 9. 1. 2026<\/td><td class=\"has-text-align-center\" data-align=\"center\">26. 1.-20. 2. 2026<\/td><td class=\"has-text-align-center\" data-align=\"center\">13. 4.-8. 5. 2026<\/td><td class=\"has-text-align-center\" data-align=\"center\">27. 4.-22. 5. 2026<\/td><td class=\"has-text-align-center\" data-align=\"center\">14. 9.-9. 10. 2026<\/td><\/tr><\/tbody><\/table><figcaption class=\"wp-element-caption\"><em>Aktualizovan\u00fd seznam term\u00edn\u016f zkou\u0161ek <strong>v roce 2026.<\/strong><\/em><\/figcaption><\/figure>\n\n\n\n<figure class=\"wp-block-table is-style-regular\"><table><tbody><tr><td class=\"has-text-align-center\" data-align=\"center\"><strong>Odkaz k registraci<\/strong> (registrace mo\u017en\u00e1 b\u011bhem registra\u010dn\u00edch obdob\u00ed)<\/td><td class=\"has-text-align-center\" data-align=\"center\"><a href=\"https:\/\/inscrire.hanaf.net\/delfdalf\/plzen.php\" target=\"_blank\" rel=\"noopener\">registrace<\/a><\/td><\/tr><\/tbody><\/table><\/figure>\n\n\n\n<ul class=\"wp-block-list\">\n<li>Registrace ke zkou\u0161k\u00e1m DELF prob\u00edh\u00e1 online na na\u0161ich webov\u00fdch str\u00e1nk\u00e1ch. Odkaz na registra\u010dn\u00ed formul\u00e1\u0159 bude k dispozici ve v\u00fd\u0161e uveden\u00e9 tabulce v dan\u00fd term\u00edn registrace.<\/li>\n\n\n\n<li>Individu\u00e1ln\u00ed zkou\u0161ky se konaj\u00ed ve stejn\u00fd den odpoledne po skupinov\u00fdch zkou\u0161k\u00e1ch.<\/li>\n\n\n\n<li><strong>Studenti se speci\u00e1ln\u00edmi pot\u0159ebami nebo handikepem (dysgrafie, dysortografie, dyslexie\u2026) jsou u zkou\u0161ek v\u00edt\u00e1n\u00ed a podm\u00ednky zkou\u0161ek budou p\u0159izp\u016fsobeny, informujte n\u00e1s p\u0159edem, pokud m\u00e1te posudek z pedagogicko psychologick\u00e9 poradny k uzp\u016fsoben\u00ed podm\u00ednek.<\/strong><\/li>\n<\/ul>\n\n\n\n<div style=\"height:30px\" aria-hidden=\"true\" class=\"wp-block-spacer\"><\/div>\n<\/div><\/div>\n\n\n\n<div class=\"wp-block-group alignfull\"><div class=\"wp-block-group__inner-container is-layout-constrained wp-block-group-is-layout-constrained\">\n<h2 class=\"wp-block-heading\"><mark style=\"background-color:rgba(0, 0, 0, 0)\" class=\"has-inline-color has-red-color\">Cen\u00edk zkou\u0161ek<\/mark><\/h2>\n\n\n\n<figure class=\"wp-block-table is-style-stripes\"><table><tbody><tr><td><strong><mark style=\"background-color:rgba(0, 0, 0, 0)\" class=\"has-inline-color has-red-color\">Zkou\u0161ka<\/mark><\/strong><\/td><td class=\"has-text-align-center\" data-align=\"center\"><strong><mark style=\"background-color:rgba(0, 0, 0, 0)\" class=\"has-inline-color has-red-color\">A1<\/mark><\/strong><\/td><td class=\"has-text-align-center\" data-align=\"center\"><strong><mark style=\"background-color:rgba(0, 0, 0, 0)\" class=\"has-inline-color has-red-color\">A2<\/mark><\/strong><\/td><td class=\"has-text-align-center\" data-align=\"center\"><strong><mark style=\"background-color:rgba(0, 0, 0, 0)\" class=\"has-inline-color has-red-color\">B1<\/mark><\/strong><\/td><td class=\"has-text-align-center\" data-align=\"center\"><strong><mark style=\"background-color:rgba(0, 0, 0, 0)\" class=\"has-inline-color has-red-color\">B2<\/mark><\/strong><\/td><td class=\"has-text-align-center\" data-align=\"center\"><strong><mark style=\"background-color:rgba(0, 0, 0, 0)\" class=\"has-inline-color has-red-color\">C1<\/mark><\/strong><\/td><td class=\"has-text-align-center\" data-align=\"center\"><strong><mark style=\"background-color:rgba(0, 0, 0, 0)\" class=\"has-inline-color has-red-color\">C2<\/mark><\/strong><\/td><\/tr><tr><td><strong>DELF\/DALF Tout public<\/strong><br><em>Sleva pro studenty na\u0161\u00ed \u0161koly<\/em>*<\/td><td class=\"has-text-align-center\" data-align=\"center\">1600 K\u010d<br><em>1400 K\u010d<\/em><\/td><td class=\"has-text-align-center\" data-align=\"center\">1700 K\u010d<br><em>1500 K\u010d<\/em><\/td><td class=\"has-text-align-center\" data-align=\"center\">2900 K\u010d<br><em>2700 K\u010d<\/em><\/td><td class=\"has-text-align-center\" data-align=\"center\">3100 K\u010d<br><em>2900 K\u010d<\/em><\/td><td class=\"has-text-align-center\" data-align=\"center\">4000 K\u010d<br><em>3800 K\u010d<\/em><\/td><td class=\"has-text-align-center\" data-align=\"center\">4200 K\u010d<br><em>4000 K\u010d<\/em><\/td><\/tr><tr><td><strong>DELF Junior\/Scolaire<\/strong><\/td><td class=\"has-text-align-center\" data-align=\"center\">1300 K\u010d<\/td><td class=\"has-text-align-center\" data-align=\"center\">1400 K\u010d<\/td><td class=\"has-text-align-center\" data-align=\"center\">2000 K\u010d<\/td><td class=\"has-text-align-center\" data-align=\"center\">2200 K\u010d<\/td><td class=\"has-text-align-center\" data-align=\"center\">&#8211;<\/td><td class=\"has-text-align-center\" data-align=\"center\">&#8211;<\/td><\/tr><\/tbody><\/table><figcaption class=\"wp-element-caption\"><em>Aktualizovan\u00fd cen\u00edk zkou\u0161ek konan\u00fdch <strong>v roce 2026<\/strong>.<\/em><\/figcaption><\/figure>\n<\/div><\/div>\n\n\n\n<p><em>*Plat\u00ed pro studenty zapsan\u00e9 do skupinov\u00e9ho nebo individu\u00e1ln\u00edho kurzu v den p\u0159ihl\u00e1\u0161en\u00ed ke zkou\u0161ce.<\/em><\/p>\n\n\n\n<p><\/p>\n","protected":false},"excerpt":{"rendered":"<p>Term\u00edny a registrace Zkou\u0161ka DELF\/DALF TOUT PUBLIC202602T DELFJUNIOR202603J DELF JUNIOR202606J DELF\/DALF TOUT PUBLIC202606T DELF SCOLAIRE202611S Term\u00edn A1| 2. 2. 2026A2| 2. 2. 2026B1| 3. 2. 2026B2| 4. 2&#8230;.<\/p>\n","protected":false},"author":4,"featured_media":7121,"parent":0,"menu_order":0,"comment_status":"closed","ping_status":"closed","template":"","meta":{"_acf_changed":false,"footnotes":""},"class_list":["post-6210","page","type-page","status-publish","has-post-thumbnail","hentry"],"acf":[],"_links":{"self":[{"href":"https:\/\/www.alliancefrancaise.cz\/plzen\/wp-json\/wp\/v2\/pages\/6210","targetHints":{"allow":["GET"]}}],"collection":[{"href":"https:\/\/www.alliancefrancaise.cz\/plzen\/wp-json\/wp\/v2\/pages"}],"about":[{"href":"https:\/\/www.alliancefrancaise.cz\/plzen\/wp-json\/wp\/v2\/types\/page"}],"author":[{"embeddable":true,"href":"https:\/\/www.alliancefrancaise.cz\/plzen\/wp-json\/wp\/v2\/users\/4"}],"replies":[{"embeddable":true,"href":"https:\/\/www.alliancefrancaise.cz\/plzen\/wp-json\/wp\/v2\/comments?post=6210"}],"version-history":[{"count":20,"href":"https:\/\/www.alliancefrancaise.cz\/plzen\/wp-json\/wp\/v2\/pages\/6210\/revisions"}],"predecessor-version":[{"id":16222,"href":"https:\/\/www.alliancefrancaise.cz\/plzen\/wp-json\/wp\/v2\/pages\/6210\/revisions\/16222"}],"wp:featuredmedia":[{"embeddable":true,"href":"https:\/\/www.alliancefrancaise.cz\/plzen\/wp-json\/wp\/v2\/media\/7121"}],"wp:attachment":[{"href":"https:\/\/www.alliancefrancaise.cz\/plzen\/wp-json\/wp\/v2\/media?parent=6210"}],"curies":[{"name":"wp","href":"https:\/\/api.w.org\/{rel}","templated":true}]}}

Termíny, registrace a ceník

<div class="wp-block-group alignfull has-background" style="background:linear-gradient(135deg,rgb(243,243,243) 0%,rgb(243,243,243) 100%)"><div class="wp-block-group__inner-container is-layout-constrained wp-block-group-is-layout-constrained">
<div style="height:30px" aria-hidden="true" class="wp-block-spacer"></div>



<h2 class="wp-block-heading"><mark style="background-color:rgba(0, 0, 0, 0)" class="has-inline-color has-red-color">Termíny</mark> a registrace</h2>



<figure class="wp-block-table is-style-stripes"><table><tbody><tr><td><strong><mark style="background-color:rgba(0, 0, 0, 0)" class="has-inline-color has-red-color">Zkouška</mark></strong></td><td class="has-text-align-center" data-align="center"><strong><mark style="background-color:rgba(0, 0, 0, 0)" class="has-inline-color has-red-color">DELF/DALF <br>TOUT PUBLIC</mark></strong><br><strong>202602T</strong></td><td class="has-text-align-center" data-align="center"><strong><mark style="background-color:rgba(0, 0, 0, 0)" class="has-inline-color has-red-color">DELF<br>JUNIOR</mark></strong><br><strong>202603J</strong></td><td class="has-text-align-center" data-align="center"><strong><mark style="background-color:rgba(0, 0, 0, 0)" class="has-inline-color has-red-color">DELF <br>JUNIOR</mark></strong><br><strong>202606J</strong></td><td class="has-text-align-center" data-align="center"><strong><mark style="background-color:rgba(0, 0, 0, 0)" class="has-inline-color has-red-color">DELF/DALF <br>TOUT PUBLIC</mark></strong><br><strong>202606T</strong></td><td class="has-text-align-center" data-align="center"><strong><mark style="background-color:rgba(0, 0, 0, 0)" class="has-inline-color has-red-color">DELF <br>SCOLAIRE</mark></strong><br><strong>202611S</strong></td></tr><tr><td><strong>Termín</strong></td><td class="has-text-align-center" data-align="center">A1| 2. 2. 2026<br>A2| 2. 2. 2026<br>B1| 3. 2. 2026<br>B2| 4. 2. 2026<br>C1| 5. 2. 2026</td><td class="has-text-align-center" data-align="center">A1| 16. 3. 2026<br>A2| 16. 3. 2026<br>B1| 17. 3. 2026<br>B2| 18. 3. 2026</td><td class="has-text-align-center" data-align="center">A1| 2. 6. 2026<br>A2| 3. 6. 2026<br>B1| 4. 6. 2026<br>B2| 5. 6. 2026</td><td class="has-text-align-center" data-align="center">A1| 15. 6. 2026<br>A2| 15. 6. 2026<br>B1| 16. 6. 2026<br>B2| 17. 6. 2026<br>C1| 18. 6. 2026</td><td class="has-text-align-center" data-align="center">A1| 10. 11. 2026<br>A2| 11. 11. 2026<br>B1| 12. 11. 2026<br>B2| 13. 11. 2026</td></tr><tr><td><strong>Registrace</strong></td><td class="has-text-align-center" data-align="center">15. 12. 2025- 9. 1. 2026</td><td class="has-text-align-center" data-align="center">26. 1.-20. 2. 2026</td><td class="has-text-align-center" data-align="center">13. 4.-8. 5. 2026</td><td class="has-text-align-center" data-align="center">27. 4.-22. 5. 2026</td><td class="has-text-align-center" data-align="center">14. 9.-9. 10. 2026</td></tr></tbody></table><figcaption class="wp-element-caption"><em>Aktualizovaný seznam termínů zkoušek <strong>v roce 2026.</strong></em></figcaption></figure>



<figure class="wp-block-table is-style-regular"><table><tbody><tr><td class="has-text-align-center" data-align="center"><strong>Odkaz k registraci</strong> (registrace možná během registračních období)</td><td class="has-text-align-center" data-align="center"><a href="https://inscrire.hanaf.net/delfdalf/plzen.php" target="_blank" rel="noopener">registrace</a></td></tr></tbody></table></figure>



<ul class="wp-block-list">
<li>Registrace ke zkouškám DELF probíhá online na našich webových stránkách. Odkaz na registrační formulář bude k dispozici ve výše uvedené tabulce v daný termín registrace.</li>



<li>Individuální zkoušky se konají ve stejný den odpoledne po skupinových zkouškách.</li>



<li><strong>Studenti se speciálními potřebami nebo handikepem (dysgrafie, dysortografie, dyslexie…) jsou u zkoušek vítání a podmínky zkoušek budou přizpůsobeny, informujte nás předem, pokud máte posudek z pedagogicko psychologické poradny k uzpůsobení podmínek.</strong></li>
</ul>



<div style="height:30px" aria-hidden="true" class="wp-block-spacer"></div>
</div></div>



<div class="wp-block-group alignfull"><div class="wp-block-group__inner-container is-layout-constrained wp-block-group-is-layout-constrained">
<h2 class="wp-block-heading"><mark style="background-color:rgba(0, 0, 0, 0)" class="has-inline-color has-red-color">Ceník zkoušek</mark></h2>



<figure class="wp-block-table is-style-stripes"><table><tbody><tr><td><strong><mark style="background-color:rgba(0, 0, 0, 0)" class="has-inline-color has-red-color">Zkouška</mark></strong></td><td class="has-text-align-center" data-align="center"><strong><mark style="background-color:rgba(0, 0, 0, 0)" class="has-inline-color has-red-color">A1</mark></strong></td><td class="has-text-align-center" data-align="center"><strong><mark style="background-color:rgba(0, 0, 0, 0)" class="has-inline-color has-red-color">A2</mark></strong></td><td class="has-text-align-center" data-align="center"><strong><mark style="background-color:rgba(0, 0, 0, 0)" class="has-inline-color has-red-color">B1</mark></strong></td><td class="has-text-align-center" data-align="center"><strong><mark style="background-color:rgba(0, 0, 0, 0)" class="has-inline-color has-red-color">B2</mark></strong></td><td class="has-text-align-center" data-align="center"><strong><mark style="background-color:rgba(0, 0, 0, 0)" class="has-inline-color has-red-color">C1</mark></strong></td><td class="has-text-align-center" data-align="center"><strong><mark style="background-color:rgba(0, 0, 0, 0)" class="has-inline-color has-red-color">C2</mark></strong></td></tr><tr><td><strong>DELF/DALF Tout public</strong><br><em>Sleva pro studenty naší školy</em>*</td><td class="has-text-align-center" data-align="center">1600 Kč<br><em>1400 Kč</em></td><td class="has-text-align-center" data-align="center">1700 Kč<br><em>1500 Kč</em></td><td class="has-text-align-center" data-align="center">2900 Kč<br><em>2700 Kč</em></td><td class="has-text-align-center" data-align="center">3100 Kč<br><em>2900 Kč</em></td><td class="has-text-align-center" data-align="center">4000 Kč<br><em>3800 Kč</em></td><td class="has-text-align-center" data-align="center">4200 Kč<br><em>4000 Kč</em></td></tr><tr><td><strong>DELF Junior/Scolaire</strong></td><td class="has-text-align-center" data-align="center">1300 Kč</td><td class="has-text-align-center" data-align="center">1400 Kč</td><td class="has-text-align-center" data-align="center">2000 Kč</td><td class="has-text-align-center" data-align="center">2200 Kč</td><td class="has-text-align-center" data-align="center">&#8211;</td><td class="has-text-align-center" data-align="center">&#8211;</td></tr></tbody></table><figcaption class="wp-element-caption"><em>Aktualizovaný ceník zkoušek konaných <strong>v roce 2026</strong>.</em></figcaption></figure>
</div></div>



<p><em>*Platí pro studenty zapsané do skupinového nebo individuálního kurzu v den přihlášení ke zkoušce.</em></p>



<p></p>

<p>Termíny a registrace Zkouška DELF/DALF TOUT PUBLIC202602T DELFJUNIOR202603J DELF JUNIOR202606J DELF/DALF TOUT PUBLIC202606T DELF SCOLAIRE202611S Termín A1| 2. 2. 2026A2| 2. 2. 2026B1| 3. 2. 2026B2| 4. 2&#8230;.</p>
