{"id":6281,"date":"2023-06-26T10:30:53","date_gmt":"2023-06-26T08:30:53","guid":{"rendered":"https:\/\/www.alliancefrancaise.cz\/plzen\/?page_id=6281"},"modified":"2024-03-21T09:52:32","modified_gmt":"2024-03-21T08:52:32","slug":"historie-spolku","status":"publish","type":"page","link":"https:\/\/www.alliancefrancaise.cz\/plzen\/historie-spolku\/","title":{"rendered":"Historie spolku"},"content":{"rendered":"\n<div class=\"wp-block-group alignfull has-background\" style=\"background:linear-gradient(135deg,rgb(243,243,243) 0%,rgb(243,243,243) 100%)\"><div class=\"wp-block-group__inner-container is-layout-flow wp-block-group-is-layout-flow\">\n<div style=\"height:30px\" aria-hidden=\"true\" class=\"wp-block-spacer\"><\/div>\n\n\n\n<div class=\"wp-block-columns are-vertically-aligned-center is-layout-flex wp-container-core-columns-is-layout-9d6595d7 wp-block-columns-is-layout-flex\">\n<div class=\"wp-block-column is-layout-flow wp-block-column-is-layout-flow\" style=\"flex-basis:60%\">\n<h2 class=\"wp-block-heading has-text-color\" style=\"color:#000000\"><strong><mark style=\"background-color:rgba(0, 0, 0, 0)\" class=\"has-inline-color has-red-color\">Alliance Fran\u00e7aise de Plze\u0148<\/mark><\/strong><\/h2>\n\n\n\n<p><em>Alliance Fran\u00e7aise de Plze\u0148 je neziskov\u00e1 organizace z\u0159izovan\u00e1 podle m\u00edstn\u00edho pr\u00e1va, kter\u00e1 byla vytvo\u0159ena v roce 1990 \u010desk\u00fdmi ob\u010dany, kte\u0159\u00ed si p\u0159\u00e1li vytvo\u0159it pouto mezi jejich a francouzskou kulturou. Aliance je \u0159\u00edzena p\u0159edstavenstvem slo\u017een\u00fdm z osobnost\u00ed \u010desk\u00e9 ob\u010dansk\u00e9 spole\u010dnosti na dobrovoln\u00e9 b\u00e1zi. Historicky spad\u00e1 do celosv\u011btov\u00e9 s\u00edt\u011b s v\u00edce ne\u017e 800 Allianc\u00ed.<\/em><\/p>\n<\/div>\n\n\n\n<div class=\"wp-block-column is-layout-flow wp-block-column-is-layout-flow\" style=\"flex-basis:40%\">\n<hr class=\"wp-block-separator has-text-color has-css-opacity has-background is-style-wide\" style=\"background-color:#000000;color:#000000\"\/>\n<\/div>\n<\/div>\n\n\n\n<div class=\"wp-block-columns is-layout-flex wp-container-core-columns-is-layout-9d6595d7 wp-block-columns-is-layout-flex\">\n<div class=\"wp-block-column is-vertically-aligned-top is-layout-flow wp-block-column-is-layout-flow\">\n<figure class=\"wp-block-image size-full\"><img loading=\"lazy\" decoding=\"async\" width=\"640\" height=\"480\" src=\"https:\/\/www.alliancefrancaise.cz\/plzen\/wp-content\/uploads\/2024\/02\/BatimentAF.jpg\" alt=\"\" class=\"wp-image-7191\" srcset=\"https:\/\/www.alliancefrancaise.cz\/plzen\/wp-content\/uploads\/2024\/02\/BatimentAF.jpg 640w, https:\/\/www.alliancefrancaise.cz\/plzen\/wp-content\/uploads\/2024\/02\/BatimentAF-460x345.jpg 460w\" sizes=\"auto, (max-width: 640px) 100vw, 640px\" \/><\/figure>\n<\/div>\n\n\n\n<div class=\"wp-block-column is-layout-flow wp-block-column-is-layout-flow\">\n<p><strong>C\u00edle Alliance Fran\u00e7aise de Plze\u0148:<\/strong><\/p>\n\n\n\n<ul class=\"wp-block-list\">\n<li>\u0161\u00ed\u0159it francouzsk\u00fd jazyk v z\u00e1padn\u00edch \u010cech\u00e1ch d\u00edky kvalitn\u00edmu vyu\u010dov\u00e1n\u00ed a mnoh\u00fdm kulturn\u00edm akc\u00edm p\u0159\u00edstupn\u00fdm \u0161irok\u00e9 ve\u0159ejnosti<\/li>\n\n\n\n<li>sdru\u017eovat v\u0161echny, kte\u0159\u00ed si p\u0159ej\u00ed prohloubit sv\u00e9 jazykov\u00e9 znalosti, sd\u00edlet sv\u00e9 my\u0161lenky a francouzskou kulturu<\/li>\n\n\n\n<li>rozv\u00edjet kulturn\u00ed a jazykov\u00e9 v\u00fdm\u011bny podporuj\u00edc\u00ed vztahy mezi Franci\u00ed a \u010ceskou republikou ve v\u0161ech odv\u011btv\u00edch, p\u0159edev\u0161\u00edm ve \u0161kolstv\u00ed a v um\u011bleck\u00e9m prost\u0159ed\u00ed<\/li>\n<\/ul>\n<\/div>\n\n\n\n<div class=\"wp-block-column is-layout-flow wp-block-column-is-layout-flow\">\n<p><strong>Alliance Fran\u00e7aise de Plze\u0148 nab\u00edz\u00ed:<\/strong><\/p>\n\n\n\n<ul class=\"wp-block-list\">\n<li>kurzy francouz\u0161tiny uzn\u00e1van\u00e9 pro svou kvalitu a zaji\u0161t\u011bn\u00e9 kvalifikovan\u00fdmi \u010desk\u00fdmi i francouzsk\u00fdmi lektory<\/li>\n\n\n\n<li>p\u0159\u00edpravy na zkou\u0161ky k francouzsk\u00e9mu diplomu (DELF\/DALF)<\/li>\n\n\n\n<li>spoustu studijn\u00edch materi\u00e1l\u016f v na\u0161\u00ed knihovn\u011b (kn\u00ed\u017eky pro v\u0161echny \u00farovn\u011b jak pro d\u011bti, tak pro dosp\u011bl\u00e9)<\/li>\n\n\n\n<li>organizaci kulturn\u00edch a vzd\u011bl\u00e1vac\u00edch akc\u00ed b\u011bhem cel\u00e9ho roku<\/li>\n\n\n\n<li>studijn\u00ed v\u00fdm\u011bnn\u00fd pobyt pro st\u0159edn\u00ed \u0161koly ve spolupr\u00e1ci s Plze\u0148sk\u00fdm krajem, kter\u00fd ka\u017edoro\u010dn\u011b umo\u017e\u0148uje des\u00edtce m\u00edstn\u00edch student\u016f vyjet na jeden \u0161koln\u00ed rok do Francie<\/li>\n<\/ul>\n<\/div>\n<\/div>\n\n\n\n<div style=\"height:30px\" aria-hidden=\"true\" class=\"wp-block-spacer\"><\/div>\n<\/div><\/div>\n\n\n\n<div class=\"wp-block-group alignfull\"><div class=\"wp-block-group__inner-container is-layout-constrained wp-block-group-is-layout-constrained\">\n<div class=\"wp-block-columns is-layout-flex wp-container-core-columns-is-layout-9d6595d7 wp-block-columns-is-layout-flex\">\n<div class=\"wp-block-column is-layout-flow wp-block-column-is-layout-flow\" style=\"flex-basis:66.66%\">\n<h2 class=\"wp-block-heading\"><strong><mark style=\"background-color:rgba(0, 0, 0, 0)\" class=\"has-inline-color has-red-color\">Nadace Alliance Fran\u00e7aise<\/mark><\/strong><\/h2>\n\n\n\n<p>V\u0161echny Alliance Fran\u00e7aise bez ohledu na to, ve kter\u00e9 zemi s\u00eddl\u00ed, spadaj\u00ed pod Nadaci Alliance Fran\u00e7aise, kter\u00e1 byla zalo\u017eena v roce 2007 a s\u00eddl\u00ed v Pa\u0159\u00ed\u017ei.<\/p>\n\n\n\n<p>Nadace Alliance Fran\u00e7aise p\u0159ebrala historickou roli Alliance Fran\u00e7aise v Pa\u0159\u00ed\u017ei a zaji\u0161\u0165uje koordinaci t\u00e9to celosv\u011btov\u00e9 s\u00edt\u011b. Spolupracuje s ministerstvem evropsk\u00fdch a zahrani\u010dn\u00edch v\u011bc\u00ed v r\u00e1mci ka\u017edoro\u010dn\u011b obnovovan\u00e9 dohody a po boku francouzsk\u00fdch kulturn\u00edch institut\u016f v zahrani\u010d\u00ed se aktivn\u011b \u00fa\u010dastn\u00ed francouzsk\u00e9 vl\u00e1dn\u00ed politiky jazykov\u00e9 a kulturn\u00ed spolupr\u00e1ce.<\/p>\n\n\n\n<p>Nadace schvaluje projekty na z\u0159\u00edzen\u00ed nov\u00fdch pobo\u010dek, kter\u00fdm pot\u00e9, co schv\u00e1l\u00ed jejich stanovy, ud\u011bl\u00ed ozna\u010den\u00ed \u201eAlliance Fran\u00e7aise\u201c. Ka\u017ed\u00e1 pobo\u010dka je pot\u00e9 v souladu s m\u00edstn\u00edm pr\u00e1vem zaregistrov\u00e1na jako sdru\u017een\u00ed v hostitelsk\u00e9 zemi.<\/p>\n<\/div>\n\n\n\n<div class=\"wp-block-column is-vertically-aligned-center is-layout-flow wp-block-column-is-layout-flow\" style=\"flex-basis:33.33%\">\n<figure class=\"wp-block-image size-full\"><img loading=\"lazy\" decoding=\"async\" width=\"651\" height=\"253\" src=\"https:\/\/www.alliancefrancaise.cz\/plzen\/wp-content\/uploads\/2023\/06\/logo1.png\" alt=\"\" class=\"wp-image-6100\" srcset=\"https:\/\/www.alliancefrancaise.cz\/plzen\/wp-content\/uploads\/2023\/06\/logo1.png 651w, https:\/\/www.alliancefrancaise.cz\/plzen\/wp-content\/uploads\/2023\/06\/logo1-460x179.png 460w\" sizes=\"auto, (max-width: 651px) 100vw, 651px\" \/><\/figure>\n<\/div>\n<\/div>\n<\/div><\/div>\n","protected":false},"excerpt":{"rendered":"<p>Alliance Fran\u00e7aise de Plze\u0148 Alliance Fran\u00e7aise de Plze\u0148 je neziskov\u00e1 organizace z\u0159izovan\u00e1 podle m\u00edstn\u00edho pr\u00e1va, kter\u00e1 byla vytvo\u0159ena v roce 1990 \u010desk\u00fdmi ob\u010dany, kte\u0159\u00ed si p\u0159\u00e1li vytvo\u0159it pouto&#8230;<\/p>\n","protected":false},"author":4,"featured_media":7191,"parent":0,"menu_order":0,"comment_status":"closed","ping_status":"closed","template":"","meta":{"_acf_changed":false,"footnotes":""},"class_list":["post-6281","page","type-page","status-publish","has-post-thumbnail","hentry"],"acf":[],"_links":{"self":[{"href":"https:\/\/www.alliancefrancaise.cz\/plzen\/wp-json\/wp\/v2\/pages\/6281","targetHints":{"allow":["GET"]}}],"collection":[{"href":"https:\/\/www.alliancefrancaise.cz\/plzen\/wp-json\/wp\/v2\/pages"}],"about":[{"href":"https:\/\/www.alliancefrancaise.cz\/plzen\/wp-json\/wp\/v2\/types\/page"}],"author":[{"embeddable":true,"href":"https:\/\/www.alliancefrancaise.cz\/plzen\/wp-json\/wp\/v2\/users\/4"}],"replies":[{"embeddable":true,"href":"https:\/\/www.alliancefrancaise.cz\/plzen\/wp-json\/wp\/v2\/comments?post=6281"}],"version-history":[{"count":13,"href":"https:\/\/www.alliancefrancaise.cz\/plzen\/wp-json\/wp\/v2\/pages\/6281\/revisions"}],"predecessor-version":[{"id":7708,"href":"https:\/\/www.alliancefrancaise.cz\/plzen\/wp-json\/wp\/v2\/pages\/6281\/revisions\/7708"}],"wp:featuredmedia":[{"embeddable":true,"href":"https:\/\/www.alliancefrancaise.cz\/plzen\/wp-json\/wp\/v2\/media\/7191"}],"wp:attachment":[{"href":"https:\/\/www.alliancefrancaise.cz\/plzen\/wp-json\/wp\/v2\/media?parent=6281"}],"curies":[{"name":"wp","href":"https:\/\/api.w.org\/{rel}","templated":true}]}}