{"id":7145,"date":"2024-02-27T16:04:24","date_gmt":"2024-02-27T15:04:24","guid":{"rendered":"https:\/\/www.alliancefrancaise.cz\/plzen\/?page_id=7145"},"modified":"2024-11-27T16:17:32","modified_gmt":"2024-11-27T15:17:32","slug":"poukaz","status":"publish","type":"page","link":"https:\/\/www.alliancefrancaise.cz\/plzen\/poukaz\/","title":{"rendered":"D\u00e1rkov\u00e9 poukazy"},"content":{"rendered":"\n<div class=\"wp-block-group alignfull\"><div class=\"wp-block-group__inner-container is-layout-flow wp-block-group-is-layout-flow\">\n<div class=\"wp-block-columns is-layout-flex wp-container-core-columns-is-layout-9d6595d7 wp-block-columns-is-layout-flex\">\n<div class=\"wp-block-column is-vertically-aligned-top is-layout-flow wp-block-column-is-layout-flow\"><div class=\"wp-block-image\">\n<figure class=\"aligncenter size-full is-resized\"><img loading=\"lazy\" decoding=\"async\" width=\"1417\" height=\"1000\" src=\"https:\/\/www.alliancefrancaise.cz\/plzen\/wp-content\/uploads\/2024\/02\/arton1792-d3dab-e1708093164557.jpg\" alt=\"\" class=\"wp-image-7146\" style=\"width:472px;height:auto\" srcset=\"https:\/\/www.alliancefrancaise.cz\/plzen\/wp-content\/uploads\/2024\/02\/arton1792-d3dab-e1708093164557.jpg 1417w, https:\/\/www.alliancefrancaise.cz\/plzen\/wp-content\/uploads\/2024\/02\/arton1792-d3dab-e1708093164557-460x325.jpg 460w, https:\/\/www.alliancefrancaise.cz\/plzen\/wp-content\/uploads\/2024\/02\/arton1792-d3dab-e1708093164557-1360x960.jpg 1360w, https:\/\/www.alliancefrancaise.cz\/plzen\/wp-content\/uploads\/2024\/02\/arton1792-d3dab-e1708093164557-768x542.jpg 768w\" sizes=\"auto, (max-width: 1417px) 100vw, 1417px\" \/><\/figure>\n<\/div><\/div>\n\n\n\n<div class=\"wp-block-column is-vertically-aligned-center is-layout-flow wp-block-column-is-layout-flow\">\n<p>Nab\u00edz\u00edme v\u00e1m mo\u017enost <strong>obdarovat sv\u00e9 bl\u00edzk\u00e9 d\u00e1rkov\u00fdm poukazem na kurz francouz\u0161tiny (skupinov\u00fd nebo individu\u00e1ln\u00ed, \u010d\u00e1stka dle va\u0161eho v\u00fdb\u011bru)<\/strong>. O d\u00e1rkov\u00fd poukaz si m\u016f\u017eete po\u017e\u00e1dat b\u011bhem otev\u00edrac\u00ed doby, nebo n\u00e1m napi\u0161te na <a href=\"mailto:direction.plzen@alliancefrancaise.cz\">cours.plzen@alliancefrancaise.cz<\/a>, pokud se nem\u016f\u017eete dostavit.<\/p>\n<\/div>\n<\/div>\n<\/div><\/div>\n","protected":false},"excerpt":{"rendered":"<p>Nab\u00edz\u00edme v\u00e1m mo\u017enost obdarovat sv\u00e9 bl\u00edzk\u00e9 d\u00e1rkov\u00fdm poukazem na kurz francouz\u0161tiny (skupinov\u00fd nebo individu\u00e1ln\u00ed, \u010d\u00e1stka dle va\u0161eho v\u00fdb\u011bru). O d\u00e1rkov\u00fd poukaz si m\u016f\u017eete po\u017e\u00e1dat b\u011bhem otev\u00edrac\u00ed doby, nebo&#8230;<\/p>\n","protected":false},"author":4,"featured_media":0,"parent":0,"menu_order":0,"comment_status":"closed","ping_status":"closed","template":"","meta":{"_acf_changed":false,"footnotes":""},"class_list":["post-7145","page","type-page","status-publish","hentry"],"acf":[],"_links":{"self":[{"href":"https:\/\/www.alliancefrancaise.cz\/plzen\/wp-json\/wp\/v2\/pages\/7145","targetHints":{"allow":["GET"]}}],"collection":[{"href":"https:\/\/www.alliancefrancaise.cz\/plzen\/wp-json\/wp\/v2\/pages"}],"about":[{"href":"https:\/\/www.alliancefrancaise.cz\/plzen\/wp-json\/wp\/v2\/types\/page"}],"author":[{"embeddable":true,"href":"https:\/\/www.alliancefrancaise.cz\/plzen\/wp-json\/wp\/v2\/users\/4"}],"replies":[{"embeddable":true,"href":"https:\/\/www.alliancefrancaise.cz\/plzen\/wp-json\/wp\/v2\/comments?post=7145"}],"version-history":[{"count":13,"href":"https:\/\/www.alliancefrancaise.cz\/plzen\/wp-json\/wp\/v2\/pages\/7145\/revisions"}],"predecessor-version":[{"id":15097,"href":"https:\/\/www.alliancefrancaise.cz\/plzen\/wp-json\/wp\/v2\/pages\/7145\/revisions\/15097"}],"wp:attachment":[{"href":"https:\/\/www.alliancefrancaise.cz\/plzen\/wp-json\/wp\/v2\/media?parent=7145"}],"curies":[{"name":"wp","href":"https:\/\/api.w.org\/{rel}","templated":true}]}}