{"id":7195,"date":"2024-02-21T09:10:02","date_gmt":"2024-02-21T08:10:02","guid":{"rendered":"https:\/\/www.alliancefrancaise.cz\/plzen\/?page_id=7195"},"modified":"2024-03-19T15:13:05","modified_gmt":"2024-03-19T14:13:05","slug":"podporte-nas","status":"publish","type":"page","link":"https:\/\/www.alliancefrancaise.cz\/plzen\/podporte-nas\/","title":{"rendered":"Podpo\u0159te n\u00e1s"},"content":{"rendered":"\n<div class=\"wp-block-group alignfull has-background\" style=\"background:linear-gradient(135deg,rgb(243,243,243) 0%,rgb(243,243,243) 100%)\"><div class=\"wp-block-group__inner-container is-layout-flow wp-block-group-is-layout-flow\">\n<div style=\"height:40px\" aria-hidden=\"true\" class=\"wp-block-spacer\"><\/div>\n\n\n\n<h2 class=\"wp-block-heading has-text-color\" style=\"color:#000000\"><mark style=\"background-color:rgba(0, 0, 0, 0)\" class=\"has-inline-color has-red-color\">St\u016fjte po boku Alliance Fran\u00e7aise de Plze\u0148 a podpo\u0159te tak festival Bonjour Plze\u0148 2024!<\/mark><\/h2>\n\n\n\n<div class=\"wp-block-columns is-layout-flex wp-container-core-columns-is-layout-9d6595d7 wp-block-columns-is-layout-flex\">\n<div class=\"wp-block-column is-vertically-aligned-top is-layout-flow wp-block-column-is-layout-flow\">\n<p><strong>P\u0159ipoj\u00edte-li se k Alliance Fran\u00e7aise de Plze\u0148 a k festivalu Bonjour Plze\u0148 2024!:<\/strong><\/p>\n\n\n\n<ul class=\"wp-block-list\">\n<li>vyu\u017e\u00edv\u00e1te jedine\u010dn\u00e9 p\u0159\u00edle\u017eitosti k propagaci sv\u00fdch aktivit p\u0159ed \u0161irokou ve\u0159ejnost\u00ed a p\u0159ed Va\u0161imi partnery<\/li>\n\n\n\n<li>podporujete v\u00fdznamnou ud\u00e1lost otev\u0159enou v\u0161em, na kter\u00e9 se n\u00e1v\u0161t\u011bvn\u00edci v\u0161ech v\u011bkov\u00fdch kategori\u00ed a r\u016fzn\u00fdch z\u00e1jm\u016f setkaj\u00ed, aby se spole\u010dn\u011b mohli u\u010dit a objevovat nov\u00e9 v\u011bci<\/li>\n\n\n\n<li>podporujete kulturn\u00ed a vzd\u011bl\u00e1vac\u00ed projekty zaji\u0161\u0165uj\u00edc\u00ed setk\u00e1n\u00ed a interkulturn\u00ed dialog<\/li>\n\n\n\n<li>p\u0159isp\u00edv\u00e1te k dynamick\u00e9mu asociativn\u00edmi \u017eivotu m\u011bsta Plzn\u011b a Plze\u0148sk\u00e9ho kraje<\/li>\n<\/ul>\n<\/div>\n\n\n\n<div class=\"wp-block-column is-layout-flow wp-block-column-is-layout-flow\">\n<p><strong>Podpo\u0159it n\u00e1s znamen\u00e1 setkat se s ve\u0159ejnost\u00ed, s Va\u0161imi klienty, a d\u00e1t tak kulturn\u00ed rozm\u011br Va\u0161\u00ed spole\u010dnosti!<\/strong><\/p>\n\n\n\n<p>Co V\u00e1m nab\u00edz\u00edme:<\/p>\n\n\n\n<ul class=\"wp-block-list\">\n<li>V\u0161em partner\u016fm nab\u00edz\u00edme odpov\u00eddaj\u00edc\u00ed protislu\u017eby ud\u011blovan\u00e9 podle v\u00fd\u0161e p\u0159\u00edsp\u011bvku.<\/li>\n\n\n\n<li>S p\u0159esv\u011bd\u010den\u00edm, \u017ee sv\u011bt podnik\u00e1n\u00ed a sv\u011bt neziskov\u00e9ho sektoru jde ruku v ruce, Alliance Fran\u00e7aise de Plze\u0148 by V\u00e1m r\u00e1da nab\u00eddla partnerstv\u00ed s re\u00e1lnou vyhl\u00eddkou budouc\u00ed spolupr\u00e1ce a z\u016fst\u00e1v\u00e1 otev\u0159ena Va\u0161im po\u017eadavk\u016fm a n\u00e1vrh\u016fm.<\/li>\n<\/ul>\n<\/div>\n<\/div>\n\n\n\n<p><em><strong>Pozn\u00e1mka<\/strong>: Alliance Fran\u00e7aise de Plze\u0148 je \u0159\u00edzena podle m\u00edstn\u00edho pr\u00e1va a je neziskovou organizac\u00ed, m\u016f\u017eete n\u00e1s podpo\u0159it a z\u00edsk\u00e1te sn\u00ed\u017een\u00ed dan\u011b na dar 5&nbsp;%.<\/em><\/p>\n\n\n\n<div style=\"height:40px\" aria-hidden=\"true\" class=\"wp-block-spacer\"><\/div>\n<\/div><\/div>\n","protected":false},"excerpt":{"rendered":"<p>St\u016fjte po boku Alliance Fran\u00e7aise de Plze\u0148 a podpo\u0159te tak festival Bonjour Plze\u0148 2024! P\u0159ipoj\u00edte-li se k Alliance Fran\u00e7aise de Plze\u0148 a k festivalu Bonjour Plze\u0148 2024!: Podpo\u0159it&#8230;<\/p>\n","protected":false},"author":4,"featured_media":0,"parent":0,"menu_order":0,"comment_status":"closed","ping_status":"closed","template":"","meta":{"_acf_changed":false,"footnotes":""},"class_list":["post-7195","page","type-page","status-publish","hentry"],"acf":[],"_links":{"self":[{"href":"https:\/\/www.alliancefrancaise.cz\/plzen\/wp-json\/wp\/v2\/pages\/7195","targetHints":{"allow":["GET"]}}],"collection":[{"href":"https:\/\/www.alliancefrancaise.cz\/plzen\/wp-json\/wp\/v2\/pages"}],"about":[{"href":"https:\/\/www.alliancefrancaise.cz\/plzen\/wp-json\/wp\/v2\/types\/page"}],"author":[{"embeddable":true,"href":"https:\/\/www.alliancefrancaise.cz\/plzen\/wp-json\/wp\/v2\/users\/4"}],"replies":[{"embeddable":true,"href":"https:\/\/www.alliancefrancaise.cz\/plzen\/wp-json\/wp\/v2\/comments?post=7195"}],"version-history":[{"count":3,"href":"https:\/\/www.alliancefrancaise.cz\/plzen\/wp-json\/wp\/v2\/pages\/7195\/revisions"}],"predecessor-version":[{"id":8060,"href":"https:\/\/www.alliancefrancaise.cz\/plzen\/wp-json\/wp\/v2\/pages\/7195\/revisions\/8060"}],"wp:attachment":[{"href":"https:\/\/www.alliancefrancaise.cz\/plzen\/wp-json\/wp\/v2\/media?parent=7195"}],"curies":[{"name":"wp","href":"https:\/\/api.w.org\/{rel}","templated":true}]}}