{"id":7261,"date":"2024-02-26T16:16:24","date_gmt":"2024-02-26T15:16:24","guid":{"rendered":"https:\/\/www.alliancefrancaise.cz\/plzen\/?page_id=7261"},"modified":"2025-09-01T08:49:13","modified_gmt":"2025-09-01T06:49:13","slug":"individualni-kurzy","status":"publish","type":"page","link":"https:\/\/www.alliancefrancaise.cz\/plzen\/individualni-kurzy\/","title":{"rendered":"Individu\u00e1ln\u00ed kurzy"},"content":{"rendered":"\n<div class=\"wp-block-group alignfull has-background\" style=\"background:linear-gradient(135deg,rgb(243,243,243) 0%,rgb(243,243,243) 100%)\"><div class=\"wp-block-group__inner-container is-layout-flow wp-block-group-is-layout-flow\">\n<div style=\"height:30px\" aria-hidden=\"true\" class=\"wp-block-spacer\"><\/div>\n\n\n\n<div class=\"wp-block-columns are-vertically-aligned-center is-layout-flex wp-container-core-columns-is-layout-9d6595d7 wp-block-columns-is-layout-flex\">\n<div class=\"wp-block-column is-layout-flow wp-block-column-is-layout-flow\" style=\"flex-basis:50%\">\n<p class=\"has-text-color\" style=\"color:#000000\"><em>Individu\u00e1ln\u00ed v\u00fduka v\u00e1m umo\u017en\u00ed zdokonalit si znalosti francouz\u0161tiny podle sv\u00e9ho tempa. Prob\u00edhat m\u016f\u017ee p\u0159\u00edmo v prostor\u00e1ch Alliance Fran\u00e7aise nebo online \u010di na jin\u00e9m m\u00edst\u011b dle domluvy.<\/em><\/p>\n<\/div>\n\n\n\n<div class=\"wp-block-column is-layout-flow wp-block-column-is-layout-flow\" style=\"flex-basis:50%\"><\/div>\n<\/div>\n\n\n\n<div class=\"wp-block-columns is-layout-flex wp-container-core-columns-is-layout-9d6595d7 wp-block-columns-is-layout-flex\">\n<div class=\"wp-block-column is-layout-flow wp-block-column-is-layout-flow\">\n<figure class=\"wp-block-table is-style-stripes\"><table><tbody><tr><td><\/td><td><strong><mark style=\"background-color:rgba(0, 0, 0, 0)\" class=\"has-inline-color has-red-color\">Jeden student<\/mark><\/strong><\/td><td><strong><mark style=\"background-color:rgba(0, 0, 0, 0)\" class=\"has-inline-color has-red-color\">Dva studenti<\/mark><\/strong><\/td><td><strong><mark style=\"background-color:rgba(0, 0, 0, 0)\" class=\"has-inline-color has-red-color\">T\u0159i studenti<\/mark><\/strong><\/td><\/tr><tr><td><strong>Cena<\/strong><\/td><td>750 K\u010d<\/td><td>950 K\u010d<\/td><td>1150 K\u010d<\/td><\/tr><\/tbody><\/table><\/figure>\n<\/div>\n\n\n\n<div class=\"wp-block-column is-layout-flow wp-block-column-is-layout-flow\">\n<h4 class=\"wp-block-heading\"><strong><mark style=\"background-color:rgba(0, 0, 0, 0)\" class=\"has-inline-color has-red-color\">Jak\u00e9 jsou v\u00fdhody individu\u00e1ln\u00edch kurz\u016f?<\/mark><\/strong><\/h4>\n\n\n\n<ul class=\"wp-block-list\">\n<li>&nbsp;rozvrh hodin podle va\u0161ich pot\u0159eb<\/li>\n\n\n\n<li>&nbsp;lektor dle va\u0161eho v\u00fdb\u011bru (rodil\u00fd mluv\u010d\u00ed x \u010desk\u00fd lektor)<\/li>\n\n\n\n<li>&nbsp;pr\u016fb\u011bh a obsah v\u00fduky dle va\u0161eho p\u0159\u00e1n\u00ed (konverzace, p\u0159\u00edprava na zkou\u0161ku, gramatika, v\u00fdslovnost\u2026)<\/li>\n\n\n\n<li>&nbsp;100% zapojen\u00ed do hodiny<\/li>\n<\/ul>\n<\/div>\n<\/div>\n\n\n\n<p><strong>Vypl\u0148te pros\u00edm n\u00e1sleduj\u00edc\u00ed formul\u00e1\u0159. Co nejd\u0159\u00edve v\u00e1s budeme kontaktovat s dal\u0161\u00edmi informace.<\/strong> <strong>Pokud pot\u0159ebujete dal\u0161\u00ed informace, m\u016f\u017eete n\u00e1m napsat na adresu <a href=\"mailto:cours.plzen@alliancefrancaise.cz\">cours.plzen@alliancefrancaise.cz<\/a>.<\/strong><\/p>\n\n\n\n<div class=\"wp-block-columns are-vertically-aligned-center has-white-background-color has-background is-layout-flex wp-container-core-columns-is-layout-9d6595d7 wp-block-columns-is-layout-flex\">\n<div class=\"wp-block-column is-vertically-aligned-center is-layout-flow wp-block-column-is-layout-flow\" style=\"flex-basis:33.33%\">\n<figure class=\"wp-block-image size-full\"><img loading=\"lazy\" decoding=\"async\" width=\"640\" height=\"427\" src=\"https:\/\/www.alliancefrancaise.cz\/plzen\/wp-content\/uploads\/2025\/06\/pexels-andrew-2312369-1.jpg\" alt=\"Cours en ligne\" class=\"wp-image-15682\" srcset=\"https:\/\/www.alliancefrancaise.cz\/plzen\/wp-content\/uploads\/2025\/06\/pexels-andrew-2312369-1.jpg 640w, https:\/\/www.alliancefrancaise.cz\/plzen\/wp-content\/uploads\/2025\/06\/pexels-andrew-2312369-1-460x307.jpg 460w, https:\/\/www.alliancefrancaise.cz\/plzen\/wp-content\/uploads\/2025\/06\/pexels-andrew-2312369-1-440x294.jpg 440w\" sizes=\"auto, (max-width: 640px) 100vw, 640px\" \/><\/figure>\n<\/div>\n\n\n\n<div class=\"wp-block-column is-vertically-aligned-center is-layout-flow wp-block-column-is-layout-flow\" style=\"flex-basis:66.66%\">\n<h4 class=\"wp-block-heading\">Konverzace s rodil\u00fdm mluv\u010d\u00edm<\/h4>\n\n\n\n<p>Chcete se zlep\u0161it v mluven\u00e9 francouz\u0161tin\u011b a z\u00edskat v\u011bt\u0161\u00ed jistotu p\u0159i komunikaci? <strong>Nab\u00edz\u00edme individu\u00e1ln\u00ed online konverza\u010dn\u00ed kurzy s rodil\u00fdm mluv\u010d\u00edm Jeanem.<\/strong> K dispozici jsou tak\u00e9 lekce obecn\u00e9 francouz\u0161tiny.<\/p>\n\n\n\n<p><strong>\u2022<\/strong> Pouze online | <strong>od \u00farovn\u011b A2<\/strong><\/p>\n\n\n\n<p>M\u00e1te z\u00e1jem? Vypl\u0148te n\u00ed\u017ee uveden\u00fd formul\u00e1\u0159 a <span style=\"text-decoration: underline;\">zadejte do sekce &#8222;Pozn\u00e1mky&#8220;<\/span>: <em>Online kurz s Jean<\/em><\/p>\n<\/div>\n<\/div>\n\n\n\n<div class=\"wp-block-columns are-vertically-aligned-center has-white-background-color has-background is-layout-flex wp-container-core-columns-is-layout-9d6595d7 wp-block-columns-is-layout-flex\">\n<div class=\"wp-block-column is-vertically-aligned-center is-layout-flow wp-block-column-is-layout-flow\" style=\"flex-basis:66.66%\">\n<h4 class=\"wp-block-heading\">Kurzy \u010de\u0161tiny pro Francouze<\/h4>\n\n\n\n<p><strong>Jste Francouz\/ka a \u017eijete v \u010cesk\u00e9 republice, ale nemluv\u00edte dob\u0159e \u010desky?<\/strong> Jana nab\u00edz\u00ed individu\u00e1ln\u00ed v\u00fduku pro v\u0161echny \u00farovn\u011b. M\u016f\u017eete p\u0159ij\u00edt sami nebo ve skupin\u011b 2 nebo 3 osob.<\/p>\n\n\n\n<p><strong>\u2022<\/strong> Osobn\u011b nebo online | V\u0161echny \u00farovn\u011b<\/p>\n\n\n\n<p>M\u00e1te z\u00e1jem? Vypl\u0148te n\u00ed\u017ee uveden\u00fd formul\u00e1\u0159 a <span style=\"text-decoration: underline;\">zadejte do sekce &#8222;Pozn\u00e1mky&#8220;<\/span>: <em>Tch\u00e8que avec Jana<\/em><\/p>\n<\/div>\n\n\n\n<div class=\"wp-block-column is-vertically-aligned-center is-layout-flow wp-block-column-is-layout-flow\" style=\"flex-basis:33.33%\">\n<figure class=\"wp-block-image size-full\"><img decoding=\"async\" src=\"https:\/\/www.alliancefrancaise.cz\/plzen\/wp-content\/uploads\/2024\/07\/nova-fasada-2024-3.jpg\" alt=\"\" class=\"wp-image-14606\"\/><\/figure>\n<\/div>\n<\/div>\n\n\n\n<div style=\"height:30px\" aria-hidden=\"true\" class=\"wp-block-spacer\"><\/div>\n<\/div><\/div>\n\n\n\n<iframe loading=\"lazy\" src=\"https:\/\/docs.google.com\/forms\/d\/e\/1FAIpQLSeEJ9CSLFBP7E3bgUzkINjpH8p2Pp81iTnfjlyRXvLHYFXgfA\/viewform?embedded=true\" width=\"100%\" height=\"2900\" frameborder=\"0\" marginheight=\"0\" marginwidth=\"0\" scrolling=\"yes\">Na\u010d\u00edt\u00e1n\u00ed\u2026<\/iframe>\n","protected":false},"excerpt":{"rendered":"<p>Individu\u00e1ln\u00ed v\u00fduka v\u00e1m umo\u017en\u00ed zdokonalit si znalosti francouz\u0161tiny podle sv\u00e9ho tempa. Prob\u00edhat m\u016f\u017ee p\u0159\u00edmo v prostor\u00e1ch Alliance Fran\u00e7aise nebo online \u010di na jin\u00e9m m\u00edst\u011b dle domluvy. Jeden student&#8230;<\/p>\n","protected":false},"author":4,"featured_media":0,"parent":0,"menu_order":0,"comment_status":"closed","ping_status":"closed","template":"","meta":{"_acf_changed":false,"footnotes":""},"class_list":["post-7261","page","type-page","status-publish","hentry"],"acf":[],"_links":{"self":[{"href":"https:\/\/www.alliancefrancaise.cz\/plzen\/wp-json\/wp\/v2\/pages\/7261","targetHints":{"allow":["GET"]}}],"collection":[{"href":"https:\/\/www.alliancefrancaise.cz\/plzen\/wp-json\/wp\/v2\/pages"}],"about":[{"href":"https:\/\/www.alliancefrancaise.cz\/plzen\/wp-json\/wp\/v2\/types\/page"}],"author":[{"embeddable":true,"href":"https:\/\/www.alliancefrancaise.cz\/plzen\/wp-json\/wp\/v2\/users\/4"}],"replies":[{"embeddable":true,"href":"https:\/\/www.alliancefrancaise.cz\/plzen\/wp-json\/wp\/v2\/comments?post=7261"}],"version-history":[{"count":20,"href":"https:\/\/www.alliancefrancaise.cz\/plzen\/wp-json\/wp\/v2\/pages\/7261\/revisions"}],"predecessor-version":[{"id":15907,"href":"https:\/\/www.alliancefrancaise.cz\/plzen\/wp-json\/wp\/v2\/pages\/7261\/revisions\/15907"}],"wp:attachment":[{"href":"https:\/\/www.alliancefrancaise.cz\/plzen\/wp-json\/wp\/v2\/media?parent=7261"}],"curies":[{"name":"wp","href":"https:\/\/api.w.org\/{rel}","templated":true}]}}

Individuální kurzy

<div class="wp-block-group alignfull has-background" style="background:linear-gradient(135deg,rgb(243,243,243) 0%,rgb(243,243,243) 100%)"><div class="wp-block-group__inner-container is-layout-flow wp-block-group-is-layout-flow">
<div style="height:30px" aria-hidden="true" class="wp-block-spacer"></div>



<div class="wp-block-columns are-vertically-aligned-center is-layout-flex wp-container-core-columns-is-layout-9d6595d7 wp-block-columns-is-layout-flex">
<div class="wp-block-column is-layout-flow wp-block-column-is-layout-flow" style="flex-basis:50%">
<p class="has-text-color" style="color:#000000"><em>Individuální výuka vám umožní zdokonalit si znalosti francouzštiny podle svého tempa. Probíhat může přímo v prostorách Alliance Française nebo online či na jiném místě dle domluvy.</em></p>
</div>



<div class="wp-block-column is-layout-flow wp-block-column-is-layout-flow" style="flex-basis:50%"></div>
</div>



<div class="wp-block-columns is-layout-flex wp-container-core-columns-is-layout-9d6595d7 wp-block-columns-is-layout-flex">
<div class="wp-block-column is-layout-flow wp-block-column-is-layout-flow">
<figure class="wp-block-table is-style-stripes"><table><tbody><tr><td></td><td><strong><mark style="background-color:rgba(0, 0, 0, 0)" class="has-inline-color has-red-color">Jeden student</mark></strong></td><td><strong><mark style="background-color:rgba(0, 0, 0, 0)" class="has-inline-color has-red-color">Dva studenti</mark></strong></td><td><strong><mark style="background-color:rgba(0, 0, 0, 0)" class="has-inline-color has-red-color">Tři studenti</mark></strong></td></tr><tr><td><strong>Cena</strong></td><td>750 Kč</td><td>950 Kč</td><td>1150 Kč</td></tr></tbody></table></figure>
</div>



<div class="wp-block-column is-layout-flow wp-block-column-is-layout-flow">
<h4 class="wp-block-heading"><strong><mark style="background-color:rgba(0, 0, 0, 0)" class="has-inline-color has-red-color">Jaké jsou výhody individuálních kurzů?</mark></strong></h4>



<ul class="wp-block-list">
<li>&nbsp;rozvrh hodin podle vašich potřeb</li>



<li>&nbsp;lektor dle vašeho výběru (rodilý mluvčí x český lektor)</li>



<li>&nbsp;průběh a obsah výuky dle vašeho přání (konverzace, příprava na zkoušku, gramatika, výslovnost…)</li>



<li>&nbsp;100% zapojení do hodiny</li>
</ul>
</div>
</div>



<p><strong>Vyplňte prosím následující formulář. Co nejdříve vás budeme kontaktovat s dalšími informace.</strong> <strong>Pokud potřebujete další informace, můžete nám napsat na adresu <a href="mailto:cours.plzen@alliancefrancaise.cz">cours.plzen@alliancefrancaise.cz</a>.</strong></p>



<div class="wp-block-columns are-vertically-aligned-center has-white-background-color has-background is-layout-flex wp-container-core-columns-is-layout-9d6595d7 wp-block-columns-is-layout-flex">
<div class="wp-block-column is-vertically-aligned-center is-layout-flow wp-block-column-is-layout-flow" style="flex-basis:33.33%">
<figure class="wp-block-image size-full"><img loading="lazy" decoding="async" width="640" height="427" src="https://www.alliancefrancaise.cz/plzen/wp-content/uploads/2025/06/pexels-andrew-2312369-1.jpg" alt="Cours en ligne" class="wp-image-15682" srcset="https://www.alliancefrancaise.cz/plzen/wp-content/uploads/2025/06/pexels-andrew-2312369-1.jpg 640w, https://www.alliancefrancaise.cz/plzen/wp-content/uploads/2025/06/pexels-andrew-2312369-1-460x307.jpg 460w, https://www.alliancefrancaise.cz/plzen/wp-content/uploads/2025/06/pexels-andrew-2312369-1-440x294.jpg 440w" sizes="auto, (max-width: 640px) 100vw, 640px" /></figure>
</div>



<div class="wp-block-column is-vertically-aligned-center is-layout-flow wp-block-column-is-layout-flow" style="flex-basis:66.66%">
<h4 class="wp-block-heading">Konverzace s rodilým mluvčím</h4>



<p>Chcete se zlepšit v mluvené francouzštině a získat větší jistotu při komunikaci? <strong>Nabízíme individuální online konverzační kurzy s rodilým mluvčím Jeanem.</strong> K dispozici jsou také lekce obecné francouzštiny.</p>



<p><strong>•</strong> Pouze online | <strong>od úrovně A2</strong></p>



<p>Máte zájem? Vyplňte níže uvedený formulář a <span style="text-decoration: underline;">zadejte do sekce &#8222;Poznámky&#8220;</span>: <em>Online kurz s Jean</em></p>
</div>
</div>



<div class="wp-block-columns are-vertically-aligned-center has-white-background-color has-background is-layout-flex wp-container-core-columns-is-layout-9d6595d7 wp-block-columns-is-layout-flex">
<div class="wp-block-column is-vertically-aligned-center is-layout-flow wp-block-column-is-layout-flow" style="flex-basis:66.66%">
<h4 class="wp-block-heading">Kurzy češtiny pro Francouze</h4>



<p><strong>Jste Francouz/ka a žijete v České republice, ale nemluvíte dobře česky?</strong> Jana nabízí individuální výuku pro všechny úrovně. Můžete přijít sami nebo ve skupině 2 nebo 3 osob.</p>



<p><strong>•</strong> Osobně nebo online | Všechny úrovně</p>



<p>Máte zájem? Vyplňte níže uvedený formulář a <span style="text-decoration: underline;">zadejte do sekce &#8222;Poznámky&#8220;</span>: <em>Tchèque avec Jana</em></p>
</div>



<div class="wp-block-column is-vertically-aligned-center is-layout-flow wp-block-column-is-layout-flow" style="flex-basis:33.33%">
<figure class="wp-block-image size-full"><img decoding="async" src="https://www.alliancefrancaise.cz/plzen/wp-content/uploads/2024/07/nova-fasada-2024-3.jpg" alt="" class="wp-image-14606"/></figure>
</div>
</div>



<div style="height:30px" aria-hidden="true" class="wp-block-spacer"></div>
</div></div>



<iframe loading="lazy" src="https://docs.google.com/forms/d/e/1FAIpQLSeEJ9CSLFBP7E3bgUzkINjpH8p2Pp81iTnfjlyRXvLHYFXgfA/viewform?embedded=true" width="100%" height="2900" frameborder="0" marginheight="0" marginwidth="0" scrolling="yes">Načítání…</iframe>

<p>Individuální výuka vám umožní zdokonalit si znalosti francouzštiny podle svého tempa. Probíhat může přímo v prostorách Alliance Française nebo online či na jiném místě dle domluvy. Jeden student&#8230;</p>
